(17041,924,2,'2025-10-20','','','','',1,3574,'',''),
(17042,785,2,'2025-10-20','تم ارسال رسالة واتس اب لÙحص الاعضاء ','','','',0,3600,'',''),
(17043,3858,2,'2025-10-20','تم ارسال رسالة واتس اب لÙحص الاعضاء ','','','',1,3605,'',''),
(17044,2468,2,'2025-10-20','تم ارسال رسالة واتس اب لÙحص الاعضاء ','','','',0,3650,'',''),
(17045,1710,2,'2025-10-20','تم ارسال رسالة واتس اب لÙحص الاعضاء ','','','',0,3660,'',''),
(17046,135,2,'2025-10-20','تم ارسال رسالة واتس اب لÙحص الاعضاء ','','','',0,3774,'',''),
(17047,1902,2,'2025-10-20','تم ارسال رسالة واتس اب لÙحص الاعضاء ','','','',0,3344,'',''),
(17048,1965,2,'2025-10-20','','','','',1,3571,'',''),
(17049,4016,2,'2025-10-20','تم ارسال رسالة واتس اب لÙحص الاعضاء ','','','',0,3807,'',''),
(17050,3989,2,'2025-10-20','تم ارسال رسالة واتس اب لÙحص الاعضاء ','','','',0,3762,'',''),
(17051,3231,2,'2025-10-20','تم ارسال رسالة واتس اب لÙحص الاعضاء ','','','',0,2973,'',''),
(17052,3416,2,'2025-10-20','تم ارسال رسالة واتس اب لÙحص الاعضاء ','','','',1,3578,'',''),
(17053,3798,2,'2025-10-20','تم ارسال رسالة واتس اب لÙحص الاعضاء ','','','',0,3567,'',''),
(17054,260,2,'2025-10-20','تم ارسال رسالة واتس اب لÙحص الاعضاء ','','','تم الاتصال',0,3633,'',''),
(17055,3892,2,'2025-10-20','تم ارسال رسالة واتس اب لÙحص الاعضاء ','','','',0,3637,'',''),
(17056,2059,2,'2025-10-20','تم ارسال رسالة واتس اب لÙحص الاعضاء ','','','',0,3614,'',''),
(17057,2038,2,'2025-10-20','تم ارسال رسالة واتس اب لÙحص الاعضاء ','','','',0,3718,'',''),
(17058,2938,2,'2025-10-20','تم ارسال رسالة واتس اب لÙحص الاعضاء ','','','',0,3570,'',''),
(17059,2123,2,'2025-10-20','تم ارسال رسالة واتس اب لÙحص الاعضاء ','','','',0,3641,'',''),
(17060,2799,2,'2025-10-20','','','','',1,2557,'',''),
(17061,1643,2,'2025-10-20','','','','empty uterus ',0,3795,'',''),
(17062,1274,2,'2025-10-20','','','','',1,1089,'',''),
(17063,3858,2,'2025-10-20','fear of down $','','','',0,3605,'',''),
(17064,1020,2,'2025-10-20','ANC','84','10960','×OGTT 84..164..110.... HGB 107..100!!!!!!',0,2110,'',''),
(17065,3881,2,'2025-10-20','ANC ','60','12060','fetal pole seen ',0,3839,'',''),
(17066,597,2,'2025-10-20','ANC ','','','',0,2614,'',''),
(17067,681,2,'2025-10-21','','','','',1,3404,'',''),
(17068,633,2,'2025-10-21','','','','',1,3742,'',''),
(17069,1006,2,'2025-10-21','','','','',1,3479,'',''),
(17070,3858,2,'2025-10-22','DUSS ','','','well ..advice for amniocentesis ',0,3605,'',''),
(17071,3407,2,'2025-10-22','ANC','','','well ',0,3109,'',''),
(17072,4012,2,'2025-10-22','DUSS ','','','well ',0,3803,'',''),
(17073,2468,2,'2025-10-22','DUSS ','','','well ',0,3650,'',''),
(17074,1610,2,'2025-10-22','DUSS ','','','well ',0,3580,'',''),
(17075,4014,2,'2025-10-22','ANC ','','','placenta low ,, male ',0,3805,'',''),
(17076,4066,2,'2025-10-22','for DUSS ','','','well ',0,3864,'',''),
(17077,2444,2,'2025-10-22','NT ','','','',0,3865,'',''),
(17078,3800,2,'2025-10-22','ANC ','89','10662','well ',0,3568,'',''),
(17079,2837,2,'2025-10-22','Early pregnancy ','','','small sac ',0,2545,'',''),
(17080,18,2,'2025-10-22','ANC ','','','female ,well',0,3697,'',''),
(17081,1976,2,'2025-10-22','ANC ','','','well ',0,1708,'',''),
(17082,2095,2,'2025-10-22','ANC ','','','well,,, ',0,3866,'',''),
(17083,4010,2,'2025-10-22','ANC ','64','13064','well , for DUSS ',0,3800,'',''),
(17084,126,2,'2025-10-22','ANC ','55','12173','female, EDD 21.04.2026',0,3867,'',''),
(17085,2204,2,'2025-10-22','ANC ','58','12772','CRL 11 wks ',0,3868,'',''),
(17086,1077,2,'2025-10-22','ANC ','84','11165','12..207..uti ',0,3298,'',''),
(17087,3849,2,'2025-10-22','ANC ','57','12653','HC 21 wks ',0,3592,'',''),
(17088,931,2,'2025-10-22','ANC ','','','8.8...143..dexa given ',0,2760,'',''),
(17089,1670,2,'2025-10-22','ANC ','67`','11665','Breech ',0,3383,'',''),
(17090,71,2,'2025-10-22','ANC ','77','13574','suspected polymorphic eruption of pregnancy (pep)  well, itching ',0,3366,'',''),
(17091,2510,2,'2025-10-22','ANC','89','13073','well , 2300 gm ',0,3477,'',''),
(17092,1417,2,'2025-10-22','ANC ','','','well , polyhydmnious ',0,3352,'',''),
(17093,4025,2,'2025-10-22','ANC ','','','MCDA twins , ',0,3816,'',''),
(17094,3679,2,'2025-10-22','ANC ','60','','well ',0,3422,'',''),
(17095,1236,2,'2025-10-22','ANC / spotting ','61','13067','for dexa , well ',0,2224,'',''),
(17096,3536,2,'2025-10-22','ANC ','','','female , well ',0,3693,'',''),
(17097,4041,2,'2025-10-22','spotting ','','','small sac ',0,3869,'',''),
(17098,2628,2,'2025-10-22','fever , ','','','well ',0,3547,'',''),
(17099,4025,2,'2025-10-22','report','','','Medical Report\nتقرير طبي\nالمذكورة اعلاه تبلغ من العمر 20 عام وهي حامل بالشهر الثاني من الحمل وهي حامل بتؤام وتعتبر حمل خطر .\nوتعاني حاليا من استÙراغ قوية \n\nوتنصح بالراحة لمدة عشر ايام من تاريخه  \n\nThanks\n22.10.2025\n\n\n\n\n\n',0,3816,'',''),
(17100,3407,2,'2025-10-22','','','','',1,3109,'',''),
(17101,1006,2,'2025-10-23','','','','OGTT 118..222....175',0,3479,'',''),
(17102,3907,2,'2025-10-23','','','','',1,3656,'',''),
(17103,3907,2,'2025-10-23','ANC ','','','OGTT 95..108..110.... male karam ',0,3656,'',''),
(17104,1324,2,'2025-10-23','','','','',0,3425,'',''),
(17105,4068,2,'2025-10-23','ANC/ Spotting ','71','12578','Well ',0,3870,'',''),
(17106,1721,2,'2025-10-23','','','','',1,3319,'',''),
(17107,1091,2,'2025-10-23','ANC ','','','female ',0,3871,'',''),
(17108,3938,2,'2025-10-23','ANC ','','','female ... well ',0,3705,'',''),
(17109,1777,2,'2025-10-23','ANC ','58','12363','titer 600, empty sac ',0,3872,'',''),
(17110,3144,2,'2025-10-23','ANC ','','','for DUSS ',0,3564,'',''),
(17111,2493,2,'2025-10-23','','','','',1,2187,'',''),
(17112,3624,2,'2025-10-23','rupture of membrane , on telephone ','','','refer to alia ',0,3381,'',''),
(17113,1721,2,'2025-10-24','Anc','','','',0,3319,'',''),
(17114,532,2,'2025-10-24','early pregnancy ','','','small sac ',0,3504,'',''),
(17115,3986,2,'2025-10-24','ANC','','','10.9...189,, male ',0,3763,'',''),
(17116,3625,2,'2025-10-24','ANC ','','','Breech ',0,3361,'',''),
(17117,3807,2,'2025-10-25','ANC ','','','Breech ..OGTT , 87...110',0,3579,'',''),
(17118,3807,2,'2025-10-25','','','','',1,3579,'',''),
(17119,1058,2,'2025-10-25','ANC  ','','13080','',0,3330,'',''),
(17120,3519,2,'2025-10-25','ANC ','','','small sac ',0,3873,'',''),
(17121,585,2,'2025-10-25','','','','',1,1959,'',''),
(17122,2061,2,'2025-10-25','ANC ','91','13085','female , well ',0,3769,'',''),
(17123,264,2,'2025-10-25','ANC ','76','13575','Well ',0,3597,'',''),
(17124,1092,2,'2025-10-25','ANC /DFM ','','','',0,927,'',''),
(17125,2918,2,'2025-10-25','','','','',1,2721,'',''),
(17126,2918,2,'2025-10-25','ANC','','','well',0,2721,'',''),
(17127,345,2,'2025-10-25','ANC ','','','to do DUSS ',0,2920,'',''),
(17128,798,2,'2025-10-25','ANC ','','','small sac ',0,3847,'',''),
(17129,3099,2,'2025-10-25','ANC ','','','well ..check placenta ',0,3519,'',''),
(17130,3135,2,'2025-10-25','ANC ','','','',0,2986,'',''),
(17131,978,2,'2025-10-25','ANC ','78','11874','well ',0,3301,'',''),
(17132,1145,2,'2025-10-25','ANC ','77','11170','2300 لة ',0,3408,'',''),
(17133,3709,2,'2025-10-25','ANC ,,, ','67','11960','male . for DUSS',0,3467,'',''),
(17134,2287,2,'2025-10-25','ANC ','','','',0,3282,'',''),
(17135,4070,2,'2025-10-25','ANC ','53','13067','small sac ',0,3875,'',''),
(17136,1311,2,'2025-10-25','ANC','','','2550 gm .. for dexa, delivery next wk ',0,3423,'',''),
(17137,3757,2,'2025-10-25','ANC ','76','12966','well ',0,3516,'',''),
(17138,785,2,'2025-10-25','ANC ','','13077','well ',0,3600,'',''),
(17139,3591,2,'2025-10-25','','','','',1,3315,'',''),
(17140,1396,2,'2025-10-25','ANC ','','','well, 2600',0,3418,'',''),
(17141,1572,2,'2025-10-25','','','','',1,1363,'',''),
(17142,3890,2,'2025-10-25','ANC','65','11863','well , for DUSS ',0,3635,'',''),
(17143,2849,2,'2025-10-25','','','','',1,2565,'',''),
(17144,3591,2,'2025-10-26','ANC ','','','3200 gm .. for cS 11.11 بالاهلي ',0,3315,'',''),
(17145,2483,2,'2025-10-26','','','','',1,2181,'',''),
(17146,3060,2,'2025-10-26','ANC ','94','13076','well ',0,2904,'',''),
(17147,2483,2,'2025-10-26','','','','empty uterus ,,, refer for endocrine to change Methimazole',0,3878,'',''),
(17148,689,2,'2025-10-26','ANC ','','','CRL 7 wks ',0,2501,'',''),
(17149,4072,2,'2025-10-26','ANC ','60','13075','small sac ',0,3879,'',''),
(17150,3638,2,'2025-10-26','ANC ','','','',0,3373,'',''),
(17151,1643,2,'2025-10-26','','','','titer ,..1150 ',0,3795,'',''),
(17152,492,2,'2025-10-26','ANC ','','','well , ',0,3555,'',''),
(17153,3624,2,'2025-10-26','follow up ','','','NST : well ',0,3381,'',''),
(17154,363,2,'2025-10-26','ANC ','','','CRL 11 wks ',0,3402,'',''),
(17155,3765,2,'2025-10-26','ANC ','','','Polyhydramnios ',0,3522,'',''),
(17156,4053,2,'2025-10-26','ANC ','','','CRL 6 wks ',0,3852,'',''),
(17157,3946,2,'2025-10-27','ANC ','','','male , well ',0,3710,'',''),
(17158,2227,2,'2025-08-28','','','','',1,3285,'',''),
(17159,4073,2,'2025-10-27','ANC ','','','الزوج مصر على الولد.. ينصح بعمل Ùحص الدم ',0,3880,'',''),
(17160,1058,2,'2025-10-27','NST well ','','','refer for delivery ',0,3330,'',''),
(17161,1145,2,'2025-10-27','','','','',1,3408,'',''),
(17162,943,2,'2025-10-27','','','','empty uterus ',0,1627,'',''),
(17163,943,2,'2025-10-27','','','','',1,1627,'',''),
(17164,1145,2,'2025-10-27','labour pain by her mther telphone ','','','refer to alilla ',0,3408,'',''),
(17165,2287,2,'2025-10-27','refer for delivery ','','','Medical Report\nتقرير طبي\nThe above mention lady , 25 yrs old , P1ïƒ¨ NVD \nEDD 23.10.2025\nGA 40+   wks\nDUSS: not done \nUS : single viable   fetus , placenta high , normal liquor , EFW 3500  gm \n \nRefer for management  \n\nThanks\n27.10.2025\n\n\n\n\n\n',0,3282,'',''),
(17166,1058,2,'2025-10-27','','','','Medical Report\nتقرير طبي\nThe above mention lady , 25 yrs old , P2ïƒ¨ NVD \nEDD 25.10.2025\nGA 40+   wks\nDUSS: not done \nUS : single viable   fetus , placenta high , normal liquor , EFW 3500  gm \n \n Decreased from decreased fetal movement’s\nRefer for management  \n\nThanks\n27.10.2025\n\n\n\n\n\n',0,3330,'',''),
(17167,1058,2,'2025-10-27','','','','',1,3330,'',''),
(17168,3977,2,'2025-10-27','ANC ','','','looks male ,,, but recheck , not informed ',0,3747,'',''),
(17169,3954,2,'2025-10-27','spotting  ','','','for dexa and anti-d',0,3719,'',''),
(17170,246,2,'2025-10-27','early pregnancy ','','','small sac .. to start clexane ',0,178,'',''),
(17171,3881,2,'2025-10-27','','','','looks + fh ,, not tell ',0,3839,'',''),
(17172,2031,2,'2025-10-27','ANC ','','','SGA baby 1800 gm ',0,3380,'',''),
(17173,2315,2,'2025-10-27','ANC ','','','well , ',0,2706,'',''),
(17174,2616,2,'2025-10-27','for NST by her doctor ','','','well,  2650 gm ',0,3429,'',''),
(17175,1269,2,'2025-10-27','ANC ','','','flu ',0,1700,'',''),
(17176,3231,2,'2025-10-27','ANC ','67.3','','well ',0,2973,'',''),
(17177,3876,2,'2025-10-27','ANC ','','','polyhyrmnious , DUSS done by Dr immad abu sharkh ',0,3616,'',''),
(17178,1670,2,'2025-10-27','ANC ','','','',0,3383,'',''),
(17179,2259,2,'2025-10-28','in malaki ','','','well ',0,3883,'',''),
(17180,2288,2,'2025-10-29','','','','',0,3399,'',''),
(17181,982,2,'2025-10-29','','','','',1,2205,'',''),
(17182,3887,2,'2025-10-29','ANC ','','','well ',0,3631,'',''),
(17183,591,2,'2025-10-29','','','','small sac ???!!! 12.7..223...tsh 4.8...Ferritin 177',0,3884,'',''),
(17184,2528,2,'2025-10-29','ANC ','','','well ',0,3335,'',''),
(17185,1971,2,'2025-10-29','ANC ','','','heatoma seen ',0,3426,'',''),
(17186,3993,2,'2025-10-29','حامل عن طريق الواتس ','','','',0,3885,'',''),
(17187,2826,2,'2025-10-29','early pregnancy ','','','small sac ',0,3886,'',''),
(17188,3954,2,'2025-10-29','','','','',1,3719,'',''),
(17189,3982,2,'2025-10-29','','','','itching ',0,3753,'',''),
(17190,3954,2,'2025-10-28','ICT negative ','','','anti-d ,, dexa given ',0,3719,'',''),
(17191,3925,2,'2025-10-29','ANC','','','well . for DUSS ',0,3686,'',''),
(17192,1643,2,'2025-10-29','','','','small sac seen ',0,3795,'',''),
(17193,1074,2,'2025-10-29','ANC ','','','female , well ',0,3798,'',''),
(17194,4004,2,'2025-10-29','','','','small sac ',0,3789,'',''),
(17195,2510,2,'2025-10-29','ANC ','','','for report for delivery at 38 wks  , on clexane ',0,3477,'',''),
(17196,1690,2,'2025-10-29','ANC ','','','well , CRL 9 wks ',0,3842,'',''),
(17197,626,2,'2025-10-29','ANC ','','','well',0,2932,'',''),
(17198,3977,2,'2025-10-29','','','','',0,3747,'',''),
(17199,3977,2,'2025-10-29','postfall daown ','','','male ',0,3747,'',''),
(17200,1006,2,'2025-10-29','ANC ','','','1300 gm ..continue on Diet and BSP ',0,3479,'',''),
(17201,3752,2,'2025-10-29','ANC ','','','well ',0,3723,'',''),
(17202,3752,2,'2025-11-30','','','','',1,3723,'',''),
(17203,2947,2,'2025-10-29','ANC ','','','well,,, 11.3..31,, sever UTI ',0,3346,'',''),
(17204,3697,2,'2025-10-29','ANC ','','','well,, 10.2..205',0,3454,'',''),
(17205,2947,2,'2025-10-29','','','','',1,3346,'',''),
(17206,3923,2,'2025-10-29','','','','female , ',0,3683,'',''),
(17207,4043,2,'2025-10-30','ANC ','','','NST ,well ',0,3832,'',''),
(17208,4076,2,'2025-10-30','ANC','','','female, Weill ..sever UTI ..resistanc to fosomycine for rizacef ',0,3888,'',''),
(17209,1490,2,'2025-10-30','','','','',1,1281,'',''),
(17210,3726,2,'2025-10-30','ANC ','','','for dexa next time ',0,3483,'',''),
(17211,1115,2,'2025-10-30','ANC ','','','TVS , placenta posterio low 2 cm away , not tell ',0,3601,'',''),
(17212,16,2,'2025-10-30','ANC','','','well ',0,3356,'',''),
(17213,1077,2,'2025-10-30','ANC ','85','13081','well',0,3298,'',''),
(17214,3881,2,'2025-10-30','ANC ','','','CRL 7 wks ',0,3839,'',''),
(17215,1324,2,'2025-10-30','ANC','','','still alive ',0,3425,'',''),
(17216,4077,2,'2025-10-30','menses like bleeding ','98','12882','triplet ,,, well, for progest ',0,3890,'',''),
(17217,1048,2,'2025-10-30','ANC ','64','13080','Female',0,3781,'',''),
(17218,814,2,'2025-10-30','ANC ','86','13076','CRL 7 wks ,,, 13.06.2025',0,1147,'',''),
(17219,2269,2,'2025-10-30','ANC ','68','11261','well ',0,3475,'',''),
(17220,2646,2,'2025-10-30','ANC ','','','well ',0,2940,'',''),
(17221,4024,2,'2025-10-30','complete abortion ','','','',0,3815,'',''),
(17222,3648,2,'2025-10-30','ANC ','','','CRL 7 wks ',0,3563,'',''),
(17223,3511,2,'2025-10-30','','','','',0,3445,'',''),
(17224,4017,2,'2025-10-31','','','','',1,3808,'',''),
(17225,3369,2,'2025-10-31','','','','',1,3232,'',''),
(17226,4079,2,'2025-10-31','1st time seen by me ','','','well , male ?!',0,3891,'',''),
(17227,4079,2,'2025-10-16','cerclage done in malaki by dr iyaad mzyr','','','just note ',0,3891,'',''),
(17228,3625,2,'2025-10-31','ANC','','','cephalic , ',0,3361,'',''),
(17229,3894,2,'2025-10-19','','','','',1,3653,'',''),
(17230,4047,2,'2025-11-01','spotting ','','','well ',0,3840,'',''),
(17231,3673,2,'2025-11-01','ANC','','','well ',0,3417,'',''),
(17232,2259,2,'2025-11-01','well','86','13072','2800 gm, , for 07.11.2025',0,3883,'',''),
(17233,3491,2,'2025-11-01','ANC ','79','12673','',0,3485,'',''),
(17234,3915,2,'2025-11-01','ANC ','','','well .poly, for OGTT ',0,3674,'',''),
(17235,381,2,'2025-11-01','ANC','65','10565','well ,mild poly ',0,3560,'',''),
(17236,833,2,'2025-11-01','ANC ','63','13582','',0,805,'',''),
(17237,4080,2,'2025-11-01','ANC ','75','12380','female ',0,3892,'',''),
(17238,1928,2,'2025-11-01','ANC ','','','well ',0,3664,'',''),
(17239,4030,2,'2025-11-01','ANC ','66','13167','well ,male',0,3821,'',''),
(17240,1311,2,'2025-11-08','','','','',1,3423,'',''),
(17241,1311,2,'2025-11-01','ANC ','','','',1,3423,'',''),
(17242,1311,2,'2025-11-01','ANC ','','','Medical Report\nتقرير طبي\nThe above mention lady , 21 yrs old , P1ïƒ¨ NVD \nEDD 23.11.2025\nGA 37  wks\nDUSS : Bilateral fetal hydronephrosis.\nUS : single viable fetus , cephalic , placenta high , EFW 2900 gm.\nThere is Bilateral fetal hydronephrosis noted: Left kidney: severe hydronephrosis measuring approximately 30 mm.\nRight kidney: mild hydronephrosis measuring approximately 13 mm.\nAdvice for Delivery at 37 wks ,with Pediatric and urology evaluation after delivery. And Postnatal renal ultrasound within the first week of life to assess the degree of hydronephrosis.\nThanks\n01.11.2025\n\n\n\n\n\n',0,3423,'',''),
(17243,4052,2,'2025-11-01','ANC ','','','',0,3851,'',''),
(17244,4052,2,'2025-11-01','','','','',1,3851,'',''),
(17245,3540,2,'2025-11-01','ANC ','','','well ,mild poly ',0,3484,'',''),
(17246,94,2,'2025-11-01','ANC ','','12069','well',0,3450,'',''),
(17247,4029,2,'2025-11-01','ANC ','89','13069','well ',0,3820,'',''),
(17248,2702,2,'2025-11-01','ANC ','81','12464','female ',0,3726,'',''),
(17249,814,2,'2025-11-01','backpain','','','',0,1147,'',''),
(17250,4082,2,'2025-11-02','ANC ','55','11866','looks female ',0,3893,'',''),
(17251,3073,2,'2025-11-02','ANC ','62','11775','CRL 9 wks , EDD 07.06.2026',0,3894,'',''),
(17252,951,2,'2025-11-02','ANC ','63','11774','CRL 7 wks ',0,3863,'',''),
(17253,21,2,'2025-11-02','ANC ','59','13070','cRL 13 wks , ',0,1360,'',''),
(17254,1125,2,'2025-11-02','ANC ','','','Medical Report\nتقرير طبي\nThe above mention lady , 31 yrs old , P3+3ïƒ¨ previous two CS \nEDD 21.12.2025\nDUSS : not done \nUS : single viable   fetus , placenta high , mild polyhyrmnious ,, EFW 2500 gm \n \n \nFor Booking CS appointment  \n\nThanks\n02.11.2025\n\n\n\n\n\n',0,3391,'',''),
(17255,567,2,'2025-11-02','ANC ','','','well ',0,3444,'',''),
(17256,2753,2,'2025-11-02','ANC ','85','12088','Polyhydramnios  ',0,3413,'',''),
(17257,3615,2,'2025-11-02','ANC ','','','Polyhydramnios ',0,3353,'',''),
(17258,1600,2,'2025-11-02','ANC','','','cervical length , ,33 mm , HVS Taken ',0,3812,'',''),
(17259,1457,2,'2025-11-02','ANC ','61','12370','',0,1255,'',''),
(17260,633,2,'2025-11-02','ANC ','61','10554','well ',0,3742,'',''),
(17261,4084,2,'2025-11-02','early pregnancy ','60','11367','CRL 10 wks ',0,3895,'',''),
(17262,1210,2,'2025-11-02','ANC ','','','CRL 8 wks ',0,3849,'',''),
(17263,2165,2,'2025-11-03','ANC ','64','13060','well ',0,3569,'',''),
(17264,1777,2,'2025-11-03','','','','to do titer 3400 for MTX ',0,3872,'',''),
(17265,3691,2,'2025-11-03','ANC ','80','13561','polyhyrdmious ',0,3441,'',''),
(17266,2943,2,'2025-11-03','ANC ','','','well ',0,3773,'',''),
(17267,1020,2,'2025-11-03','ANC ','82','11377','PLT ...117... well ',0,2110,'',''),
(17268,1862,2,'2025-11-03','ANC','','','دوما حكو الراس زغير ',0,2680,'',''),
(17269,3098,2,'2025-11-03','NT dr alaa amro well , no report ','55','10050','female ,, well ',0,3775,'',''),
(17270,452,2,'2025-11-03','ANC ','58','11460','well , check legs ',0,3465,'',''),
(17271,4085,2,'2025-11-03','ANC','81','11875','male ',0,3896,'',''),
(17272,2252,2,'2025-11-03','ANC ','65','12060','well ',0,3416,'',''),
(17273,3763,2,'2025-11-03','ANC ','','','',0,3521,'',''),
(17274,969,2,'2025-11-03','ANC ','69','11365','polyhyrmanious ',0,3531,'',''),
(17275,4041,2,'2025-11-03','ANC','','','fetal pole seen ',0,3869,'',''),
(17276,838,2,'2025-11-03','ANC ','','','fetal pole seen ,, hematoma seen ',0,3897,'',''),
(17277,3331,2,'2025-11-03','ANC ','','','acerta !!! ',0,3594,'',''),
(17278,2259,2,'2025-11-03','pain ','','','',0,3883,'',''),
(17279,345,2,'2025-11-03','','','','',0,2920,'',''),
(17280,3709,2,'2025-11-03','تم ارسال رسالة واتس اب لÙحص الاعضاء ','','','',0,3467,'',''),
(17281,1269,2,'2025-11-03','تم ارسال رسالة واتس اب لÙحص الاعضاء ','','','',0,1700,'',''),
(17282,3812,2,'2025-11-03','تم ارسال رسالة واتس اب لÙحص الاعضاء ','','','',0,3586,'',''),
(17283,3844,2,'2025-11-03','تم ارسال رسالة واتس اب لÙحص الاعضاء ','','','well by dr loai ',0,3591,'',''),
(17284,3822,2,'2025-11-03','','','','',0,3588,'',''),
(17285,3849,2,'2025-11-03','تم ارسال رسالة واتس اب لÙحص الاعضاء ','','','',0,3592,'',''),
(17286,1115,2,'2025-11-03','تم ارسال رسالة واتس اب لÙحص الاعضاء ','','','',0,3601,'',''),
(17287,1654,2,'2025-11-03','تم ارسال رسالة واتس اب لÙحص الاعضاء ','','','',0,3758,'',''),
(17288,599,2,'2025-11-03','تم ارسال رسالة واتس اب لÙحص الاعضاء ','','','',0,3744,'',''),
(17289,1116,2,'2025-11-03','تم ارسال رسالة واتس اب لÙحص الاعضاء ','','','',0,1659,'',''),
(17290,3888,2,'2025-11-03','','','','',1,3632,'',''),
(17291,1912,2,'2025-11-03','تم ارسال رسالة واتس اب لÙحص الاعضاء ','','','حكيت مع زوجها ',0,3642,'',''),
(17292,2273,2,'2025-11-03','تم ارسال رسالة واتس اب لÙحص الاعضاء ','','','',0,3768,'',''),
(17293,2476,2,'2025-11-03','تم ارسال رسالة واتس اب لÙحص الاعضاء ','','','DUSS done in ahli , no repoprt ',0,3403,'',''),
(17294,3331,2,'2025-11-03','تم ارسال رسالة واتس اب لÙحص الاعضاء ','','','',0,3594,'',''),
(17295,3854,2,'2025-11-03','تم ارسال رسالة واتس اب لÙحص الاعضاء ','','','',0,3599,'',''),
(17296,4066,2,'2025-11-03','تم ارسال رسالة واتس اب لÙحص الاعضاء ','','','',0,3864,'',''),
(17297,3988,2,'2025-11-03','تم ارسال رسالة واتس اب لÙحص الاعضاء ','','','',0,3761,'',''),
(17298,754,2,'2025-11-03','تم ارسال رسالة واتس اب لÙحص الاعضاء ','','','',0,1918,'',''),
(17299,560,2,'2025-11-03','تم ارسال رسالة واتس اب لÙحص الاعضاء ','','','لا يوجد واتس ',0,3180,'',''),
(17300,51,2,'2025-11-03','تم ارسال رسالة واتس اب لÙحص الاعضاء ','','','الام رÙضت ',0,3724,'',''),
(17301,4015,2,'2025-11-03','تم ارسال رسالة واتس اب لÙحص الاعضاء ','','','',0,3806,'',''),
(17302,955,2,'2025-11-03','','','','',1,3684,'',''),
(17303,4077,2,'2025-11-05','','','',' ',1,3890,'',''),
(17304,3691,2,'2025-11-05','DUSS ','','','well ',0,3441,'',''),
(17305,4072,2,'2025-11-05','ANC ','60','2060','CRL 6 wks ',0,3879,'',''),
(17306,3673,2,'2025-11-05','FLU','','','',0,3417,'',''),
(17307,3854,2,'2025-11-05','DUSS ','','','well ',0,3599,'',''),
(17308,3098,2,'2025-11-05','NT ','','12263','',0,3775,'',''),
(17309,969,2,'2025-11-05','DUSS ','','','suspected down ',0,3531,'',''),
(17310,1902,2,'2025-11-05','DUSS ','','','well ',0,3344,'',''),
(17311,4011,2,'2025-11-05','ANC ','50','13078','well ..female ',0,3801,'',''),
(17312,603,2,'2025-11-05','ANC ','64','12573','look aborted ',0,3900,'',''),
(17313,2837,2,'2025-11-05','ANC ','','','CRL 8 wks ',0,2545,'',''),
(17314,1769,2,'2025-11-05','ANC ','','','for DUSS ',0,3685,'',''),
(17315,2896,2,'2025-11-05','ANC ','56','13050','female , well ',0,3834,'',''),
(17316,3915,2,'2025-11-05','lab result ','','','110.8..227...UTI ',0,3674,'',''),
(17317,851,2,'2025-11-05','ANC ','','','EDD .. 23.06.2026',0,3844,'',''),
(17318,2483,2,'2025-11-05','ANC seen by AHEMD AMRO ','','','small sac ',0,3878,'',''),
(17319,896,2,'2025-11-05','early pregnancy ','','','small sac ',0,1622,'',''),
(17320,931,2,'2025-11-05','','','','for delivery at 20.11.2025.. around 3 gm ',0,2760,'',''),
(17321,943,2,'2025-11-05','ANC ','','','small sac ',0,1627,'',''),
(17322,4089,2,'2025-11-05','Spotting  ','55','13080','small sac ',0,3901,'',''),
(17323,51,2,'2025-11-05','flu','77','12466','mild poly ... for OGTT ,, ',0,3724,'',''),
(17324,3618,2,'2025-11-05','','','','',1,3902,'',''),
(17325,3474,2,'2025-11-05','ANC ','','','empty uterus ',0,3882,'',''),
(17326,1912,2,'2025-11-05','ANC ','65','11473','well ',0,3642,'',''),
(17327,1784,2,'2025-11-05','ANC ','87','12374','well ',0,2933,'',''),
(17328,3074,2,'2025-11-05','ANC ','67','11268','for DUSS< well ',0,3745,'',''),
(17329,978,2,'2025-11-05','ANC ','80','12975','for VBAC ',0,3301,'',''),
(17330,2455,2,'2025-11-05','','','','',1,2152,'',''),
(17331,3458,2,'2025-11-06','','','','FBS well, baby Well ',0,3452,'',''),
(17332,591,2,'2025-11-06','ANC ','','','',0,3884,'',''),
(17333,2003,2,'2025-11-06','','','','4071.. Small sac seen ',0,3903,'',''),
(17334,1777,2,'2025-11-06','','','','titer 10K ... for laproscoy ',0,3872,'',''),
(17335,951,2,'2025-11-06','hematuria ','63','13078','spotting ',0,3863,'',''),
(17336,2773,2,'2025-11-06','ANC ','','','well ',0,3647,'',''),
(17337,2576,2,'2025-11-06','ANC ','','','female ,, well ',0,3904,'',''),
(17338,452,2,'2025-11-06','','','','',1,3465,'',''),
(17339,1219,2,'2025-11-06','ANC ','','11465','for DUSS ... well ',0,3677,'',''),
(17340,1324,2,'2025-11-06','','','','dead ',0,3425,'',''),
(17341,1077,2,'2025-11-06','ANC ','','','',0,3298,'',''),
(17342,1324,2,'2025-11-06','','','','Medical Report\nتقرير طبي\nThe above mention lady , 24 yrs old ,P1+0ïƒ¨ NVD \nEDD 26.12.2025\nGA 33  wks\nDUSS , hydrops fetalis fetus \nUS : single DEAD   fetus , hydrops fetalis . ascites \n\nReferred for termination \n \n \n\nThanks\n06.11.2025\n\n\n\n\n\n',0,3425,'',''),
(17343,3812,2,'2025-11-06','ANC ','82','13069','well ',0,3586,'',''),
(17344,1129,2,'2025-11-06','ANC ','61','12862','male ',0,3668,'',''),
(17345,4092,2,'2025-11-06','ANC','64','12650','female ..EDD 19.05.2026',0,3906,'',''),
(17346,452,2,'2025-11-06','vomting ','','','given IV fluid ',0,3465,'',''),
(17347,3892,2,'2025-11-06','ANC ','','','well ',0,3637,'',''),
(17348,2918,2,'2025-11-06','ANC ','65','12377','female ',0,2721,'',''),
(17349,4042,2,'2025-11-06','ANC ','','','female ',0,3831,'',''),
(17350,1862,2,'2025-11-06','ANC ','','','',0,2680,'',''),
(17351,4094,2,'2025-11-06','ANC','','','fetal pole seen ',0,3907,'',''),
(17352,2799,2,'2025-11-06','ANC ','92','13060','depression ',0,2557,'',''),
(17353,668,2,'2025-11-06','ANC ','','','well , for DUSS ',0,3682,'',''),
(17354,4035,2,'2025-11-07','ANC ','','','11.2   217,,, FBS 74,,, TSH 1.24,, female ',0,3827,'',''),
(17355,532,2,'2025-11-07','ANC ','','','CRL',0,3504,'',''),
(17356,4037,2,'2025-11-07','ANC ','','','CRL 11 ,, high utrine Artery doppler',0,3835,'',''),
(17357,1971,2,'2025-11-07','ANC ','','','hemtoma same ',0,3426,'',''),
(17358,3519,2,'2025-11-08','ANC ','79','12675','check EDD ,. +FH ',0,3873,'',''),
(17359,4073,2,'2025-11-08','ANC ','56','13063','female . ',0,3880,'',''),
(17360,86,2,'2025-11-08','ANC ','56','13063','well, female ',0,2344,'',''),
(17361,3142,2,'2025-11-08','ANC ','','','male ,, well ..for DUSS ',0,3908,'',''),
(17362,4025,2,'2025-11-08','ANC ','','','female , well ',0,3816,'',''),
(17363,4025,2,'2025-11-19','','','','',1,3816,'',''),
(17364,246,2,'2025-11-08','spotting ','','','looks bliutghted ',0,178,'',''),
(17365,1928,2,'2025-11-08','ANC ','','','well , ',0,3664,'',''),
(17366,1785,2,'2025-11-08','ANC ','64','','well..',0,3909,'',''),
(17367,3854,2,'2025-11-08','check up ','','','well',0,3599,'',''),
(17368,3551,2,'2025-11-08','ANC / spotting ','67','11573','',0,3910,'',''),
(17369,347,2,'2025-11-08','ANC ','50','10160','well , for DUSS `',0,3655,'',''),
(17370,660,2,'2025-11-08','ANC ','','','female ',0,3780,'',''),
(17371,189,2,'2025-11-08','ANC ','66','12060','well ',0,3625,'',''),
(17372,603,2,'2025-11-08','ANC ','','','',0,3900,'',''),
(17373,645,2,'2025-11-08','flank pain ','','','',0,3561,'',''),
(17374,3304,2,'2025-11-08','','','','small sac ',0,3911,'',''),
(17375,798,2,'2025-11-08','ANC ','64','13463','blighted ovum',0,3847,'',''),
(17376,3993,2,'2025-11-09','ANC /spotting ','70','11363','Empty uterus , 750 titer ',0,3885,'',''),
(17377,389,2,'2025-11-09','ANC ','56','12773','cRL 6 wks ',0,1054,'',''),
(17378,3883,2,'2025-11-09','','','','',1,3623,'',''),
(17379,4048,2,'2025-11-09','ANC ','','','male ,, well ',0,3843,'',''),
(17380,3890,2,'2025-11-09','ANC ','','','well ',0,3635,'',''),
(17381,944,2,'2025-11-09','ANC ','','','well ',0,3912,'',''),
(17382,3398,2,'2025-11-09','ANC ','74','10768','small sac ',0,3913,'',''),
(17383,2689,2,'2025-11-09','ANC ','58','11950','male , 27.04.2026',0,3788,'',''),
(17384,2383,2,'2025-11-09','','','','',1,2080,'',''),
(17385,2383,2,'2025-11-09','ANC ','66','13078','CRL 10 wks ',0,3914,'',''),
(17386,4098,2,'2025-11-09','ANC ','','','small sac ',0,3915,'',''),
(17387,3638,2,'2025-11-10','ANC','57','10365','well 2400 gm ',0,3373,'',''),
(17388,1510,2,'2025-11-10','ANC /No FM ','','','well ',0,3722,'',''),
(17389,4043,2,'2025-11-10','ANC ','','','for delivery ... next wks ',0,3832,'',''),
(17390,1486,2,'2025-11-10','ANC ','73','11450','EDD 25.6.2025',0,3755,'',''),
(17391,3061,2,'2025-11-10','ANC ','73','11550','',0,3799,'',''),
(17392,2686,2,'2025-11-10','ANC ','70','13071','well , for BP ptofile ',0,3916,'',''),
(17393,4077,2,'2025-11-10','cerclage done / Spotting ','','','male /male /female ',0,3890,'',''),
(17394,3624,2,'2025-11-10','ANC ','','','for delivery at alia ,she had appointment',0,3381,'',''),
(17395,258,2,'2025-11-10','','','','',1,3355,'',''),
(17396,2364,2,'2025-11-10','ANC /heartburn ','','','male ',0,3589,'',''),
(17397,3687,2,'2025-11-10','','','','',1,3437,'',''),
(17398,246,2,'2025-11-10','spotting ','','','start utogestain , stop asa ',0,178,'',''),
(17399,599,2,'2025-11-10','ANC ','59','13076','well ',0,3744,'',''),
(17400,3560,2,'2025-11-10','ANC ','67','11563','for DUSS ',0,3638,'',''),
(17401,2912,2,'2025-11-10','ANC ','','12966','big baby .,for OGTT ',0,3814,'',''),
(17402,4099,2,'2025-11-11','','','','',0,3917,'',''),
(17403,2040,2,'2025-11-12','ANC ','83','12561','well ',0,3532,'',''),
(17404,3726,2,'2025-11-12','ANC ','','','poly, big baby , for OGTT be4 dexa',0,3483,'',''),
(17405,327,2,'2025-11-12','ANC ','','','male , placenta low ',0,3042,'',''),
(17406,3763,2,'2025-11-12','ANC ','','','small baby ?! NST normal ',0,3521,'',''),
(17407,1643,2,'2025-11-12','','','','3 mm , ',0,3795,'',''),
(17408,2682,2,'2025-11-12','ANC ','','','for DUSS ',0,3680,'',''),
(17409,978,2,'2025-11-12','ANC ','','','1cm long ',0,3301,'',''),
(17410,4063,2,'2025-11-12','ANC ','63','12065','CRL 10 wks ',0,3858,'',''),
(17411,3445,2,'2025-11-12','ANC ','','','for DUSS ( had appoiment with mazen ) ',0,3181,'',''),
(17412,2288,2,'2025-11-12','ANC ','101','13086','well ',0,3399,'',''),
(17413,1676,2,'2025-11-12','ANC ','','','well ',0,3621,'',''),
(17414,4004,2,'2025-11-12','ANC ','89','13080','EDD 18.06.2025',0,3789,'',''),
(17415,4103,2,'2025-11-12','ANC ','','','male , well ',0,3919,'',''),
(17416,4104,2,'2025-11-12','ANC ','','','female ',0,3920,'',''),
(17417,3762,2,'2025-11-12','ANC ','72','12366','well ',0,3520,'',''),
(17418,3280,2,'2025-11-12','ANC ','','','well ',0,3291,'',''),
(17419,3990,2,'2025-11-13','','','','',0,3764,'',''),
(17420,2948,2,'2025-11-13','','','','',1,2668,'',''),
(17421,2948,2,'2025-11-13','','','','',0,3921,'',''),
(17422,4105,2,'2025-11-13','ANC ','49','10970','CRL 7...01.07.2026',0,3922,'',''),
(17423,2947,2,'2025-11-13','ANC ','','','well ',0,3346,'',''),
(17424,798,2,'2025-11-13','','','','for termination ',0,3847,'',''),
(17425,4106,2,'2025-11-13','','','','small sac ',0,3923,'',''),
(17426,3112,2,'2025-11-13','Breastfeed ','','','EDD 06.07.2026',0,3924,'',''),
(17427,4049,2,'2025-11-13','ANC ','72','13372','10.5///256... female ',0,3846,'',''),
(17428,1777,2,'2025-11-13','','','','',1,3872,'',''),
(17429,1487,2,'2025-11-13','ANC ','85','13769','11.7..177...for DUSS ',0,3733,'',''),
(17430,94,2,'2025-11-13','ANC ','','','TVS 32 mm ',0,3450,'',''),
(17431,3796,2,'2025-11-14','','','','OGTT 85,,144,,,102.. well ,, for dexa',0,3576,'',''),
(17432,3986,2,'2025-11-14','ANC ','','','male ,, ',0,3763,'',''),
(17433,4108,2,'2025-11-14','ANC ','76','','male ,, for DUSS ',0,3926,'',''),
(17434,2258,2,'2025-11-15','ANC ','62','10973','mild poly ,for DUSS ',0,3034,'',''),
(17435,3754,2,'2025-11-15','ANC ','58','125476','well ',0,3513,'',''),
(17436,2955,2,'2025-11-15','','','','',1,3067,'',''),
(17437,2955,2,'2025-11-15','','','','female , well ',0,3927,'',''),
(17438,978,2,'2025-11-15','','','','well ',0,3301,'',''),
(17439,2462,2,'2025-11-15','ANC ','','','DCDA twins , well , for NT ',0,2366,'',''),
(17440,3479,2,'2025-11-15','ANC ','58','12475','female , well ',0,3928,'',''),
(17441,4037,2,'2025-11-15','','','','',1,3835,'',''),
(17442,21,2,'2025-11-15','ANC ','58','13070','male , well ',0,1360,'',''),
(17443,2484,2,'2025-11-15','ANC ','67','12970','well ',0,2750,'',''),
(17444,3679,2,'2025-11-15','ANC ','58','11881','Dehydration ',0,3422,'',''),
(17445,754,2,'2025-11-15','ANC ','','','well ',0,1918,'',''),
(17446,2640,2,'2025-11-15','ANC ','','','female ',0,3818,'',''),
(17447,2640,2,'2025-11-15','','','','Medical Report\nتقرير طبي\nThe above-mentioned lady, 33-year-old, with history of 2 recurrent 1st trimester . Her EDD  25.05.2026, she did thrombophilia screen was positive , maintained on CLEXANE 40 mg twice daily   with aspirin 100 mg once daily . This report given upon patient request.   \n\nThanks\n27.11.2025\n\n\n\n\n\n\n',0,3818,'',''),
(17448,626,2,'2025-11-15','ANC ','64','13083','SGA',0,2932,'',''),
(17449,4041,2,'2025-11-15','ANC ','','','+ fh ',0,3869,'',''),
(17450,1414,2,'2025-11-15','by IVF 17.05.2026','','','HGB 12.4...294..tsh 0.16...fbs 74',0,2173,'',''),
(17451,3886,2,'2025-11-15','ANC ','','','fetal pole seen ,,, looks missed ',0,3929,'',''),
(17452,3354,2,'2025-11-15','ANC ','','','well ',0,3487,'',''),
(17453,2751,2,'2025-11-15','ANC ','','','she tell me that she had PTL ,, Cervical assemsnt 30 mm for ovaproste ',0,2725,'',''),
(17454,2123,2,'2025-11-15','ANC ','61','13077','Well ',0,3641,'',''),
(17455,1010,2,'2025-11-15','ANC ','70','13078','female ',0,3740,'',''),
(17456,711,2,'2025-11-15','','','','',1,3427,'',''),
(17457,4094,2,'2025-11-15','ANC ','','','still no FH , Counselled about missed abortion ',0,3907,'',''),
(17458,3474,2,'2025-11-15','ANC ','','','fetal pole seen ',0,3882,'',''),
(17459,3987,2,'2025-11-15','ANC ','','13084','for DUSS ',0,3759,'',''),
(17460,1165,2,'2025-11-15','','','','',1,3141,'',''),
(17461,608,2,'2025-11-15','ANC ','','','small sac ... start ASA ',0,3930,'',''),
(17462,951,2,'2025-11-16','ANC ','','','Fatigue ,,, FBS 80...CBC 10.3..plt 342',0,3863,'',''),
(17463,2849,2,'2025-11-16','ANC ','','','well ',0,2565,'',''),
(17464,2309,2,'2025-11-16','','','','',1,2006,'',''),
(17465,2309,2,'2025-11-16','DFM/ PPROm ','','','NST normal , for sedoral ',0,3932,'',''),
(17466,4112,2,'2025-11-16','ANC ','81','13082','had appoiment for CS at 20.11.2025 came for discharge ',0,3933,'',''),
(17467,4112,2,'2025-11-20','','','','',1,3933,'',''),
(17468,896,2,'2025-11-16','ANC ','','','CRl 7 wks ',0,1622,'',''),
(17469,428,2,'2025-11-16','ANC ','65','13060','',0,3934,'',''),
(17470,363,2,'2025-11-16','ANC ','','','male , well ',0,3402,'',''),
(17471,3785,2,'2025-11-16','ANC ','63','12774','WEll ',0,3549,'',''),
(17472,1318,2,'2025-11-16','ANC ','','','',0,3506,'',''),
(17473,3881,2,'2025-11-16','ANC ','','','DCDA twins , CRL well ',0,3839,'',''),
(17474,2180,2,'2025-11-16','ANC ','','','poly for ',0,2599,'',''),
(17475,931,2,'2025-11-17','','','','',1,2760,'',''),
(17476,4027,2,'2025-11-17','ANC ','60','11060','11.2...264.. male ',0,3817,'',''),
(17477,3638,2,'2025-11-17','ANC ','','','2.8 well ',0,3373,'',''),
(17478,2309,2,'2025-11-17','sedoral neg','','','',0,3932,'',''),
(17479,2476,2,'2025-11-17','aNC','','','polyhrmnious , well ',0,3403,'',''),
(17480,1125,2,'2025-11-17','ANC ','','','CS , in alia 26.12.2025',0,3391,'',''),
(17481,1125,2,'2025-11-27','','','','',1,3391,'',''),
(17482,2258,2,'2025-11-17','تم ارسال رسالة واتس اب لÙحص الاعضاء ','','','',0,3034,'',''),
(17483,189,2,'2025-11-17','تم ارسال رسالة واتس اب لÙحص الاعضاء ','','','',0,3625,'',''),
(17484,3904,2,'2025-11-17','تم ارسال رسالة واتس اب لÙحص الاعضاء ','','','',0,3687,'',''),
(17485,1676,2,'2025-11-17','تم ارسال رسالة واتس اب لÙحص الاعضاء ','','','',0,3621,'',''),
(17486,3907,2,'2025-11-17','تم ارسال رسالة واتس اب لÙحص الاعضاء ','','','',0,3656,'',''),
(17487,3557,2,'2025-11-17','تم ارسال رسالة واتس اب لÙحص الاعضاء ','','','',0,3640,'',''),
(17488,2827,2,'2025-11-17','تم ارسال رسالة واتس اب لÙحص الاعضاء ','','','',0,3706,'',''),
(17489,3890,2,'2025-11-17','تم ارسال رسالة واتس اب لÙحص الاعضاء ','','','',0,3635,'',''),
(17490,3730,2,'2025-11-17','تم ارسال رسالة واتس اب لÙحص الاعضاء ','','','',0,3646,'',''),
(17491,3996,2,'2025-11-17','تم ارسال رسالة واتس اب لÙحص الاعضاء ','','','',0,3777,'',''),
(17492,1576,2,'2025-11-17','تم ارسال رسالة واتس اب لÙحص الاعضاء ','','','',0,3792,'',''),
(17493,1510,2,'2025-11-17','تم ارسال رسالة واتس اب لÙحص الاعضاء ','','','',0,3722,'',''),
(17494,4014,2,'2025-11-17','تم ارسال رسالة واتس اب لÙحص الاعضاء ','','','',0,3805,'',''),
(17495,4010,2,'2025-11-17','تم ارسال رسالة واتس اب لÙحص الاعضاء ','','','',0,3800,'',''),
(17496,2682,2,'2025-11-17','تم ارسال رسالة واتس اب لÙحص الاعضاء ','','','',0,3680,'',''),
(17497,645,2,'2025-11-17','تم ارسال رسالة واتس اب لÙحص الاعضاء ','','','',0,3561,'',''),
(17498,347,2,'2025-11-17','تم ارسال رسالة واتس اب لÙحص الاعضاء ','','','',0,3655,'',''),
(17499,3778,2,'2025-11-17','تم ارسال رسالة واتس اب لÙحص الاعضاء ','','','',0,3676,'',''),
(17500,282,2,'2025-11-17','تم ارسال رسالة واتس اب لÙحص الاعضاء ','','','رÙضت الÙحص ',0,213,'',''),
(17501,1457,2,'2025-11-17','تم ارسال رسالة واتس اب لÙحص الاعضاء ','','','',0,1255,'',''),
(17502,3560,2,'2025-11-17','تم ارسال رسالة واتس اب لÙحص الاعضاء ','','','',0,3638,'',''),
(17503,1928,2,'2025-11-17','تم ارسال رسالة واتس اب لÙحص الاعضاء ','','','',0,3664,'',''),
(17504,3925,2,'2025-11-17','تم ارسال رسالة واتس اب لÙحص الاعضاء ','','','لا يوجد والتس ',0,3686,'',''),
(17505,83,2,'2025-11-17','تم ارسال رسالة واتس اب لÙحص الاعضاء ','','','',0,233,'',''),
(17506,2773,2,'2025-11-17','تم ارسال رسالة واتس اب لÙحص الاعضاء ','','','',0,3647,'',''),
(17507,1219,2,'2025-11-17','تم ارسال رسالة واتس اب لÙحص الاعضاء ','','','',0,3677,'',''),
(17508,3936,2,'2025-11-17','تم ارسال رسالة واتس اب لÙحص الاعضاء ','','','',0,3702,'',''),
(17509,4043,2,'2025-11-17','ANC ','59','12677','',0,3832,'',''),
(17510,4113,2,'2025-11-17','ANC ','','','fetal pole seen ... ',0,3935,'',''),
(17511,3691,2,'2025-11-17','ANC ','80','12069','well, ',0,3441,'',''),
(17512,42,2,'2025-11-17','ANC ','','','male , well ',0,3936,'',''),
(17513,3414,2,'2025-11-17','','','','',1,3116,'',''),
(17514,3414,2,'2025-11-17','','','','Medical Report\nتقرير طبي\nThe above-mentioned lady, 36 years old,\nP4+0ïƒ¨ 2nd by CS  .\nLMP : 31.07.2025\nEDD :08.05.2025\nGA 16 wks \n==============\nShe presented complain form lower abdominal pain , with menses like vaginal bleeding . \nOn exam : \nUS: DCDA twins , both viable , placenta low \nCervical length : could not be assessed\nRefer to hospital for management\n \nThanks\n17.11.2025\n\n\n\n\n\n\n',0,3937,'',''),
(17515,3686,2,'2025-11-17','','','','',1,3478,'',''),
(17516,3416,2,'2025-11-19','ANC ','','','Polyhydramnios for DUSS , OGTT  ',0,3578,'',''),
(17517,2404,2,'2025-11-19','ANC','88','12464','well .. check male or female , next time ',0,2231,'',''),
(17518,3697,2,'2025-11-19','ANC ','67','13067','for CS ',0,3454,'',''),
(17519,3697,2,'2025-11-19','Medical Report تقرير طبي The above-mentioned lady, 26 years old, P2+0ïƒ¨ previous  CS . EDD :04.12.2025 GA 38 wks  DUSS: not done  On exam :  US: SVF , cephalic, normal liquor , placenta high , EFW 3000 gm Two doses dexamethasone given .  Referred for CS delivery   Thanks 19.11.2025','','','',0,3454,'',''),
(17520,1169,2,'2025-11-19','ANC ','','','polyhymnious ',0,3546,'',''),
(17521,3950,2,'2025-11-19','ANC ','79','13572','',0,3714,'',''),
(17522,3752,2,'2025-11-19','ANC ','','','well ..for DUSS ',0,3723,'',''),
(17523,4114,2,'2025-11-19','','','10958','well ',0,3938,'',''),
(17524,1643,2,'2025-11-19','','75','11672','TVS 5 mm ',0,3795,'',''),
(17525,1902,2,'2025-11-19','ANC ','','','well ',0,3344,'',''),
(17526,2252,2,'2025-11-19','ANC ','','','well,, 11.2..204',0,3416,'',''),
(17527,3925,2,'2025-11-19','DUSS ','','','suspected Down ',0,3686,'',''),
(17528,1187,2,'2025-11-20','came for Scar pregnancy , by dr loai ','','','',0,3939,'',''),
(17529,1349,2,'2025-11-20','','','','',1,1809,'',''),
(17530,1349,2,'2025-11-20','ANC ','73','','',0,3941,'',''),
(17531,4116,2,'2025-11-20','came for DUSS','','','',0,3940,'',''),
(17532,1269,2,'2025-11-20','DUSS ','','','well ',0,1700,'',''),
(17533,3910,2,'2025-11-20','ANC ','','','well ',0,3666,'',''),
(17534,3907,2,'2025-11-20','DUSS','','','',0,3656,'',''),
(17535,1457,2,'2025-11-20','DUSS ','','','well ',0,1255,'',''),
(17536,4025,2,'2025-11-20','','','','MCDA ',0,3816,'',''),
(17537,2682,2,'2025-11-20','DUSS ','','','',0,3680,'',''),
(17538,3458,2,'2025-11-20','ANC','','','well ',0,3452,'',''),
(17539,3686,2,'2025-11-20','ANC ','59','11469','well ',0,3478,'',''),
(17540,3348,2,'2025-11-20','ANC ','81','12965','well , small AC ',0,3942,'',''),
(17541,46,2,'2025-11-20','','','','',1,1621,'',''),
(17542,46,2,'2025-11-20','ANC ','54','10563','well, for DUSS ',0,3943,'',''),
(17543,347,2,'2025-11-20','ANC ','51','11365','well ',0,3655,'',''),
(17544,597,2,'2025-11-20','ANC ','','','check Liquor ',0,2614,'',''),
(17545,4017,2,'2025-11-20','ANC ','65','12969','male , not tell , want to surprise ',0,3808,'',''),
(17546,4054,2,'2025-11-20','ANC ','56','12862','for DUSS ',0,3853,'',''),
(17547,4077,2,'2025-11-20','ANC ','','','well ',0,3890,'',''),
(17548,1840,2,'2025-11-20','ANC ','66','11566','well ',0,3613,'',''),
(17549,814,2,'2025-11-20','ANC','','','well ',0,1147,'',''),
(17550,3943,2,'2025-11-21','ANC ','','','well , for DUSS ',0,3709,'',''),
(17551,4118,2,'2025-11-21','','','','CRL & wks ',0,3944,'',''),
(17552,3722,2,'2025-11-21','ANC ','','','Uncontrolled  ',0,3481,'',''),
(17553,1495,2,'2025-11-22','ANC ','69','13063','well, OGTT68...144..88 CBC 11....176',0,2499,'',''),
(17554,3726,2,'2025-11-22','ANC ','','','',0,3483,'',''),
(17555,2438,2,'2025-11-22','ANC ','73','11971','well ',0,2137,'',''),
(17556,282,2,'2025-11-22','ANC ','66','12979','well ',0,213,'',''),
(17557,71,2,'2025-11-22','','','','',1,3366,'',''),
(17558,4117,2,'2025-11-22','','','','',1,3945,'',''),
(17559,2581,2,'2025-11-22','','','','',1,2279,'',''),
(17560,2061,2,'2025-11-22','ANC ','93','12966','',0,3769,'',''),
(17561,1928,2,'2025-11-22','lower Limb pain , doppler normal ','72','12779','well',0,3664,'',''),
(17562,4117,2,'2025-11-22','','','','titer 14 k , sac looks molar ',0,3946,'',''),
(17563,4046,2,'2025-11-22','ANC ','47','11862','female , well ',0,3837,'',''),
(17564,71,2,'2025-11-22','ANC ','80','11977','sever UTI ..dexa given upon requrest ',0,3366,'',''),
(17565,4052,2,'2025-11-22','ANC ','','','CRL 13 wks , female , ',0,3851,'',''),
(17566,1132,2,'2025-11-22','ANC ','87','13278','female ',0,2420,'',''),
(17567,4094,2,'2025-11-22','','','','Blighted ovum  ',0,3907,'',''),
(17568,3812,2,'2025-11-22','ANC ','','','after back falldown ',0,3586,'',''),
(17569,258,2,'2025-11-22','ANC','','','well ',0,3355,'',''),
(17570,4011,2,'2025-11-22','ANC ','52','12878','well, male not tell ',0,3801,'',''),
(17571,2628,2,'2025-11-22','ANC ','84','12570','2500/2800 well, ',0,3547,'',''),
(17572,3099,2,'2025-11-22','ANC ','','','well ,, ',0,3519,'',''),
(17573,3946,2,'2025-11-22','ANC ','','','for DUSS ',0,3710,'',''),
(17574,2476,2,'2025-11-22','ANC ','','','GCT 125....hgb 10.2..239',0,3403,'',''),
(17575,4120,2,'2025-11-22','ANC ','64','13084','CRL 7 wks ',0,3947,'',''),
(17576,4121,2,'2025-11-22','ANC ','','','well .. for DUSS ',0,3949,'',''),
(17577,3936,2,'2025-11-22','ANC ','72','12173','well ',0,3702,'',''),
(17578,1552,2,'2025-11-22','','','','small sac ',0,1638,'',''),
(17579,2212,2,'2025-11-22','ANC ','81','13570','well ',0,3409,'',''),
(17580,4053,2,'2025-11-22','ANC ','50','','fit now ',0,3852,'',''),
(17581,1115,2,'2025-11-22','check placenta ','','','well ',0,3601,'',''),
(17582,1074,2,'2025-11-22','ANC ,, suicide attempt','','','',0,3798,'',''),
(17583,2943,2,'2025-11-22','ANC ','','','male , well ',0,3773,'',''),
(17584,3656,2,'2025-11-22','ANC ','59','13085','well ..female ',0,3861,'',''),
(17585,3536,2,'2025-11-22','ANC ','','','for DUSS ',0,3693,'',''),
(17586,3807,2,'2025-11-23','ANC','63','2085','',0,3579,'',''),
(17587,3807,2,'2025-11-23','report ','','','',0,3579,'',''),
(17588,4122,2,'2025-11-23','ANC ','','','empty uterus ',0,3950,'',''),
(17589,3849,2,'2025-11-23','ANC','60','11466','HGB 11....225 ..TSH .2.12',0,3592,'',''),
(17590,1159,2,'2025-11-23','ANC ','','','CRL 10 wks EDD 24.06.2026',0,3951,'',''),
(17591,4103,2,'2025-11-23','ANC ','54','12666','hydronephrosis ',0,3919,'',''),
(17592,2576,2,'2025-11-23','','','','TSH 9',0,3904,'',''),
(17593,943,2,'2025-11-23','ANC ','','','fetal pole seen 6 mm ',0,1627,'',''),
(17594,1006,2,'2025-11-23','ANC ','','','1700 gm , well ',0,3479,'',''),
(17595,3398,2,'2025-11-23','ANC','','','CRL 8 wks ',0,3913,'',''),
(17596,2753,2,'2025-11-23','ANC ','','','well ',0,3413,'',''),
(17597,3954,2,'2025-11-23','ANC ','','','well ',0,3719,'',''),
(17598,3603,2,'2025-11-23','For delivery ','','','',0,3337,'',''),
(17599,4123,2,'2025-11-24','ANC ','73','11566','polyhydramnios for DUSS & OGTT ',0,3954,'',''),
(17600,3938,2,'2025-11-24','ANC ','','','for DUSS ',0,3705,'',''),
(17601,3678,2,'2025-11-24','ANC ','','','جايه للصورة!! 2800 gm ',0,3421,'',''),
(17602,838,2,'2025-11-24','ANC ','66','12551','CRL 9 wks ',0,3897,'',''),
(17603,2038,2,'2025-11-24','ANC /spotting ','68','12767','well ',0,3718,'',''),
(17604,1129,2,'2025-11-24','flu ','','','',0,3668,'',''),
(17605,645,2,'2025-11-24','ANC ','57','11162','well',0,3561,'',''),
(17606,1318,2,'2025-11-24','ANC ','','','',0,3506,'',''),
(17607,260,2,'2025-11-24','ANC ','72','13580','breech ',0,3633,'',''),
(17608,4018,2,'2025-11-24','ANC ','83','13678','well ',0,3809,'',''),
(17609,1318,2,'2025-11-24','report ','','','Medical Report\nتقرير طبي\nThe above-mentioned lady, 33 years old,\nP3+0ïƒ¨ NVD .\nLMP : 06.03.2025\nEDD :13.12.2025\nGA 38 wks \nDUSS: not done \nOn exam : \nUS: SVF , cephalic, normal liquor , placenta high , EFW 3500  gm\n\nThanks\n24.11.2025\n\n\n\n\n\n\n',0,3506,'',''),
(17610,3876,2,'2025-11-24','ANC ','64','12460','well ',0,3616,'',''),
(17611,2043,2,'2025-11-24','ANC','72','13072','female ',0,3779,'',''),
(17612,3800,2,'2025-11-25','','','','',1,3568,'',''),
(17613,4070,2,'2025-11-25','','','','',1,3875,'',''),
(17614,3964,2,'2025-11-26','','','','',1,3731,'',''),
(17615,3987,2,'2025-11-26','','','','',0,3759,'',''),
(17616,731,2,'2025-11-26','','','','',0,3956,'',''),
(17617,569,2,'2023-04-14','','','','',1,458,'',''),
(17618,569,2,'2025-11-26','ANC ','92','12680','small sac Seen ..start ASA next time hx of PET ',0,3957,'',''),
(17619,4105,2,'2025-11-26','spotting ','','','Missed abortion  ',0,3922,'',''),
(17620,258,2,'2025-11-26','','','','',0,3355,'',''),
(17621,3060,2,'2025-11-26','ANC','','','flu ... well ',0,2904,'',''),
(17622,3964,2,'2025-11-26','ANC','72','12960','well ',0,3731,'',''),
(17623,50,2,'2025-11-26','ANC /flu ','','','female, she felt male ...',0,3857,'',''),
(17624,729,2,'2025-11-26','','','','',1,605,'',''),
(17625,3407,2,'2025-11-26','','','','',1,3109,'',''),
(17626,1417,2,'2025-11-26','ANC ','','','want malaki ,, well 3200 gm ',0,3352,'',''),
(17627,3624,2,'2025-11-13','','','','',1,3381,'',''),
(17628,2799,2,'2025-12-02','ANC ','','','',1,2557,'',''),
(17629,2799,2,'2025-11-26','well ','','','\n\nTO WHOM IT MAY CONCERN\nPatient name: Eman Waheed Al-Deen Makhrazeh\nDOB: 18.08.1988 \nLast Menstrual Period: 26.07.2025\nEstimated Date of Confinement: 03.05.2026\nProposed dates of air travel: 03.12.2025 \nIn my opinion this lady has an uncomplicated single pregnancy of 18 weeks gestation and is fit to fly for her booked journey with your airline. \n\nYours sincerely,\nOmar Badareen\nOBGYN specialist\nDate:30.11.2025\n',0,2557,'',''),
(17630,4084,2,'2025-11-26','ANC ','','','male ',0,3895,'',''),
(17631,3419,2,'2025-11-27','','','','',0,3334,'',''),
(17632,2059,2,'2025-11-27','flu , ANC Wajeeh ','','','',0,3614,'',''),
(17633,4128,2,'2025-11-27','early pregnancy ','','13072','CRL 6 wks        ',0,3958,'',''),
(17634,3895,2,'2025-11-27','ANC / flu ','','','well ',0,3643,'',''),
(17635,597,2,'2025-11-27','ANC ','','','well',0,2614,'',''),
(17636,3977,2,'2025-11-27','ANC / depression ','','','Dizziness ',0,3747,'',''),
(17637,4129,2,'2025-11-27','','','','',0,3959,'',''),
(17638,833,2,'2025-11-27','ANC ','64','12372','for DUSS ',0,805,'',''),
(17639,4004,2,'2025-11-27','ANC ','','','well ',0,3789,'',''),
(17640,3762,2,'2025-11-27','ANC ','74','12975','UTI ',0,3520,'',''),
(17641,1643,2,'2025-11-27','','','','missed abortion ',0,3795,'',''),
(17642,1862,2,'2025-11-13','','','','',1,2680,'',''),
(17643,4076,2,'2025-11-27','ANC ','80','13083','male ',0,3888,'',''),
(17644,931,2,'2025-11-17','','','','',1,2760,'',''),
(17645,4131,2,'2025-11-27','ANC not sure date , ','','','well , male ',0,3961,'',''),
(17646,3975,2,'2025-11-27','ANC ','','','well , ',0,3741,'',''),
(17647,363,2,'2025-11-27','ANC ','','','well ',0,3402,'',''),
(17648,492,2,'2025-11-27','ANC  ','84','12868','well, flu ',0,3555,'',''),
(17649,3491,2,'2025-11-27','ANC ','','','well ',0,3485,'',''),
(17650,3491,2,'2025-11-27','report ','','','Medical Report\nتقرير طبي\nThe above-mentioned lady, 24 years old,\nP2+1ïƒ¨ NVD .\nCarrier of spinal Muscular atrophy\nLMP : 14.04.2025\nEDD :22.01.2026\nGA 32 wks \nCVS at 1st trimester : carrier for SMA \nDUSS: Normal Dr Mazen \nOGTT 77.. 126..107\nOn exam : \nUS: SVF , cephalic, normal liquor , placenta high , EFW 2000 gm\n\nThis report given for book delivery at hospital \nThanks\n27.11.2025\n\n\n\n\n\n\n ',0,3485,'',''),
(17651,3796,2,'2025-11-28','flu , ANC ','','','for decort ',0,3576,'',''),
(17652,532,2,'2025-11-28','ÙANC ','','','missed abortion ',0,3504,'',''),
(17653,4127,2,'2025-11-28','ANC ','','','mild poly , well ',0,3963,'',''),
(17654,4035,2,'2025-11-28','ANC ','','','male , well ',0,3827,'',''),
(17655,3844,2,'2025-11-28','ANC','','','well,,,,OGTT 88,,125,,91,,84',0,3591,'',''),
(17656,4052,2,'2025-11-28','','','','',1,3851,'',''),
(17657,3142,2,'2025-11-29','ANC /spotting ','79','13082','Placentia Low ! polyhyrmnious ',0,3908,'',''),
(17658,4117,2,'2025-11-29','ANC ','','','15.07.2026',0,3946,'',''),
(17659,3812,2,'2025-11-29','flu ','','','',0,3586,'',''),
(17660,246,2,'2025-11-29','check up ','','','empty uterus .complete abortion ',0,178,'',''),
(17661,3036,2,'2025-11-29','','','','small sac ',0,3964,'',''),
(17662,3638,2,'2025-11-29','ANC ','61','12470','',0,3373,'',''),
(17663,3707,2,'2025-11-29','','','','',1,3462,'',''),
(17664,3707,2,'2025-11-29','came for NST ..for wajeeh ','73','12980','DUSS , Dr Yara ,, .. polyhyrmnious ',0,3462,'',''),
(17665,3887,2,'2025-11-29','ANC ','','','flu ',0,3631,'',''),
(17666,3679,2,'2025-11-29','ANC','','','well .. for CS At 14.12',0,3422,'',''),
(17667,3679,2,'2025-11-29','','','','',1,3422,'',''),
(17668,3679,2,'2025-12-14','','','','',1,3422,'',''),
(17669,3679,2,'2025-11-29','','','','',1,3422,'',''),
(17670,2203,2,'2025-11-29','ANC ..to bring last delivery report , referd by me as sga , ','','','male ,, ',0,3965,'',''),
(17671,2528,2,'2025-11-29','ANC ','','','',0,3335,'',''),
(17672,851,2,'2025-11-29','ANC ','69','11766','',0,3844,'',''),
(17673,513,2,'2025-11-29','ANC ','','','',1,3634,'',''),
(17674,3886,2,'2025-11-29','ANC ','','','CRL 7 wks , 15.07.2026.. for Cervical assment and HVS , urine cx next viist ',0,3929,'',''),
(17675,2031,2,'2025-11-29','ANC ','75','12969','',0,3380,'',''),
(17676,4133,2,'2025-11-29','flu like symptoms ','','','CRL 8 wks ',0,3966,'',''),
(17677,1653,2,'2025-11-29','ANC ','76','12050','',0,3493,'',''),
(17678,4134,2,'2025-11-29','','','','empty uterus ',0,3967,'',''),
(17679,567,2,'2025-11-29','ANC ','70','13070','2400 gm ',0,3444,'',''),
(17680,2244,2,'2025-11-29','ANC ','82','13084','11.7..222.... sever UTI ',0,3968,'',''),
(17681,2947,2,'2025-11-29','ANC ','','','well , for VBAC ',0,3346,'',''),
(17682,1010,2,'2025-11-29','spotting ','70','13075','TVS , normal . long cervix ',0,3740,'',''),
(17683,785,2,'2025-11-29','ANC ','','13067','well ',0,3600,'',''),
(17684,2646,2,'2025-11-29','ANC ','','','well ',0,2940,'',''),
(17685,608,2,'2025-11-29','ANC','68','12260','CRL 7 wks ',0,3930,'',''),
(17686,626,2,'2025-11-29','ANC ','65','13365','SGA ',0,2932,'',''),
(17687,4027,2,'2025-11-29','','','','',1,3817,'',''),
(17688,4063,2,'2025-11-30','ANC ','63','12362','female , well ',0,3858,'',''),
(17689,2196,2,'2025-11-30','','','','',1,2405,'',''),
(17690,2196,2,'2025-11-30','1st time know about Pregnant ','','','EDD 11.04.2026... male ',0,3969,'',''),
(17691,4065,2,'2025-11-30','ANC /lower abdominal pain ','84','11860','male , well ',0,3862,'',''),
(17692,591,2,'2025-11-30','ANC ','','','EDD 05.07.2026',0,3884,'',''),
(17693,1006,2,'2025-11-30','ANC','','','',0,3479,'',''),
(17694,4029,2,'2025-11-30','ANC','91','13170','well ',0,3820,'',''),
(17695,3977,2,'2025-11-30','depression ','','','add lorax ',0,3747,'',''),
(17696,4113,2,'2025-11-30','ANC ','','','looks missed ',0,3935,'',''),
(17697,3950,2,'2025-11-30','ANC/ spoting ','80','13070','well . for NST every other day ',0,3714,'',''),
(17698,781,2,'2025-11-30','','','','',1,648,'',''),
(17699,3673,2,'2025-11-30','ANC ','','','well  ',0,3417,'',''),
(17700,781,2,'2025-11-30','ANC ','75','13383','female .. HC 16 wks ',0,3970,'',''),
(17701,3592,2,'2025-11-30','ANC ','','','well ',0,3526,'',''),
(17702,943,2,'2025-11-30','ANC ','','','',0,1627,'',''),
(17703,4029,2,'2025-11-30','Report ','','','Medical Report\nتقرير طبي\nThe above-mentioned lady, 33 years old,\nP4+0ïƒ¨ NVD .\nLMP : 10.03.2025\nEDD :17.12.2025\nGA 38 wks \nDUSS: not done \nShe presented complain form decreased    fetal movement’s.\nOn exam : \nUS: SVF , cephalic, normal liquor , placenta high , EFW 2600  gm\n \nRefer for delivery \n\nThanks\n30.11.2025\n\n\n\n\n\n\n',0,3820,'',''),
(17704,3648,2,'2025-11-30','ANC ','','','CRL 12 wks ',0,3563,'',''),
(17705,3367,2,'2025-11-30','ANC /dysuria ','','','DCDA twins // both Positive ',0,3971,'',''),
(17706,4136,2,'2025-12-01','ANC ','','','male , well ',0,3972,'',''),
(17707,1349,2,'2025-12-01','ANC ','73','11163','CRL 7 wks ',0,3941,'',''),
(17708,2646,2,'2025-12-01','','89','13668','',0,2940,'',''),
(17709,3474,2,'2025-12-01','','','','complete abortion ',0,3882,'',''),
(17710,3987,2,'2025-12-06','','','','',1,3759,'',''),
(17711,681,2,'2025-12-01','ANC ','97','12879','female, well , for DUSS ',0,3404,'',''),
(17712,3707,2,'2025-12-01','NST well ','','','',0,3462,'',''),
(17713,1132,2,'2025-12-01','ANC ','','','male ,,, well ',0,2420,'',''),
(17714,2206,2,'2025-12-01','ANC ','78','11166','female , for DUSS ',0,3833,'',''),
(17715,645,2,'2025-12-01','','','','',1,3561,'',''),
(17716,4072,2,'2025-12-01','ANC ','61','13071','CRL 10 wks ',0,3879,'',''),
(17717,3910,2,'2025-12-01','تم ارسال رسالة واتس اب لÙحص الاعضاء ','','','',0,3666,'',''),
(17718,633,2,'2025-12-01','تم ارسال رسالة واتس اب لÙحص الاعضاء ','','','',0,3742,'',''),
(17719,4123,2,'2025-12-01','تم ارسال رسالة واتس اب لÙحص الاعضاء ','','','',0,3954,'',''),
(17720,1769,2,'2025-12-01','تم ارسال رسالة واتس اب لÙحص الاعضاء ','','','',0,3685,'',''),
(17721,4028,2,'2025-12-01','تم ارسال رسالة واتس اب لÙحص الاعضاء ','','','',0,3819,'',''),
(17722,1091,2,'2025-12-01','تم ارسال رسالة واتس اب لÙحص الاعضاء ','','','',0,3871,'',''),
(17723,4121,2,'2025-12-01','تم ارسال رسالة واتس اب لÙحص الاعضاء ','','','',0,3949,'',''),
(17724,668,2,'2025-12-01','تم ارسال رسالة واتس اب لÙحص الاعضاء ','','','',0,3682,'',''),
(17725,3921,2,'2025-12-01','تم ارسال رسالة واتس اب لÙحص الاعضاء ','','','',0,3681,'',''),
(17726,1120,2,'2025-12-01','تم ارسال رسالة واتس اب لÙحص الاعضاء ','','','',0,3694,'',''),
(17727,2751,2,'2025-12-01','تم ارسال رسالة واتس اب لÙحص الاعضاء ','','','',0,2725,'',''),
(17728,3960,2,'2025-12-01','تم ارسال رسالة واتس اب لÙحص الاعضاء ','','','',0,3725,'',''),
(17729,3050,2,'2025-12-01','تم ارسال رسالة واتس اب لÙحص الاعضاء ','','','',0,3147,'',''),
(17730,3938,2,'2025-12-01','تم ارسال رسالة واتس اب لÙحص الاعضاء ','','','',0,3705,'',''),
(17731,4103,2,'2025-12-01','تم ارسال رسالة واتس اب لÙحص الاعضاء ','','','',0,3919,'',''),
(17732,46,2,'2025-12-01','تم ارسال رسالة واتس اب لÙحص الاعضاء ','','','',0,3943,'',''),
(17733,3536,2,'2025-12-01','تم ارسال رسالة واتس اب لÙحص الاعضاء ','','','',0,3693,'',''),
(17734,4047,2,'2025-12-01','تم ارسال رسالة واتس اب لÙحص الاعضاء ','','','',0,3840,'',''),
(17735,2196,2,'2025-12-01','تم ارسال رسالة واتس اب لÙحص الاعضاء ','','','',1,3969,'',''),
(17736,2196,2,'2025-12-01','تم ارسال رسالة واتس اب لÙحص الاعضاء ','','','',0,3969,'',''),
(17737,3752,2,'2025-12-01','تم ارسال رسالة واتس اب لÙحص الاعضاء ','','','',0,3723,'',''),
(17738,3142,2,'2025-12-01','تم ارسال رسالة واتس اب لÙحص الاعضاء ','','','',1,3908,'',''),
(17739,132,2,'2025-12-01','تم ارسال رسالة واتس اب لÙحص الاعضاء ','','','',0,3850,'',''),
(17740,4054,2,'2025-12-01','تم ارسال رسالة واتس اب لÙحص الاعضاء ','','','',0,3853,'',''),
(17741,4108,2,'2025-12-01','تم ارسال رسالة واتس اب لÙحص الاعضاء ','','','',1,3926,'',''),
(17742,3946,2,'2025-12-01','تم ارسال رسالة واتس اب لÙحص الاعضاء ','','','',0,3710,'',''),
(17743,4114,2,'2025-12-01','','','','',0,3938,'',''),
(17744,2576,2,'2025-12-02','','','','',1,3904,'',''),
(17745,3073,2,'2025-12-02','','','','',1,3894,'',''),
(17746,2252,2,'2025-12-02','','','','',1,3416,'',''),
(17747,4103,2,'2025-12-03','DUSS','','','NAD',0,3919,'',''),
(17748,4014,2,'2025-12-03','DUSS','','','',0,3805,'',''),
(17749,4122,2,'2025-12-03','ANC ','','','CRL 7 wks , EDD 27.07.2026',0,3950,'',''),
(17750,3910,2,'2025-12-03','DUSS ','','','',0,3666,'',''),
(17751,3752,2,'2025-12-03','DUSS ','','','NAD ',0,3723,'',''),
(17752,1219,2,'2025-12-03','DUSS ','','','Small Baby HC & AC below 10 5 centile ',0,3677,'',''),
(17753,1928,2,'2025-12-03','DUSS ','','','well',0,3664,'',''),
(17754,4014,2,'2025-12-03','','','','',1,3805,'',''),
(17755,1690,2,'2025-12-03','ANC ','','','male , well ',0,3842,'',''),
(17756,3915,2,'2025-12-03',' ANC ','79','11775','11.5..241...',0,3674,'',''),
(17757,932,2,'2025-12-03','ANC ','54','10250','male ',0,3973,'',''),
(17758,1928,2,'2025-12-03','hydronephrosis ','','','',0,3664,'',''),
(17759,1845,2,'2025-12-03','','','','',1,1601,'',''),
(17760,2476,2,'2025-12-03','ANC ','','','',0,3403,'',''),
(17761,3073,2,'2025-12-03','ANC ','','','female , not tell ',0,3894,'',''),
(17762,969,2,'2025-12-03','ANC ','','','well ',0,3531,'',''),
(17763,3988,2,'2025-12-03','ANC','69','11663','well ',0,3761,'',''),
(17764,1951,2,'2025-12-03','ANC ','','13060','small sac',0,3974,'',''),
(17765,4017,2,'2025-12-03','ANC ','66','13073','male , well ',0,3808,'',''),
(17766,1169,2,'2025-12-03','ANC ','','','polyhyrmnious for DUSS , and OGTT ',0,3546,'',''),
(17767,93,2,'2025-12-03','ANC ','','','female ',0,2462,'',''),
(17768,4139,2,'2025-12-03','ANC ','','12374','looks low sac ..+FH ',0,3975,'',''),
(17769,843,2,'2023-09-01','','','','',1,1151,'',''),
(17770,668,2,'2025-12-03','ANC ','','','11.6..165.. well , normal OGTT ',0,3682,'',''),
(17771,189,2,'2025-12-04','ANC ','','','polyhyrmnious , ',0,3625,'',''),
(17772,83,2,'2025-12-03','ANC ','','','flu ,, ',0,233,'',''),
(17773,3881,2,'2025-12-03','ANC ','','13577','male , female, one looks ',0,3839,'',''),
(17774,3407,2,'2025-12-04','ANC ','','','well 3 kg ',0,3109,'',''),
(17775,2302,2,'2025-09-24','','','','',1,2724,'',''),
(17776,3414,2,'2025-12-04','ANC ','','12475','usted given .. check gender ',0,3937,'',''),
(17777,567,2,'2025-12-04','','','','',1,3444,'',''),
(17778,689,2,'2025-12-04','ANC ','','12571','CRL 12 wks ',0,2501,'',''),
(17779,1951,2,'2025-12-04','ANC ','','','abortion ',0,3974,'',''),
(17780,1486,2,'2025-12-04','ANC /Spotting ','','11150','well ',0,3755,'',''),
(17781,4041,2,'2025-12-04','lower abdominal pain ','','10845','CRL 11 wks ',0,3869,'',''),
(17782,1600,2,'2025-12-04','ANC ','','','well , male ',0,3812,'',''),
(17783,3618,2,'2025-12-04','','','','small sac ',0,3976,'',''),
(17784,633,2,'2025-12-04','ANC','','','well , ',0,3742,'',''),
(17785,3892,2,'2025-12-04','ANC ','','11853','well ., flu ',0,3637,'',''),
(17786,2269,2,'2025-12-04','ANC ','','','',0,3475,'',''),
(17787,3648,2,'2025-12-04','','','12973','female',0,3563,'',''),
(17788,1784,2,'2025-12-04','ANC ','','','well 2500 ',0,2933,'',''),
(17789,1591,2,'2025-12-04','','','','',1,1380,'',''),
(17790,4077,2,'2025-12-04','ÙANC','','','well.. ',0,3890,'',''),
(17791,955,2,'2025-12-04','','','','',1,3684,'',''),
(17792,1552,2,'2025-12-04','ANC ','','13071','CRL 7 ...EDD 21.07.2026',0,1638,'',''),
(17793,866,2,'2025-12-06','ANC /spotting ','','10161','empty uterus . was seen by ismil sac , no report . to do titer 5300  ',0,3977,'',''),
(17794,2469,2,'2025-12-06','','','','',1,2164,'',''),
(17795,2469,2,'2025-12-06','ANC ','78','11870','fetal pole seen ',0,3978,'',''),
(17796,1928,2,'2025-12-06','','','','',0,3664,'',''),
(17797,4134,2,'2025-12-06','spotting ','','','titer 96... abortion ',0,3967,'',''),
(17798,50,2,'2025-12-06','ANC ','','','female , well ',0,3857,'',''),
(17799,3112,2,'2025-12-06','ANC ','','','well ',0,3924,'',''),
(17800,3027,2,'2025-12-06','','','','',1,2743,'',''),
(17801,3027,2,'2025-12-06','ANC ','','','male ,well ',0,3980,'',''),
(17802,3116,2,'2025-12-06','ANC / spotting ','','','TVS , small sac ',0,3982,'',''),
(17803,345,2,'2025-12-06','ANC ','74','12273','polyhydmnious , well ',0,2920,'',''),
(17804,3540,2,'2025-12-06','ANC ','','','well ',0,3484,'',''),
(17805,3414,2,'2025-12-06','','','','well , ',0,3937,'',''),
(17806,4052,2,'2025-12-06','ANC ','','','well ',0,3851,'',''),
(17807,2571,2,'2025-12-06','ANC ','','','well , by ikram there is cord around neck ',0,3515,'',''),
(17808,4122,2,'2025-12-06','dysuria ','','','well ',0,3950,'',''),
(17809,1976,2,'2025-12-06','Report ','70','13066','Medical Report\nتقرير طبي\nThe above-mentioned lady, 26 years old,\nP2+0ïƒ¨ NVD .\nLMP : 06.03.2025\nEDD :13.12.2025\nGA 39 wks \nDUSS: not done \nShe presented complain form lower abdominal pain , reported good fetal movement’s.\nOn exam : \nUS: SVF , cephalic, normal liquor , placenta high , EFW 3500 gm\n PV: 3 cm dilated \n\nRefer for delivery \nThanks\n06.12.2025\n\n\n\n\n\n\n',0,1708,'',''),
(17810,3736,2,'2025-12-06','ANC ','60','13061','well ',0,3494,'',''),
(17811,3060,2,'2025-12-06','ANC ','','12866','well ',0,2904,'',''),
(17812,3479,2,'2025-12-06','ANC ','58','11163','12..243.... well ',0,3928,'',''),
(17813,597,2,'2025-12-06','ANC ','','','',0,2614,'',''),
(17814,4141,2,'2025-12-06','flu ','','','male ',0,3983,'',''),
(17815,3100,2,'2025-12-06','ANC ','','13667','female ',0,3984,'',''),
(17816,4042,2,'2025-12-06','ANC ','75','13572','well , for DUSS ',0,3831,'',''),
(17817,194,2,'2025-12-06','ANC ','71','11757','polyhymnious , DVP 12.5.... SGA baby ',0,3985,'',''),
(17818,626,2,'2025-12-06','ANC ','','','thinks about IOL ',0,2932,'',''),
(17819,363,2,'2025-12-06','ANC ','','','male ,, Well ',0,3402,'',''),
(17820,3938,2,'2025-12-06','','','','',1,3705,'',''),
(17821,1652,2,'2025-12-07','ANC ','','','small sac ',0,3392,'',''),
(17822,3839,2,'2025-12-07','ANC (ANC Dr majed shawer )(DUSS not done ) ','','','For CTG , PV ',0,3590,'',''),
(17823,3691,2,'2025-12-07','ANC ','82','13676','well ',0,3441,'',''),
(17824,3050,2,'2025-12-07','ANC ','76','13872','Advice for DUSS (اسماعيل حكا Ùي مشكلة بالقلب (انا مش شايÙ مشكلة بالقلب بس الشراين تخصص دكتور الاعضاء ',0,3147,'',''),
(17825,3679,2,'2025-12-07','ANC ','','','',0,3422,'',''),
(17826,4142,2,'2025-12-07','ANC ','61','11350','',0,3987,'',''),
(17827,2947,2,'2025-12-07','high head ','','','advice for CS ',0,3346,'',''),
(17828,1120,2,'2025-12-07','ANC ','60','12381','Well ',0,3694,'',''),
(17829,211,2,'2025-12-07','','','','',1,128,'',''),
(17830,2947,2,'2025-12-07','reprot ','','','',0,3346,'',''),
(17831,3557,2,'2025-12-07','ANC ','','','',0,3640,'',''),
(17832,2686,2,'2025-12-07','ANC ','','','male , well , for DUSS ',0,3916,'',''),
(17833,1711,2,'2025-12-07','ANC ','','','EDD 25.07.2026',0,3989,'',''),
(17834,896,2,'2025-12-07','','','','well ',0,1622,'',''),
(17835,4144,2,'2025-12-07','ANC ','63','12870','CRL 8 wks, EDD 18.07.2026',0,3990,'',''),
(17836,2827,2,'2025-12-07','ANC ','71','11765','well ',0,3706,'',''),
(17837,3886,2,'2025-12-07','','','','',1,3929,'',''),
(17838,3886,2,'2025-12-07','سؤال على الواتس دسئلك عن سبب لحبوب Ù منطقة المهبل إذا سببها بكتيريا أو Ùطريات وهيك','','','بالعادة حسب عمر الحمل عندك ممكن تكون التهابات \nخلال الزيارة القادمة اذا ما كانت رايحة بنعطيك علاج \n\nوسلامت',0,3929,'',''),
(17839,3331,2,'2025-12-07','ANC ','','','placenta anterior low ,, ??? ',0,3594,'',''),
(17840,2462,2,'2025-12-08','','','','male , female ',0,2366,'',''),
(17841,1769,2,'2025-12-08','ANC ','','','well ',0,3685,'',''),
(17842,2837,2,'2025-12-08','ANC ','','','male ,, ',0,2545,'',''),
(17843,1902,2,'2025-12-08','ANC ','60','10055','',0,3344,'',''),
(17844,3354,2,'2025-12-08','ANC ','','','11..217... Well ',0,3487,'',''),
(17845,126,2,'2025-12-08','ANC ','','','well ',0,3867,'',''),
(17846,86,2,'2025-12-08','ANC ','','','male ,, ??!! ',0,2344,'',''),
(17847,866,2,'2025-12-08','','','','looks abortion ',0,3977,'',''),
(17848,4146,2,'2025-12-08','','80','13086','missed abortion ',0,3991,'',''),
(17849,4147,2,'2025-12-08','Sever UTI , ','64','12673','well, hydronephrosis ',0,3992,'',''),
(17850,2896,2,'2025-12-08','ANC ','60','12866','well ',0,3834,'',''),
(17851,2702,2,'2025-12-08','ANC ','83','12964','',0,3726,'',''),
(17852,2212,2,'2025-12-08','ANC ','','','Ferritin 7....10.5...147...',0,3409,'',''),
(17853,944,2,'2025-12-08','ANC ','86','12770','',0,3912,'',''),
(17854,4098,2,'2025-12-08','ANC ','','','eDD 08.12.2026..',0,3915,'',''),
(17855,4098,2,'2025-12-08','تقرير ','','','Medical Report\nتقرير طبي\nالمذكورة اعلاه تبلغ من العمر 18 سنة وهي حامل بالشهر الثالث  وموعد الولادة المتوقع 11.07.2026 \nاعطيت هذا التقرير بناء على طلبها \n\nThanks\n08.12.2025\n\n\n\n\n\n\n',0,3915,'',''),
(17856,814,2,'2025-12-08','ANC','','12358','male , well ',0,1147,'',''),
(17857,567,2,'2025-12-10','ANC ','','','Well 2600 gm ..SGA ',0,3444,'',''),
(17858,1894,2,'2025-12-10','','','','',1,2008,'',''),
(17859,1894,2,'2025-12-10','ANC','68.8','12080','CRL 9 wks ',0,3993,'',''),
(17860,3691,2,'2025-12-10','','','','NST ',0,3441,'',''),
(17861,3348,2,'2025-12-10','ANC ','83','12667','well ',0,3942,'',''),
(17862,3854,2,'2025-12-10','ANC ','','13862','',0,3599,'',''),
(17863,3061,2,'2025-12-10','ANC ','','13583','well . female ',0,3799,'',''),
(17864,2383,2,'2025-12-10','ANC ','','','male , well ',0,3914,'',''),
(17865,264,2,'2025-12-11','ANC','','','well ',0,3597,'',''),
(17866,4150,2,'2025-12-11','ANC ','','09473','CRL 7 wks ',0,3994,'',''),
(17867,4151,2,'2025-12-11','ANC ','','12565','came for PIC , well ',0,3995,'',''),
(17868,3099,2,'2025-12-11','ANC ','','','well ',0,3519,'',''),
(17869,3889,2,'2025-12-11','ANC ','','12174','small sac ',0,3996,'',''),
(17870,3859,2,'2025-12-11','ANC ','','12741','CRL 6 wks ',0,3997,'',''),
(17871,3697,2,'2025-11-24','','','','',1,3454,'',''),
(17872,2628,2,'2025-12-04','','','','',1,3547,'',''),
(17873,1048,2,'2025-12-11','ANC ','','','',0,3781,'',''),
(17874,3986,2,'2025-12-12','ANC ','','','',0,3763,'',''),
(17875,3722,2,'2025-12-12','ANC ','','','for CS 01.01.2026',0,3481,'',''),
(17876,4037,2,'2025-12-12','ANC ','','','NT by loai , high dopper for 75 asa , diet..male . ',0,3835,'',''),
(17877,2252,2,'2025-12-13','','','','',0,3416,'',''),
(17878,71,2,'2025-12-13','ANC ','','','',0,3366,'',''),
(17879,4117,2,'2025-12-13','ANC ','','','Well ',0,3946,'',''),
(17880,3036,2,'2025-12-13','ANC','','','',0,3964,'',''),
(17881,1653,2,'2025-12-13','','','','',1,3493,'',''),
(17882,4154,2,'2025-12-13','ANC .','','11570','well ',0,3999,'',''),
(17883,3367,2,'2025-12-13','ANC ','','','well ',0,3971,'',''),
(17884,2640,2,'2025-12-13','ANC ','','','',0,3818,'',''),
(17885,2640,2,'2025-12-13','report ','','','Medical Report\nتقرير طبي\nThe above-mentioned lady, 33-year-old, with history of 2 recurrent 1st trimester . Her EDD  25.05.2026, she did thrombophilia screen was positive , maintained on CLEXANE 40 mg twice daily   with aspirin 100 mg once daily . This report given upon patient request.   \n\nThanks\n25.12.2025\n\n\n\n\n\n\n',0,3818,'',''),
(17886,2720,2,'2025-12-13','ANC ','','','female , well ',0,3822,'',''),
(17887,21,2,'2025-12-13','ANC ','62','12664','for DUSS ',0,1360,'',''),
(17888,4049,2,'2025-12-13','ANC ','71','12867','well ',0,3846,'',''),
(17889,2912,2,'2025-12-13','ANC','','13864','3200 gm ,, advice for delivery in alia , not dome ',0,3814,'',''),
(17890,3056,2,'2025-12-13','ANC ','','13075','well',0,3448,'',''),
(17891,4072,2,'2025-12-13','','','','',1,3879,'',''),
(17892,4072,2,'2025-12-24','موعد شÙاÙية ','','','',0,3879,'',''),
(17893,1928,2,'2025-12-13','flank pain ','','','',0,3664,'',''),
(17894,3728,2,'2025-12-13','ANC','','12463','fetal pole seen ..12.2..227',0,4001,'',''),
(17895,1653,2,'2025-12-13','ANC','','13755','10.5...168....urine WBC over 200',0,3493,'',''),
(17896,3673,2,'2025-12-13','ANC ','','12988','well ',0,3417,'',''),
(17897,3098,2,'2025-12-13','ANC ','','','flu , well ',0,3775,'',''),
(17898,869,2,'2025-12-13','','','','',0,4002,'',''),
(17899,296,2,'2025-12-13','ANC ','','','CRL 7 wks ',0,4003,'',''),
(17900,2753,2,'2025-12-13','','','','',1,3413,'',''),
(17901,2753,2,'2025-12-13','ANC ','','','for delivery ',0,3413,'',''),
(17902,94,2,'2025-12-13','ANC ','','','',0,3450,'',''),
(17903,626,2,'2025-12-13','ANC ','','','',0,2932,'',''),
(17904,3743,2,'2025-12-13','ANC ','','','small sac ',0,4004,'',''),
(17905,4157,2,'2025-12-14','','','157104','by TVS Small sac ,,, my plan \nfor DM high dose folic acid 5 mg , vit d 2000 IU , ca 1200 , diet and reading \nfor recurrent abortion and PET  , medoral ??? , asa X 2 , clexan 60 mg \n\n',0,4005,'',''),
(17906,1417,2,'2025-12-14','ANC ','','','well,. 3600 gm ',0,3352,'',''),
(17907,4158,2,'2025-12-14','ANC ','','','',0,4006,'',''),
(17908,1145,2,'2025-11-07','','','','',1,3408,'',''),
(17909,4159,2,'2025-12-14','ANC ','','','fetal pole seen ',0,4007,'',''),
(17910,4158,2,'2025-12-14','reprot ','','','Medical Report\nتقرير طبي\nThis ER visit no Booking visit\nThe above-mentioned lady, 26 years old,\nP2+0ïƒ¨ NVD .\nThrombophilia positive , on clexan 40 mg \nLMP : 29.03.2025\nEDD :05.01.2026\nGA 37+ wks \nDUSS: normal no report  \nShe presented complain decreased  fetal movement’s.\nOn exam : \nUS: SVF , Breech , normal liquor , placenta high , EFW 3200  gm\n\nRefereed for ECV and IOL if possible  \nThanks\n14.12.2025\n\n\n\n\n\n\n',0,4006,'',''),
(17911,3892,2,'2025-12-14','ANC ','','','SGA baby ',0,3637,'',''),
(17912,3892,2,'2025-12-14','','','','',1,3637,'',''),
(17913,1516,2,'2025-12-14','ANC ','57','','CRL 5 wks , hematoma ',0,4008,'',''),
(17914,1236,2,'2025-12-14','ANC ','','','',0,2224,'',''),
(17915,1236,2,'2025-12-14','reprot','','','Medical Report\nتقرير طبي\nThe above-mentioned lady, 35 years old,\nP3+1ïƒ¨ NVD .\nLMP : 04.03.2025\nEDD :11.12.2025\nGA 40+4 wks \nDUSS: Not done   \nShe presented complain decreased fetal movement’s.\nOn exam : \nUS: SVF , cephalic  , normal liquor , placenta high , EFW 3400   gm\n\nRefereed for delivery     \nThanks\n14.12.2025\n\n\n\n\n\n\n',0,2224,'',''),
(17916,4027,2,'2025-12-14','ANC ','61','12553','well ',0,3817,'',''),
(17917,3445,2,'2025-12-14','ANC','66','','DUSS normal , dr mazen ,,, ',0,3181,'',''),
(17918,389,2,'2025-12-15','ANC ','79','12668','male , well ',0,1054,'',''),
(17919,4161,2,'2025-12-15','ANC ','','13578','small sac , fetal pole seen ',0,4009,'',''),
(17920,851,2,'2025-12-15','ANC ','','13477','',0,3844,'',''),
(17921,2258,2,'2025-12-15','ANC ','72','13373','well ',0,3034,'',''),
(17922,91,2,'2025-12-15','ANC ','60','12657','advice for DUSS ',0,3756,'',''),
(17923,4147,2,'2025-12-15','ANC ','','','for OGTT . urine Culture ',0,3992,'',''),
(17924,4162,2,'2025-12-15','ANC ','','','',0,4010,'',''),
(17925,4053,2,'2025-12-17','ANC ','','11461','Constipation ',0,3852,'',''),
(17926,3726,2,'2025-12-17','','','','',1,3483,'',''),
(17927,3726,2,'2025-12-17','reprot ','','','Medical Report\nتقرير طبي\nThe above-mentioned lady, 25 years old,\nIVF pregnancy , Primigarvida \nLMP : 11.03.2025\nEDD :18.12.2025\nGA 40 wks \nDUSS: not done \nShe presented complain form headache, reported good fetal movement’s.\nHer BP reading 181/102…187/100\nOn exam : \nUS: SVF , cephalic, increased  liquor , placenta high , EFW 3700 gm\n\nRefereed for hospital as case of elevated blood pressure , for delivery \nThanks\n17.12.2025\n\n\n\n\n\n\n',0,3483,'',''),
(17928,1653,2,'2025-12-17','ANC ','','','well ',0,3493,'',''),
(17929,3883,2,'2025-12-17','','','','small sac ',0,4011,'',''),
(17930,51,2,'2025-12-17','ANC ','','11150','high FBS ...FBS after 2 days  85',0,3724,'',''),
(17931,3754,2,'2025-12-17','ANC ','64','10770','',0,3513,'',''),
(17932,2244,2,'2025-12-17','','','','',0,3968,'',''),
(17933,3858,2,'2025-12-17','ANC ','','13475','well ',0,3605,'',''),
(17934,3618,2,'2025-12-17','ANC ','','','CRL 6 wks ',0,3976,'',''),
(17935,4163,2,'2025-12-17','aNC ','96','13456','male , well ',0,4012,'',''),
(17936,3950,2,'2025-12-17','ANC ','','14070','',0,3714,'',''),
(17937,1169,2,'2025-12-17','ANC ','','','well ',0,3546,'',''),
(17938,363,2,'2025-12-17','ANC ','','','well ',0,3402,'',''),
(17939,969,2,'2025-12-17','increased FM ','','','well , ',0,3531,'',''),
(17940,3950,2,'2025-12-17','','','','Medical Report\nتقرير طبي\nThe above-mentioned lady, 43 years old,\nP6+0ïƒ¨ previous one CS \nLMP : 28.03.2025\nEDD :04.01.2026\nGA 38  wks \nDUSS: short femur Polyhydramnios\nOn exam : \nUS: SVF , cephalic, increased  liquor , placenta high , EFW 3200 gm\n\nRefereed for hospital as case of elevated blood pressure , for delivery \n\nThanks\n17.12.2025\n\n\n\n\n\n\n',0,3714,'',''),
(17941,94,2,'2025-12-17','ANC ','','','well ',0,3450,'',''),
(17942,4103,2,'2025-12-17','ANC ','','','well ',0,3919,'',''),
(17943,2773,2,'2025-12-17','ANC ','','','well ',0,3647,'',''),
(17944,3560,2,'2025-12-17','ANC ','','12760','well ',0,3638,'',''),
(17945,4164,2,'2025-12-17','','','','missed abortion ',0,4013,'',''),
(17946,626,2,'2025-12-17','ANC ','','','SGA baby ,,',0,2932,'',''),
(17947,4076,2,'2025-12-17','ANC / flu ','','','well ',0,3888,'',''),
(17948,2918,2,'2025-12-18','ANC ','71','12872','well, for DUSS , had apoiment with mazen (normal )',0,2721,'',''),
(17949,3615,2,'2025-12-18','','','','',1,3353,'',''),
(17950,2404,2,'2025-12-18','ANC ','91','13084','male , well ',0,2231,'',''),
(17951,3946,2,'2025-12-18','ANC ','','','well ., for DUSS (singel UA artery)',0,3710,'',''),
(17952,4165,2,'2025-12-18','spotting ','50','','CRL 7 wks , ',0,4014,'',''),
(17953,4117,2,'2025-12-18','','','','',1,3946,'',''),
(17954,1487,2,'2025-12-18','ANC ','','12870','well ',0,3733,'',''),
(17955,3881,2,'2025-12-18','ANC ','64','13066','both male ',0,3839,'',''),
(17956,3890,2,'2025-12-18','ANC ','','','for OGTT ',0,3635,'',''),
(17957,4077,2,'2025-12-18','ANC ','','13082','well , for DUSS ',0,3890,'',''),
(17958,4127,2,'2025-12-19','ANC ','','','well ,,, Polyhydramnios ',0,3963,'',''),
(17959,4155,2,'2025-12-19','','','','',0,4015,'',''),
(17960,4168,2,'2025-12-19','spotting ','','','looks well, male , but report for referal givemn',0,4016,'',''),
(17961,2438,2,'2025-12-20','ANC ','75','13581','well ',0,2137,'',''),
(17962,1495,2,'2025-12-20','ANC ','','13070','well ',0,2499,'',''),
(17963,403,2,'2025-12-20','','','','',1,325,'',''),
(17964,2469,2,'2025-12-20','ANC ','','','CRL 7 wks . EDD 05.08.2026',0,3978,'',''),
(17965,4128,2,'2025-12-20','ANC ','','13067','well ',0,3958,'',''),
(17966,3943,2,'2025-12-20','ANC ','','13370','for DUSS this wk ... ',0,3709,'',''),
(17967,2061,2,'2025-12-20','ANC ','','','mild poly ... for DUSS ',0,3769,'',''),
(17968,28,2,'2025-12-20','','','','',1,3651,'',''),
(17969,42,2,'2025-12-20','تم ارسال رسالة واتس اب لÙحص الاعضاء ','','','',0,3936,'',''),
(17970,1010,2,'2025-12-20','تم ارسال رسالة واتس اب لÙحص الاعضاء ','','','',0,3740,'',''),
(17971,1414,2,'2025-12-20','ANC ','','','DUSS (appoiment by dr mazen )both male ',0,2173,'',''),
(17972,1963,2,'2025-12-20','تم ارسال رسالة واتس اب لÙحص الاعضاء ','','','',0,3752,'',''),
(17973,3074,2,'2025-12-20','تم ارسال رسالة واتس اب لÙحص الاعضاء ','','','',0,3745,'',''),
(17974,1487,2,'2025-12-20','تم ارسال رسالة واتس اب لÙحص الاعضاء ','','','',0,3733,'',''),
(17975,2720,2,'2025-12-20','تم ارسال رسالة واتس اب لÙحص الاعضاء ','','','',0,3822,'',''),
(17976,2043,2,'2025-12-20','تم ارسال رسالة واتس اب لÙحص الاعضاء ','','','',0,3779,'',''),
(17977,2404,2,'2025-12-20','تم ارسال رسالة واتس اب لÙحص الاعضاء ','','','',0,2231,'',''),
(17978,4064,2,'2025-12-20','تم ارسال رسالة واتس اب لÙحص الاعضاء ','','','',0,3860,'',''),
(17979,3943,2,'2025-12-20','تم ارسال رسالة واتس اب لÙحص الاعضاء ','','','',0,3709,'',''),
(17980,2918,2,'2025-12-20','','','','',1,2721,'',''),
(17981,126,2,'2025-12-20','تم ارسال رسالة واتس اب لÙحص الاعضاء ','','','',0,3867,'',''),
(17982,2206,2,'2025-12-20','تم ارسال رسالة واتس اب لÙحص الاعضاء ','','','',0,3833,'',''),
(17983,681,2,'2025-12-20','تم ارسال رسالة واتس اب لÙحص الاعضاء ','','','',0,3404,'',''),
(17984,3987,2,'2025-12-20','تم ارسال رسالة واتس اب لÙحص الاعضاء ','','','',0,3759,'',''),
(17985,833,2,'2025-12-20','تم ارسال رسالة واتس اب لÙحص الاعضاء ','','13083','',0,805,'',''),
(17986,4079,2,'2025-12-20','تم ارسال رسالة واتس اب لÙحص الاعضاء ','','','',1,3891,'',''),
(17987,2576,2,'2025-12-20','تم ارسال رسالة واتس اب لÙحص الاعضاء ','','','',0,3904,'',''),
(17988,4030,2,'2025-12-20','تم ارسال رسالة واتس اب لÙحص الاعضاء ','','','',0,3821,'',''),
(17989,2702,2,'2025-12-20','تم ارسال رسالة واتس اب لÙحص الاعضاء ','','','',0,3726,'',''),
(17990,2686,2,'2025-12-20','تم ارسال رسالة واتس اب لÙحص الاعضاء ','','','',0,3916,'',''),
(17991,2689,2,'2025-12-20','تم ارسال رسالة واتس اب لÙحص الاعضاء ','','','',0,3788,'',''),
(17992,4085,2,'2025-12-20','تم ارسال رسالة واتس اب لÙحص الاعضاء ','','','',0,3896,'',''),
(17993,2955,2,'2025-12-20','تم ارسال رسالة واتس اب لÙحص الاعضاء ','','','',0,3927,'',''),
(17994,4076,2,'2025-12-20','تم ارسال رسالة واتس اب لÙحص الاعضاء ','','','',0,3888,'',''),
(17995,954,2,'2025-12-20','ANC ','','','well ',0,4017,'',''),
(17996,4025,2,'2025-12-20','ANC ','','','female , well ',0,3816,'',''),
(17997,86,2,'2025-12-20','ANC ','','','well ',0,2344,'',''),
(17998,3231,2,'2025-12-20','ANC ','73','','well ',0,2973,'',''),
(17999,2462,2,'2025-12-20','ANC ','','','well , normal ',0,2366,'',''),
(18000,3064,2,'2025-12-20','ANC ','','10853','2800 gm , female ',0,4018,'',''),
(18001,4041,2,'2025-12-20','ANC ','','11167','female ',0,3869,'',''),
(18002,3060,2,'2025-12-20','ANC ','','','2800 well ',0,2904,'',''),
(18003,4046,2,'2025-12-20','ANC ','50','10454','well, for DUSS ',0,3837,'',''),
(18004,3785,2,'2025-12-20','ANC ','65','12570','Well ',0,3549,'',''),
(18005,851,2,'2025-12-20','','','','11.6...287',0,3844,'',''),
(18006,626,2,'2025-12-20','ANC','','','Medical Report\nتقرير طبي\nThe above-mentioned lady, 29 years old,\nP1+0ïƒ¨ NVD .\nLMP : 23.03.2025\nEDD :30.12.2025\nGA 39 wks \nDUSS: Normal by Dr Loai  \nReported good fetal movement’s.\nOn exam: \nUS: SVF, cephalic, normal liquor, placenta high, EFW 2500 gm\nNST: reactive fetal heart, No contraction \n \nReferred for Delivery as Case SGA baby.\n\nThanks\n20.12.2025\n\n\n\n\n\n\n',0,2932,'',''),
(18007,2943,2,'2025-12-20','ANC ','87','','well for DUSS ',0,3773,'',''),
(18008,1676,2,'2025-12-20','ANC ','','','well ',0,3621,'',''),
(18009,3414,2,'2025-12-21','ANC ','','','well TVS 25 mm , low Placenta ',0,3937,'',''),
(18010,567,2,'2025-12-21','ANC ','','','3000 gm , well ',0,3444,'',''),
(18011,1652,2,'2025-12-21','ANC ','56','12668','CRL 7 wks ',0,3392,'',''),
(18012,347,2,'2025-12-21','ANC ','','','well ',0,3655,'',''),
(18013,3354,2,'2025-12-21','ANC ','','','well ',0,3487,'',''),
(18014,2753,2,'2025-12-21','','','','',1,3413,'',''),
(18015,695,2,'2025-12-21','ANC ','','','',0,2923,'',''),
(18016,1132,2,'2025-12-21','ANC ','','13070','well ',0,2420,'',''),
(18017,2212,2,'2025-12-21','ANC','','12650','well ',0,3409,'',''),
(18018,833,2,'2025-12-21','Dizziness ','','','',0,805,'',''),
(18019,3812,2,'2025-12-21','ANC ','','','',0,3586,'',''),
(18020,608,2,'2025-12-21','ANC  ','','11167','well',0,3930,'',''),
(18021,814,2,'2025-12-21','ANC ','','','male , well ',0,1147,'',''),
(18022,3983,2,'2025-12-22','ANC ','','','CRL 11 WKS ',0,4019,'',''),
(18023,1840,2,'2025-12-22','ANC ','','','well ',0,3613,'',''),
(18024,4177,2,'2025-12-22','ANC ','','12872','subplacental hemtoma .. 3 cm ',0,4020,'',''),
(18025,4052,2,'2025-12-22','ANC ','','','spotting ',0,3851,'',''),
(18026,4173,2,'2025-12-22','','','','female ',0,4021,'',''),
(18027,2753,2,'2025-12-22','ANC ','','','',0,3413,'',''),
(18028,4056,2,'2025-12-22','ANC ','','11762','for NST , PV .. refer for Delivery ',0,3854,'',''),
(18029,3686,2,'2025-12-22','ANC ','62','','SGA baby ',0,3478,'',''),
(18030,4179,2,'2025-12-22','','','','female ',0,4022,'',''),
(18031,645,2,'2025-12-22','ANC ','','','well ',0,3561,'',''),
(18032,4139,2,'2025-12-22','ANC ','','','low lying , for TVS next time ',0,3975,'',''),
(18033,4084,2,'2025-12-22','ANC ','63','11862','male ..HC 17 wks ',0,3895,'',''),
(18034,4056,2,'2025-12-22','','','','',0,3854,'',''),
(18035,3876,2,'2025-12-22','ANC','','','well ',0,3616,'',''),
(18036,569,2,'2025-12-22','ÙANC ','','','well ,, EDD 04.08.2026',0,3957,'',''),
(18037,3765,2,'2025-12-23','','','','',0,3522,'',''),
(18038,345,2,'2025-12-24','depression ','','','check stomach , looks small baby ',0,2920,'',''),
(18039,4182,2,'2025-12-24','DUSS done normal at lower normal  by loai ','','','Repeated after two check weight as refered from dr mai ',0,4025,'',''),
(18040,3331,2,'2025-12-24','ANC , lower abdominal pain ','','','1600 gm ',0,3594,'',''),
(18041,4114,2,'2025-12-24','ANC ','','','12.4..218...gct 110',0,3938,'',''),
(18042,3987,2,'2025-12-24','DUSS ','','','Well ',0,3759,'',''),
(18043,3367,2,'2025-12-24','Spotting ','','','',0,3971,'',''),
(18044,4072,2,'2025-12-24','NT','','','high UA doppler ',0,3879,'',''),
(18045,2285,2,'2025-12-24','came for DUSS ','','','',0,4026,'',''),
(18046,4076,2,'2025-12-24','DUSS ','','','',0,3888,'',''),
(18047,4188,2,'2025-12-24','ANC ','','','',0,4028,'',''),
(18048,4181,2,'2025-12-24','','','','',0,4027,'',''),
(18049,2664,2,'2025-12-24','','','','',1,2550,'',''),
(18050,2646,2,'2025-12-24','ANC ','','','anemia . bika . ',0,2940,'',''),
(18051,2288,2,'2025-12-24','refered for delivery ','','','Medical Report\nتقرير طبي\nThe above-mentioned lady, 26 years old,\nP2+0ïƒ¨ NVD .\nLMP : 21.03.2025\nEDD :28.12.2025\nGA 40 wks \nDUSS: not done \nShe presented complain form elevated blood pressure , with decreased  fetal movement’s.\nOn exam : \nUS: SVF , cephalic, decreased  liquor , placenta high , EFW 3500 gm\nReferred for delivery as case of oligohydramnios,, elevated blood pressure for delivery .\nThanks\n24.12.2025\n\n\n\n\n\n\n',0,3399,'',''),
(18052,711,2,'2025-12-25','delivery in malaki today by Me ','','','',0,3427,'',''),
(18053,1034,2,'2025-12-25','ANC ','','','CRL 8 wks , hemtoma seen ',0,4032,'',''),
(18054,3099,2,'2025-12-25','ANC ','','11483','',0,3519,'',''),
(18055,689,2,'2025-12-25','ANC ','','13084','female ',0,2501,'',''),
(18056,3859,2,'2025-12-25','ANC ','','','',0,3997,'',''),
(18057,2484,2,'2025-12-25','','','','',0,2750,'',''),
(18058,3938,2,'2025-12-25','ANC ','','','short CX ',0,3705,'',''),
(18059,3886,2,'2025-12-25','ANC /Flu','','','HVS ,. urione Cx taken ',0,3929,'',''),
(18060,3812,2,'2025-12-25','ANC ','','','well ',0,3586,'',''),
(18061,3458,2,'2025-12-25','ANC ','','13072','well ',0,3452,'',''),
(18062,3757,2,'2025-12-25','ANC ','','','well ',0,3516,'',''),
(18063,2682,2,'2025-12-25','ANC ','','','well ',0,3680,'',''),
(18064,4120,2,'2025-12-25','ANC ','65','12988','male ',0,3947,'',''),
(18065,4189,2,'2025-12-25','ANC ','','','male ,, ',0,4033,'',''),
(18066,328,2,'2025-12-25','','','','',1,3306,'',''),
(18067,4191,2,'2025-12-25','1st vist PROM ','','','small baby , anhydmnious for delivery ',0,4034,'',''),
(18068,4191,2,'2025-12-25','','','','Medical Report\nتقرير طبي\nThis ER visit , Unbooked lady \nThe above-mentioned lady, 33 years old,\nP2+0> NVD   .Poor ANC  \nEDD :05.01.2026\nGA 39 wks \nDUSS: not done \nShe presented complain form watery vaginal leakage   since night with decreased  fetal movement’s.\nOn exam : \nUS: SVF , cephalic, decreased  liquor , placenta high , EFW 2100 gm SGA !!\n\nReferred for delivery \nThanks\n25.12.2025\n\n\n\n\n\n\n',0,4034,'',''),
(18069,1269,2,'2025-12-25','','','','',1,1700,'',''),
(18070,2751,2,'2025-12-25','ANC ','','','Well ',0,2725,'',''),
(18071,4035,2,'2025-12-26','ANC ','','','well , for DUSS ',0,3827,'',''),
(18072,3722,2,'2025-12-26','ANC ','','','',0,3481,'',''),
(18073,4037,2,'2025-12-26','ANC','','','well',0,3835,'',''),
(18074,4192,2,'2025-12-26','hydropes baby ','','','',0,4035,'',''),
(18075,4063,2,'2025-12-27','ANC','64','135','well ',0,3858,'',''),
(18076,3414,2,'2025-12-27','ANC / ROM ','','','',0,3937,'',''),
(18077,1349,2,'2025-12-27','ANC','','','ICT Positive ,, afetr recived anti D .. ICT after two wks ',0,3941,'',''),
(18078,1349,2,'2025-12-27','','','','',1,3941,'',''),
(18079,1349,2,'2025-12-27','','','','',1,3941,'',''),
(18080,4070,2,'2025-12-27','ANC ','','12278','male ,well ',0,3875,'',''),
(18081,4011,2,'2025-12-27','ANC ','54','','male ',0,3801,'',''),
(18082,2912,2,'2025-12-27','ANC ','','','',0,3814,'',''),
(18083,1516,2,'2025-12-27','ANC ','','','well 0still Hematoma ',0,4008,'',''),
(18084,754,2,'2025-12-27','ANC ','','11660','',0,1918,'',''),
(18085,3099,2,'2025-12-27','reprot ','','','Medical Report\nتقرير طبي\nThe above-mentioned lady, 23 years old, primigarvida < IVF pregnancy .\nLMP: 18.04.2025\nEDD :25.01.2026\nGA 36 wks \nDUSS: Normal , Dr Loai Seed  \nOn exam : \nUS: DCDA twins, Both Breech ,normal  liquor for both  , placenta high , EFW 2100/2300  gm .\n\nReferred to Book Cs appointment \n  \nThanks\n25.12.2025\n\n\n\n\n\n\n',0,3519,'',''),
(18086,3060,2,'2025-12-27','ANC ','','','Medical Report\nتقرير طبي\nThe above-mentioned lady, 19 years old, primigarvida.\nLMP: 20.03.2025\nEDD :27.12.2025\nGA 40+2 wks \nPresented complain form decreased fetal movement’s ,\nDUSS: Normal , Dr Loai Seed  \nOn exam : \nUS: SVF . cephalic, normal liquor, placenta high , EFW 2700  gm .\n\nReferred to delivery \n  \nThanks\n27.12.2025\n\n\n\n\n\n\n',0,2904,'',''),
(18087,3056,2,'2025-12-27','ANC','','12461','',0,3448,'',''),
(18088,1067,2,'2025-12-27','','','','',1,902,'',''),
(18089,851,2,'2025-12-27','ANC ','','','flu . male ',0,3844,'',''),
(18090,1067,2,'2025-12-27','','','','well ',0,4037,'',''),
(18091,1067,2,'2025-12-27','','','','',1,4037,'',''),
(18092,3964,2,'2025-12-27','ANC ','','13060','well ',0,3731,'',''),
(18093,1030,2,'2025-12-27','ANC ','','','CRL 7 wks ',0,4038,'',''),
(18094,2849,2,'2025-12-27','ANC ','','','well ',0,2565,'',''),
(18095,4004,2,'2025-12-27','ANC ','','','male',0,3789,'',''),
(18096,3673,2,'2025-12-27','ANC ','','','well ',0,3417,'',''),
(18097,2212,2,'2025-12-27','ANC ','','','',0,3409,'',''),
(18098,2476,2,'2025-12-27','ANC ','','','well .. ask for dexa ',0,3403,'',''),
(18099,4159,2,'2025-12-28','ANC','','','CRl 8 wks ',0,4007,'',''),
(18100,3915,2,'2025-12-28','','','','',0,3674,'',''),
(18101,4195,2,'2025-12-28','check up','','11060','',0,4039,'',''),
(18102,1135,2,'2025-12-28','','','','',1,964,'',''),
(18103,3445,2,'2025-12-28','ANC ','67.7','','breech .... well ',0,3181,'',''),
(18104,3728,2,'2025-12-28','ANC ','65','12275','Well , cRL 8 wks ',0,4001,'',''),
(18105,19,2,'2025-12-28','ANC ','','','look bliugthed , not tell ',0,4040,'',''),
(18106,608,2,'2025-12-28','','','','',1,3930,'',''),
(18107,599,2,'2025-12-28','ANC ','','','well ',0,3744,'',''),
(18108,4196,2,'2025-12-28','ANC ','','12567','small sac ',0,4041,'',''),
(18109,784,2,'2025-12-28','ANC ','','','well ',0,4042,'',''),
(18110,786,2,'2025-12-28','ANC ','','','looks Blighted ',0,4043,'',''),
(18111,3954,2,'2025-12-28','ANC ','','','well ',0,3719,'',''),
(18112,3886,2,'2025-12-28','','','','',1,3929,'',''),
(18113,4144,2,'2025-12-29','ANC ','','13073','looks male not tell ,',0,3990,'',''),
(18114,3414,2,'2025-12-29','ANC ','','','rupture of membrane .. for dexa ',0,3937,'',''),
(18115,1269,2,'2025-12-29','ANC ','','','for OGTT then Dexa (dexa given) ',0,1700,'',''),
(18116,3889,2,'2025-12-29','ANC ','62','12562','CRL 8 wks ',0,3996,'',''),
(18117,4052,2,'2025-12-29','','','','',1,3851,'',''),
(18118,3304,2,'2025-12-29','ANC / spotting ','','','looks female , ',0,3911,'',''),
(18119,2753,2,'2025-12-29','for  delieery ','','','',0,3413,'',''),
(18120,3869,2,'2025-12-29','ANC ','','12856','Well ',0,3611,'',''),
(18121,4174,2,'2025-12-29','ANC ','','','small sac ',0,4044,'',''),
(18122,80,2,'2025-12-29','ANC ','','12860','EDD 18.08.2026',0,4045,'',''),
(18123,4198,2,'2025-12-29','ANC ','78','','female, well ',0,4046,'',''),
(18124,2837,2,'2025-12-31','Spotting ','','','',0,2545,'',''),
(18125,2865,2,'2025-12-31','','','','CRl 8 wks ',0,4048,'',''),
(18126,3519,2,'2025-12-31','','','','female ',0,3873,'',''),
(18127,567,2,'2025-12-31','ANC ','','11673','Medical Report\nتقرير طبي\nThe above-mentioned lady, 23 years old,\nP2+0ïƒ¨ NVD .\nLMP : 25.03.2025\nEDD :01.01.2026\nGA 40+ wks \nDUSS: normal Dr Loai  \nShe presented complain form decreased  fetal movement’s.\nOn exam : \nUS: SVF , cephalic, decreased  liquor , placenta high , EFW 3400  gm\nNST : reactive fetal heart , No contraction  \n\nReferred for delivery \n\nThanks\n31.12.2025\n\n\n\n\n\n\n',0,3444,'',''),
(18128,838,2,'2025-12-31','ANC ','68','13058','female . well ..check labs next time ',0,3897,'',''),
(18129,4017,2,'2025-12-31','Spotting ','','13068','well ',0,3808,'',''),
(18130,1653,2,'2025-12-31','ANC ','','12561','well, 2800 gm ',0,3493,'',''),
(18131,1912,2,'2025-12-31','ANC ','','','well ',0,3642,'',''),
(18132,1129,2,'2025-12-31','ANC','65','','poly for OGTT ',0,3668,'',''),
(18133,591,2,'2025-12-31','ANC ','','','',0,3884,'',''),
(18134,1129,2,'2025-12-31','','','','',1,3668,'',''),
(18135,1129,2,'2025-12-31','','','','',1,3668,'',''),
(18136,2576,2,'2025-12-31','ANC ','','','TSH 0.059...low !!',0,3904,'',''),
(18137,1495,2,'2025-12-31','ANC ','','13075','NST well , well ',0,2499,'',''),
(18138,1067,2,'2025-12-31','','','','for delivery in malki ',0,4037,'',''),
(18139,4200,2,'2025-12-31','ANC ','47','10162','small sac , looks up in fundus ',0,4049,'',''),
(18140,1928,2,'2025-12-31','ANC /flu ','','','well ',0,3664,'',''),
(18141,4161,2,'2025-12-31','ANC ','48','12765','EDD 18.08.2026',0,4009,'',''),
(18142,3073,2,'2025-12-31','ANC ','','','well , scar pain ',0,3894,'',''),
(18143,3618,2,'2025-12-31','ANC ','','18060','well ',0,3976,'',''),
(18144,3686,2,'2025-12-31','','','10463','sga baby ,, 2300 ,, خوÙ كثير well,, 13.2....211',0,3478,'',''),
(18145,3923,2,'2025-12-31','ANC ','','','male .. well ',0,3683,'',''),
(18146,3753,2,'2025-12-31','ANC ','','','',0,3512,'',''),
(18147,3074,2,'2025-12-31','ANC','','','polyhyrmnious ',0,3745,'',''),
(18148,3142,2,'2025-12-31','','','','',1,3908,'',''),
(18149,4099,2,'2025-12-31','','','','',1,3917,'',''),
(18150,4157,2,'2026-01-01','','','','By Trans abdominal Sac seen ',0,4005,'',''),
(18151,4201,2,'2026-01-01','ANC ','75','12780','well ',0,4050,'',''),
(18152,4202,2,'2026-01-01','ANC ','66','10266','CRL 8 wks ',0,4051,'',''),
(18153,513,2,'2026-01-01','ANC ','','','',0,3634,'',''),
(18154,1690,2,'2026-01-01','ANC ','','','male well ',0,3842,'',''),
(18155,623,2,'2026-01-01','ANC ','','12256','small sac ',0,4052,'',''),
(18156,4150,2,'2026-01-01','ANC ','','','EDD 07.08.2026',0,3994,'',''),
(18157,3785,2,'2026-01-01','ANC','67','11879','well ',0,3549,'',''),
(18158,264,2,'2026-01-01','ANC ','','13575','',0,3597,'',''),
(18159,4079,2,'2026-01-02','ANC','','','to do DUSS .. placenta high ',0,3891,'',''),
(18160,4205,2,'2026-01-02','ANC ','','','baby , well , for DUSS ',0,4053,'',''),
(18161,3796,2,'2026-01-02','decort given ','','','report given for CS apoiment  18.01',0,3576,'',''),
(18162,3844,2,'2026-01-02','ANC ','','','well,,11.4...204',0,3591,'',''),
(18163,3549,2,'2026-01-02','','','','small sac ',0,4054,'',''),
(18164,4207,2,'2026-01-02','ANC ','','','small sac ',0,4055,'',''),
(18165,4011,2,'2026-01-02','','','','',1,3801,'',''),
(18166,4182,2,'2026-01-03','ANC','','12160','looks small ',0,4025,'',''),
(18167,3535,2,'2026-01-03','not know LMP ','','','Small sac ',0,4056,'',''),
(18168,3506,2,'2026-01-03','','','','EDD 16.08.2026.. well ',0,4057,'',''),
(18169,18,2,'2026-01-03','ANC ','86','13580','well ',0,3697,'',''),
(18170,1219,2,'2026-01-03','ANC ','70','12566','',0,3677,'',''),
(18171,3883,2,'2026-01-03','','75','12952','CRL 7 wks ',0,4011,'',''),
(18172,1074,2,'2026-01-03','ANC ','','','well , for DUSS ',0,3798,'',''),
(18173,4209,2,'2026-01-03','ANC ','','13072','for delivery ',0,4058,'',''),
(18174,3743,2,'2026-01-03','','','','CRL 8 wks ',0,4004,'',''),
(18175,2462,2,'2026-01-03','ANC','68','120','well  for DUSS ',0,2366,'',''),
(18176,3944,2,'2026-01-03','ANC ','72','12760','Well',0,3708,'',''),
(18177,330,2,'2026-01-03','ANC ','','','CRL 7 wks ',0,4060,'',''),
(18178,1067,2,'2026-01-03','','','','',0,4037,'',''),
(18179,1654,2,'2026-01-03','ANC ','','10060','well ',0,3758,'',''),
(18180,3458,2,'2026-01-03','ANC ','','','well ',0,3452,'',''),
(18181,629,2,'2026-01-03','','','','empty uterus ',0,4061,'',''),
(18182,1552,2,'2026-01-03','ANC ','','','well , ',0,1638,'',''),
(18183,1210,2,'2026-01-04','ANC','','','female , well ',0,3849,'',''),
(18184,1822,2,'2026-01-04','','','','',1,1963,'',''),
(18185,4212,2,'2026-01-04','ANC ','','12466','',0,4062,'',''),
(18186,4177,2,'2026-01-04','ANC ','','','well , heamotma still same ',0,4020,'',''),
(18187,3987,2,'2026-01-04','ANC ','','','well, polydmnious ',0,3759,'',''),
(18188,4213,2,'2026-01-04','ANC ','','','fetal pole seen ',0,4063,'',''),
(18189,2711,2,'2026-01-04','ANC ','','','',0,4064,'',''),
(18190,645,2,'2026-01-04','ANC ','','12467','heavniess , Urine Free .TVS 30 mm ',0,3561,'',''),
(18191,1269,2,'2026-02-15','','','','',1,1700,'',''),
(18192,1902,2,'2026-01-04','ANC','','','well ',0,3344,'',''),
(18193,633,2,'2026-01-04','ANC ','','','',0,3742,'',''),
(18194,1169,2,'2026-01-04','ANC itching ','','','well ',0,3546,'',''),
(18195,3180,2,'2026-01-04','','','','',1,4065,'',''),
(18196,3180,2,'2026-01-04','green Discharge ','','','decreased Liquor , HVS taken , urine Cx done , to Do DUSS ',0,4065,'',''),
(18197,2753,2,'2026-01-04','','','','',1,3413,'',''),
(18198,2753,2,'2026-01-04','still high ','','','',0,3413,'',''),
(18199,2689,2,'2026-01-04','ANC ','','10854','well ',0,3788,'',''),
(18200,2799,2,'2026-01-04','','','','for DUSS ',0,2557,'',''),
(18201,2826,2,'2026-01-04','ANC ','','13080','missed abortion ',0,3886,'',''),
(18202,453,2,'2026-01-04','','','','empty uterus ... asa ,.. plan hx of GDM ... PET ',0,4066,'',''),
(18203,2646,2,'2026-01-04','','','','',1,2940,'',''),
(18204,2914,2,'2026-01-05','','','','',1,2630,'',''),
(18205,2914,2,'2026-01-05','ANC ','','13081','small sac in Hematoma ',0,4067,'',''),
(18206,3116,2,'2026-01-05','ANC ','','','CRL 9 wks ',0,3982,'',''),
(18207,4022,2,'2026-01-05','','','','',1,3813,'',''),
(18208,3743,2,'2026-01-05','','','','Medical Report\nتقرير طبي\nالمذكورة اعلاه حامل بالشهر الثاني من الحمل وتعاني من استÙراغ وقئ مستمر لا يستجيب لادوية غثيان الحمل العادية وهي بحاجة الى دواء onset 4 Mg  مرتين يوميا \nاعطيت هذا التقرير بناء على طلبها \nThanks\n05.01.205\n\n\n\n\n\n\n',0,4004,'',''),
(18209,3743,2,'2026-01-05','','','','',0,4004,'',''),
(18210,4215,2,'2026-01-05','ANC ','','12275','',0,4068,'',''),
(18211,296,2,'2026-01-05','ANC ','66.5','12465','CRL 10 wks ',0,4003,'',''),
(18212,4215,2,'2026-01-05','','','','',1,4068,'',''),
(18213,4215,2,'2025-12-14','','','','',1,4068,'',''),
(18214,4215,2,'2025-11-06','','','','',1,4068,'',''),
(18215,4157,2,'2026-01-05','spotting ','','','suspected cornual pregncny ',0,4005,'',''),
(18216,2484,2,'2026-01-05','ANC ','','','Medical Report\nتقرير طبي\nThe above-mentioned lady, 24 years old,\nP0+1ïƒ¨ 2nd Trimester abortion at 23 wks.\nLMP : 18.04.2025\nEDD :25.01.2026\nGA 37 wks \nDUSS: normal  \nShe presented complain form lower abdominal pain , decreased  fetal movement’s.\nOn exam : \nUS: SVF , cephalic, decreased  liquor , placenta high , EFW 2500  gm\n\nReferred for delivery  \nThanks\n05.01.2026\n\n\n\n\n\n\n',0,2750,'',''),
(18217,4216,2,'2026-01-05','','','','missed abortion ',0,4069,'',''),
(18218,2383,2,'2026-01-05','ANC ','','','male ',0,3914,'',''),
(18219,4217,2,'2026-01-05','','','11767','CRL 24.08.2026',0,4070,'',''),
(18220,185,2,'2026-01-05','','','','missed abortion ',0,4071,'',''),
(18221,3686,2,'2026-01-05','ANC ','','','2300 gm same ',0,3478,'',''),
(18222,3398,2,'2026-01-05','ANC ','','','female ',0,3913,'',''),
(18223,2646,2,'2026-01-05','ANC','','','well 3500 gm ',0,2940,'',''),
(18224,3686,2,'2026-01-05','report ','','','Medical Report\nتقرير طبي\nThe above-mentioned lady, 23 years old,\nPrimigarvida \nLMP : 15.04.2025\nEDD :22.01.2026\nGA 38 wks. \nDUSS: Not done \nOn exam: \nUS: SVF, cephalic, decreased liquor, placenta high, EFW 2300 gm.\n\nReferred for delivery as case of SGA baby \n\nThanks\n05.01.2026\n\n\n\n\n\n\n',0,3478,'',''),
(18225,4174,2,'2026-01-05','back pain , urine free ','','','fetal pole seen ',0,4044,'',''),
(18226,3656,2,'2026-01-07','Spotting seen by dr loai ','','','ICT neg ,, 12.3...278',0,3861,'',''),
(18227,2918,2,'2026-01-07','ANC','','','well',0,2721,'',''),
(18228,327,2,'2026-01-07','ANC ','77','11651','well ',0,3042,'',''),
(18229,2914,2,'2026-01-07','spotting ','','','same view',0,4067,'',''),
(18230,4077,2,'2026-01-07','','','','3rd baby,, absent EDF ..start ASA ',0,3890,'',''),
(18231,2203,2,'2026-01-07','anemia , UTI ','','','well , ',0,3965,'',''),
(18232,1159,2,'2026-01-07','ANC ','','','missed abortion ',0,3951,'',''),
(18233,1159,2,'2026-01-07','report ','','','Medical Report\nتقرير طبي\nThe above-mentioned lady, 38 years old,\nP3+0ïƒ¨ NVD .\nEDD :24.06.2026\nGA 16 wks \nUS: Single dead fetus , HC 14 wks ,\n\nReferred for termination \nThanks\n07.1.2026\n\n\n\n\n\n\n',0,3951,'',''),
(18234,1495,2,'2026-01-07','','','','',1,2499,'',''),
(18235,1495,2,'2026-01-07','ANC ','','','Well , NST well ',0,2499,'',''),
(18236,3557,2,'2026-01-07','ANC ','','','well ',0,3640,'',''),
(18237,3056,2,'2026-01-07','ANC ','','','well ',0,3448,'',''),
(18238,4133,2,'2026-01-07','ANC ','','11770','Well ... male ',0,3966,'',''),
(18239,185,2,'2026-01-07','','','','Medical Report\nتقرير طبي\nThe above-mentioned lady, 22 years old,\nP1+2ïƒ¨ NVD .\nEDD :08.08.2026\nGA 9  wks \nUS: Single dead fetus , CRL 8+5 wks \n\nReferred for termination \nThanks\n07.1.2026\n\n\n\n\n\n\n',0,4071,'',''),
(18240,3910,2,'2026-01-07','ANC ','','','well ',0,3666,'',''),
(18241,762,2,'2026-01-07','','','','',0,3237,'',''),
(18242,282,2,'2026-01-07','ANC ','','13081','well,,, 11.6...220  GCT 125..UTI ..for dexa next time ',0,213,'',''),
(18243,955,2,'2026-01-07','ANC ','','11368','CRL 10 wks ',0,3684,'',''),
(18244,19,2,'2026-01-07','ANC ','','','small fetal pole seen ',0,4040,'',''),
(18245,4226,2,'2026-01-07','ANC ','','13057','Well ',0,4072,'',''),
(18246,3064,2,'2026-01-07','ANC ','','10260','for delivery ',0,4018,'',''),
(18247,1769,2,'2026-01-07','ANC ','','','well ',0,3685,'',''),
(18248,3881,2,'2026-01-07','ANC ','','','well ',0,3839,'',''),
(18249,3064,2,'2026-01-07','','','','Medical Report\nتقرير طبي\nThe above-mentioned lady, 26 years old,\nP2+0ïƒ¨ previous CS  .\nEDD :08.01.2026\nGA 40  wks \nUS: SVF , cephalic , normal liquor  , placenta high ,  3700 gm \nPV: 3 cm dilated , 1 cm long \nReferred for Delivery  \nThanks\n07.1.2026\n\n\n\n\n\n\n',0,4018,'',''),
(18250,3779,2,'2026-01-08','PORM','','','',0,3542,'',''),
(18251,4042,2,'2026-01-08','ANC','77','12467','Well',0,3831,'',''),
(18252,4157,2,'2026-01-08','spotting  ','','','looks abortion ',0,4005,'',''),
(18253,695,2,'2026-01-08','ANC ','','09170','EDD 30.08.2026',0,2923,'',''),
(18254,4077,2,'2026-01-08','lower abdominal and back pain ','','','Medical Report\nتقرير طبي\nThe above-mentioned lady, 23 years old,\nPrimigarvida, IVF , triplet pregnancy \nLMP : 07.08.2025\nEDD :14.05.2026\nGA 22 wks \nDUSS: absent EDF for 3rd baby  \nShe presented complain form lower abdominal pain, reported good fetal movement’s.\nOn exam : \nUS: TCTA triplet  , 1st cephalic, \nCervical length : 10 mm , on cerclage   \n\nRefer for hospital for management \nThanks\n08.01.2026\n\n\n\n\n\n\n',0,3890,'',''),
(18255,2038,2,'2026-01-08','ANC /spotting ','','','well ',0,3718,'',''),
(18256,2165,2,'2026-01-08','ANC ','','','well ... VBAC , VS CS next wk -',0,3569,'',''),
(18257,661,2,'2026-01-08','','','','',1,2454,'',''),
(18258,661,2,'2026-01-08','ANC ','','12777','female ',0,4073,'',''),
(18259,1981,2,'2026-01-08','ANC ','','','UTI ,, CRL 11 ',0,4074,'',''),
(18260,4089,2,'2026-01-08','Spotting','','13072','well ',0,3901,'',''),
(18261,3876,2,'2026-01-08','ANC ','','','well ',0,3616,'',''),
(18262,3936,2,'2026-01-08','ANC ','74','','well',0,3702,'',''),
(18263,785,2,'2026-01-08','ANC ','','','well ',0,3600,'',''),
(18264,814,2,'2026-01-08','ANC','','','12.1...186.....well ',0,1147,'',''),
(18265,4231,2,'2026-01-09','Spotting ','','','',0,4077,'',''),
(18266,2187,2,'2026-01-09','','','','',0,4078,'',''),
(18267,4157,2,'2026-01-10','','','','to Do titer ',0,4005,'',''),
(18268,189,2,'2026-01-10','ANC ','76','13076','well ',0,3625,'',''),
(18269,3367,2,'2026-01-10','ANC ','','','well ',0,3971,'',''),
(18270,4139,2,'2026-01-10','ANC ','','124','',0,3975,'',''),
(18271,3892,2,'2026-01-10','ANC ','','','11.7....195',0,3637,'',''),
(18272,3854,2,'2026-01-10','ANC ','','13577','well ',0,3599,'',''),
(18273,4232,2,'2026-01-10','ANC ','','','well , low head',0,4079,'',''),
(18274,2590,2,'2025-02-06','','','','',1,2741,'',''),
(18275,900,2,'2026-01-10','unsure LMP ','','12576','well, , male ',0,4080,'',''),
(18276,4041,2,'2026-01-10','ANC ','','','suspected leakage ',0,3869,'',''),
(18277,1115,2,'2026-01-10','','','','',1,3601,'',''),
(18278,3964,2,'2026-01-10','AN C','','13060','',0,3731,'',''),
(18279,4104,2,'2026-01-10','','','','',1,3920,'',''),
(18280,3895,2,'2026-01-10','ANC ','','13587','2800 gm , well ',0,3643,'',''),
(18281,4150,2,'2026-01-10','','','','',1,3994,'',''),
(18282,492,2,'2026-01-10','ANC ','','','well ',0,3555,'',''),
(18283,4182,2,'2026-01-10','ANC ','','12877','well 2400 gm ,, think about delivery next time ',0,4025,'',''),
(18284,1010,2,'2026-01-10','ANC ','','12774','well ',0,3740,'',''),
(18285,3977,2,'2026-01-10','ANC ','','16672','well ',0,3747,'',''),
(18286,2423,2,'2026-01-10','ANC ','','','small sac ',0,4081,'',''),
(18287,347,2,'2026-01-10','ANC ','','11358','sedoral given ',0,3655,'',''),
(18288,3812,2,'2026-01-10','ANC ','','','well ',0,3586,'',''),
(18289,1169,2,'2026-01-10','ANC ','','','',0,3546,'',''),
(18290,623,2,'2026-01-10','ANC ','','','+ fh ',0,4052,'',''),
(18291,4128,2,'2026-01-10','','','','',1,3958,'',''),
(18292,1652,2,'2026-01-11','','','','',1,3392,'',''),
(18293,1652,2,'2026-01-11','ANC ','56','13076','CRL well ',0,3392,'',''),
(18294,4213,2,'2026-01-11','spotting / UTI ','','','+ FH ',0,4063,'',''),
(18295,4017,2,'2026-01-11','','','','',1,3808,'',''),
(18296,786,2,'2026-01-11','ANC ','','','EDD 21.08.2026',0,4043,'',''),
(18297,1653,2,'2026-01-11','ANC ','','11448','',0,3493,'',''),
(18298,1044,2,'2026-01-11','ANC ','','','small sac ',0,4082,'',''),
(18299,4237,2,'2026-01-11','','','','CRl 9 wsk ',0,4083,'',''),
(18300,3954,2,'2026-01-11','','','','',0,3719,'',''),
(18301,21,2,'2026-01-11','ANC ','64','13071','well ',0,1360,'',''),
(18302,3445,2,'2026-01-11','ANC ','68.7','','',0,3181,'',''),
(18303,1269,2,'2026-01-11','','','','',1,1700,'',''),
(18304,2914,2,'2026-01-12','','','','for cytotec ',0,4067,'',''),
(18305,3056,2,'2026-01-12','NST ','','','normal ',0,3448,'',''),
(18306,1928,2,'2026-01-12','ANC ','','','',0,3664,'',''),
(18307,4072,2,'2026-01-12','ANC ','','13068','well, male ',0,3879,'',''),
(18308,1132,2,'2026-01-12','ANC /sedoral given ','','','DVP 5',0,2420,'',''),
(18309,1120,2,'2026-01-12','discharge ','','10552','',0,3694,'',''),
(18310,1349,2,'2026-01-12','','','','ICT negative ',0,3941,'',''),
(18311,71,2,'2025-12-25','','','','',1,3366,'',''),
(18312,1115,2,'2026-01-12','ANC ','','','well, low head ',0,3601,'',''),
(18313,1169,2,'2026-01-12','ANC ','','','3300 ',0,3546,'',''),
(18314,1610,2,'2026-01-12','','','','',1,3580,'',''),
(18315,4239,2,'2026-01-12','ANC ','','12070','10.3...346..CRL 11 wks ',0,4085,'',''),
(18316,3982,2,'2026-01-12','تم ارسال رسالة واتس اب لÙحص الاعضاء ','','','',0,3753,'',''),
(18317,4048,2,'2026-01-12','تم ارسال رسالة واتس اب لÙحص الاعضاء ','','','الرقم خطا',0,3843,'',''),
(18318,91,2,'2026-01-12','تم ارسال رسالة واتس اب لÙحص الاعضاء ','','','',0,3756,'',''),
(18319,3098,2,'2026-01-12','تم ارسال رسالة واتس اب لÙحص الاعضاء ','','','done in hebron ',0,3775,'',''),
(18320,4042,2,'2026-01-12','تم ارسال رسالة واتس اب لÙحص الاعضاء ','','','',0,3831,'',''),
(18321,2896,2,'2026-01-12','تم ارسال رسالة واتس اب لÙحص الاعضاء ','','','',0,3834,'',''),
(18322,3977,2,'2026-01-12','تم ارسال رسالة واتس اب لÙحص الاعضاء ','','','',0,3747,'',''),
(18323,3990,2,'2026-01-12','تم ارسال رسالة واتس اب لÙحص الاعضاء ','','','',0,3764,'',''),
(18324,2061,2,'2026-01-12','تم ارسال رسالة واتس اب لÙحص الاعضاء ','','','',0,3769,'',''),
(18325,4080,2,'2026-01-12','تم ارسال رسالة واتس اب لÙحص الاعضاء ','','','',0,3892,'',''),
(18326,327,2,'2026-01-12','تم ارسال رسالة واتس اب لÙحص الاعضاء ','','','',0,3042,'',''),
(18327,21,2,'2026-01-12','تم ارسال رسالة واتس اب لÙحص الاعضاء ','','','',0,1360,'',''),
(18328,3986,2,'2026-01-12','تم ارسال رسالة واتس اب لÙحص الاعضاء ','','','',0,3763,'',''),
(18329,1048,2,'2026-01-12','تم ارسال رسالة واتس اب لÙحص الاعضاء ','','','',0,3781,'',''),
(18330,1074,2,'2026-01-12','تم ارسال رسالة واتس اب لÙحص الاعضاء ','','','',0,3798,'',''),
(18331,3479,2,'2026-01-12','تم ارسال رسالة واتس اب لÙحص الاعضاء ','','','',0,3928,'',''),
(18332,4142,2,'2026-01-12','تم ارسال رسالة واتس اب لÙحص الاعضاء ','','','',0,3987,'',''),
(18333,2204,2,'2026-01-12','تم ارسال رسالة واتس اب لÙحص الاعضاء ','','','',0,3868,'',''),
(18334,4077,2,'2026-01-12','','','','',0,3890,'',''),
(18335,2943,2,'2026-01-12','تم ارسال رسالة واتس اب لÙحص الاعضاء ','','','',0,3773,'',''),
(18336,4179,2,'2026-01-12','تم ارسال رسالة واتس اب لÙحص الاعضاء ','','','',0,4022,'',''),
(18337,363,2,'2026-01-12','تم ارسال رسالة واتس اب لÙحص الاعضاء ','','','',0,3402,'',''),
(18338,4141,2,'2026-01-12','تم ارسال رسالة واتس اب لÙحص الاعضاء ','','','',0,3983,'',''),
(18339,660,2,'2026-01-12','تم ارسال رسالة واتس اب لÙحص الاعضاء ','','','',0,3780,'',''),
(18340,1600,2,'2026-01-12','تم ارسال رسالة واتس اب لÙحص الاعضاء ','','','',0,3812,'',''),
(18341,781,2,'2026-01-12','تم ارسال رسالة واتس اب لÙحص الاعضاء ','','','',0,3970,'',''),
(18342,4092,2,'2026-01-12','تم ارسال رسالة واتس اب لÙحص الاعضاء ','','','',0,3906,'',''),
(18343,4136,2,'2026-01-12','تم ارسال رسالة واتس اب لÙحص الاعضاء ','','','',0,3972,'',''),
(18344,1132,2,'2026-01-12','تم ارسال رسالة واتس اب لÙحص الاعضاء ','','','',0,2420,'',''),
(18345,3923,2,'2026-01-12','تم ارسال رسالة واتس اب لÙحص الاعضاء ','','','',0,3683,'',''),
(18346,3061,2,'2026-01-12','تم ارسال رسالة واتس اب لÙحص الاعضاء ','','','',0,3799,'',''),
(18347,4011,2,'2026-01-12','تم ارسال رسالة واتس اب لÙحص الاعضاء ','','','',0,3801,'',''),
(18348,4049,2,'2026-01-12','تم ارسال رسالة واتس اب لÙحص الاعضاء ','','','',0,3846,'',''),
(18349,4027,2,'2026-01-12','تم ارسال رسالة واتس اب لÙحص الاعضاء ','','','',0,3817,'',''),
(18350,4046,2,'2026-01-12','تم ارسال رسالة واتس اب لÙحص الاعضاء ','','','',0,3837,'',''),
(18351,3428,2,'2026-01-12','','','','',0,3838,'',''),
(18352,4073,2,'2026-01-12','تم ارسال رسالة واتس اب لÙحص الاعضاء ','','','',0,3880,'',''),
(18353,900,2,'2026-01-12','تم ارسال رسالة واتس اب لÙحص الاعضاء ','','','',0,4080,'',''),
(18354,4201,2,'2026-01-12','تم ارسال رسالة واتس اب لÙحص الاعضاء ','','','',0,4050,'',''),
(18355,2640,2,'2026-01-12','تم ارسال رسالة واتس اب لÙحص الاعضاء ','','','',0,3818,'',''),
(18356,86,2,'2026-01-12','تم ارسال رسالة واتس اب لÙحص الاعضاء ','','','',0,2344,'',''),
(18357,4082,2,'2026-01-12','تم ارسال رسالة واتس اب لÙحص الاعضاء ','','','',0,3893,'',''),
(18358,4025,2,'2026-01-12','تم ارسال رسالة واتس اب لÙحص الاعضاء ','','','',0,3816,'',''),
(18359,4017,2,'2026-01-12','تم ارسال رسالة واتس اب لÙحص الاعضاء ','','','',0,3808,'',''),
(18360,4035,2,'2026-01-12','تم ارسال رسالة واتس اب لÙحص الاعضاء ','','','',0,3827,'',''),
(18361,4195,2,'2026-01-12','تم ارسال رسالة واتس اب لÙحص الاعضاء ','','','',0,4039,'',''),
(18362,4104,2,'2026-01-12','تم ارسال رسالة واتس اب لÙحص الاعضاء ','','','',0,3920,'',''),
(18363,4168,2,'2026-01-12','','','','تم ارسال رسالة واتس اب لÙحص الاعضاء ',1,4016,'',''),
(18364,2799,2,'2026-01-12','تم ارسال رسالة واتس اب لÙحص الاعضاء ','','','',0,2557,'',''),
(18365,1129,2,'2026-01-12','تم ارسال رسالة واتس اب لÙحص الاعضاء ','','','',0,3668,'',''),
(18366,4098,2,'2026-01-12','ANC','','','male',0,3915,'',''),
(18367,969,2,'2026-01-12','ANC ','','','صثمم ',0,3531,'',''),
(18368,3648,2,'2026-01-13','','','','',1,3563,'',''),
(18369,1132,2,'2026-01-14','','','','Negative ',0,2420,'',''),
(18370,3752,2,'2026-01-14','ANC ','','','well ',0,3723,'',''),
(18371,3785,2,'2026-01-14','ANC','','13080','well,,, 13.2...227',0,3549,'',''),
(18372,4200,2,'2026-01-14','ANC ','','','CRL 20.08.2026',0,4049,'',''),
(18373,3056,2,'2026-01-14','','','','Medical Report\nتقرير طبي\nThe above-mentioned lady, 20 years old,\nPG  .\nLMP : 05.04.2025\nEDD :12.01.2026\nGA 41 wks \nDUSS: not done \nShe presented complain form lower abdominal pain , reported good fetal movement’s.\nOn exam : \nUS: SVF , cephalic, normal liquor , placenta high , EFW 3000 gm\nNST : reactive fetal heart , regular contraction  \nRefer for delivery \nThanks\n14.01.2026\n\n\n\n\n\n\n',0,3448,'',''),
(18374,1510,2,'2026-01-14','ANC','','','well ',0,3722,'',''),
(18375,935,2,'2026-01-14','','','','titer : 742.... empty uterus ',0,4086,'',''),
(18376,4131,2,'2026-01-14','ANC ','','13375','',0,3961,'',''),
(18377,3854,2,'2026-01-14','leakage ','','','',0,3599,'',''),
(18378,3479,2,'2026-01-14','ANC','63','12550','Polyhydramnios for OGTT and DUSS ',0,3928,'',''),
(18379,4147,2,'2026-01-14','ANC ','','11673','well , ',0,3992,'',''),
(18380,1534,2,'2026-01-14','','','','EDD  28.08.2026',0,4087,'',''),
(18381,345,2,'2026-01-14','','','','',1,2920,'',''),
(18382,19,2,'2026-01-15','ANC ','','','',0,4040,'',''),
(18383,1010,2,'2026-01-15','ANC ','','','well ',0,3740,'',''),
(18384,1495,2,'2026-01-15','ANC ','','','well ',0,2499,'',''),
(18385,3348,2,'2026-01-15','ANC ','85','13080','well ',0,3942,'',''),
(18386,838,2,'2026-01-15','','','','',1,3897,'',''),
(18387,264,2,'2026-01-15','ANC ','','13078','',0,3597,'',''),
(18388,3193,2,'2026-01-15','ANC ','','','CRL 11 wks ..female 01.02.2026..',0,4089,'',''),
(18389,3193,2,'2026-01-25','','','','',1,4089,'',''),
(18390,4180,2,'2026-01-15','','63','12783','small sac ',0,4090,'',''),
(18391,838,2,'2026-01-15','','','','',1,3897,'',''),
(18392,4216,2,'2026-01-15','','','','for E&C ',0,4069,'',''),
(18393,363,2,'2026-01-15','ANC ','76','13074','well ',0,3402,'',''),
(18394,3890,2,'2026-01-15','ANC ','75','','well ',0,3635,'',''),
(18395,3648,2,'2026-01-15','ANC ','','','female ',0,3563,'',''),
(18396,3540,2,'2026-01-07','','','','',1,3484,'',''),
(18397,3560,2,'2026-01-15','ANC ','75','12954','well ',0,3638,'',''),
(18398,2476,2,'2026-01-15','ANC ','','','',0,3403,'',''),
(18399,608,2,'2026-01-15','ANC','','','female , well ',0,3930,'',''),
(18400,3549,2,'2026-01-16','ANC','','','',0,4054,'',''),
(18401,3550,2,'2026-01-16','early pregnancy ','','','small sac ',0,4091,'',''),
(18402,3844,2,'2026-01-16','ANC ','','','well ',0,3591,'',''),
(18403,4192,2,'2026-01-16','dead ','','','',0,4035,'',''),
(18404,4207,2,'2026-01-16','','','','',0,4055,'',''),
(18405,3592,2,'2026-01-17','ANC','63','','SGA baby , Refer to Israel Hospital ',0,3526,'',''),
(18406,3754,2,'2026-01-17','ANC ','65','13075','well ',0,3513,'',''),
(18407,2822,2,'2026-01-17','spotting ','','','',0,4092,'',''),
(18408,3535,2,'2026-01-17','','','','EDD 24.08.2026',0,4056,'',''),
(18409,2258,2,'2026-01-17','ANC ','75','12080','well ',0,3034,'',''),
(18410,2914,2,'2026-01-17','','','','Medical Report\nتقرير طبي\nThe above-mentioned lady, 37 years old,\nP7+0ïƒ¨ previous 3 CS .\nLMP : 20.11.2025\nEDD :27.08.2026\nGA 8  wks \nDx as sac in lower segment , missed abortion .\nOn exam : \nUS: sac in lower segment at scar \n\nRefer for termination \n\nThanks\n17.11.2025\n\n\n\n\n\n\n',0,4067,'',''),
(18411,93,2,'2026-01-17','ANC ','','12056','well ',0,2462,'',''),
(18412,2061,2,'2026-01-17','ANC ','','13375','for DUSS ',0,3769,'',''),
(18413,1495,2,'2026-01-17','AN C','','','',0,2499,'',''),
(18414,851,2,'2026-01-17','ANC ','','','well',0,3844,'',''),
(18415,851,2,'2026-01-17','','','','',1,3844,'',''),
(18416,2640,2,'2026-01-17','ANC ','','','Polyhydramnios , for OGTT and DUSS',0,3818,'',''),
(18417,1552,2,'2026-01-17','ANC ','','','male , well ',0,1638,'',''),
(18418,935,2,'2026-01-17','','','','small sac ',0,4086,'',''),
(18419,3964,2,'2026-01-17','ANC ','','13070','',0,3731,'',''),
(18420,1486,2,'2026-01-17','ANC','','12765','male ',0,3755,'',''),
(18421,538,2,'2026-01-04','complicated CS ,, PPH ,, HELP ,, PET ,, 3 uint PRBC\'s ','','','Medical Report\nتقرير طبي\nThe above-mentioned lady, 29-year-old, post elective CS 04.01.2026.which was complicated by PPH , and blood transfusion.\nshe presented complain form fever, lower abdominal pain.\n On exam \n Abdominal examination: Hematoma over the cesarean scar extending up to the umbilical level, associated with tenderness and local warmth.\nUltrasound: Sub-involuted uterus with clots seen in the abdomen.\nRefer for hospital for further management    \n\nThanks\n17.01.2026\n\n\n\n\n\n',0,3509,'',''),
(18422,3785,2,'2026-01-17','','69','','well ',0,3549,'',''),
(18423,4052,2,'2026-01-17','ANC .. ','','','for DUSS ',0,3851,'',''),
(18424,2650,2,'2026-01-17','','','','empty uterus , for titer 2000k ',0,4093,'',''),
(18425,981,2,'2026-01-17','','','','look + fh .. looks well ',0,4094,'',''),
(18426,2653,2,'2026-01-17','','','','',1,2364,'',''),
(18427,2653,2,'2026-01-17','ANC ','','','female , well ',0,4095,'',''),
(18428,3743,2,'2026-01-17','ANC ','','','well ',0,4004,'',''),
(18429,3895,2,'2026-01-17','ANC ','','','for delivery ',0,3643,'',''),
(18430,347,2,'2026-01-17','ANC','','','',0,3655,'',''),
(18431,4244,2,'2026-01-17','ANC ','','12369','small sac ',0,4096,'',''),
(18432,1633,2,'2026-01-17','','','','no sac seen , Next visit start on ASA clexan ',0,4097,'',''),
(18433,4245,2,'2026-01-17','ANC ','78.5','','male , well ',0,4098,'',''),
(18434,231,2,'2026-01-17','','','','',0,163,'',''),
(18435,1048,2,'2026-01-17','ANC ','68','13070','well ',0,3781,'',''),
(18436,3975,2,'2026-01-17','ANC ','','','Well ',0,3741,'',''),
(18437,2650,2,'2026-01-17','ectopic ','','','Medical Report\nتقرير طبي\nThe above-mentioned lady, 30-year-old, G5P4ïƒ¨NVD \nLMP : 06.12.2025\n6 wks amenorrhea \nshe presented complain vaginal spotting \nBhcg Titer 1960 \n On exam \nLooks well \nUS: empty Uterus , right adnexa mass 6 mm , ectopic ??!\n\nRefer for hospital for further management    \n\nThanks\n17.01.2026\n\n\n\n\n\n',0,4093,'',''),
(18438,4030,2,'2026-01-17','ANC','72','10379','well ',0,3821,'',''),
(18439,2646,2,'2026-01-10','','','','',1,2940,'',''),
(18440,2123,2,'2026-01-17','ANC ','65','13380','well ',0,3641,'',''),
(18441,4027,2,'2026-01-17','ANC','','12050','well ',0,3817,'',''),
(18442,896,2,'2026-01-17','','','','',1,1622,'',''),
(18443,3736,2,'2026-01-17','','','','',1,3494,'',''),
(18444,3036,2,'2026-01-18','ANC ','','','male , well ',0,3964,'',''),
(18445,2404,2,'2026-01-18','ANC ','','','HG11.7..224 ,,,ogtt 80..1110...80',0,2231,'',''),
(18446,833,2,'2026-01-18','DUSS ,. well ,,, ','','12862','',0,805,'',''),
(18447,1600,2,'2026-01-18','ANC','','','well .Length 25 mm  ',0,3812,'',''),
(18448,2837,2,'2026-01-18','ANC ','66','','well ',0,2545,'',''),
(18449,453,2,'2026-01-18','well ','','','EDD 09.09.2026',0,4066,'',''),
(18450,1894,2,'2026-01-19','ANC ','','','male ',0,3993,'',''),
(18451,4249,2,'2026-01-19','','','13050','female , ',0,4100,'',''),
(18452,4249,2,'2025-10-28','','','','',1,4100,'',''),
(18453,389,2,'2026-01-19','ANC ','','12460','well ',0,1054,'',''),
(18454,896,2,'2026-01-19','ANC ','','13083','female , well ',0,1622,'',''),
(18455,3112,2,'2026-01-19','ANC ','','11050','female, well ',0,3924,'',''),
(18456,4213,2,'2026-01-19','ANC / spotting ','','','CRL 8 wks ',0,4063,'',''),
(18457,4114,2,'2026-01-19','ANC ','','11052','well ',0,3938,'',''),
(18458,4174,2,'2026-01-19','ANC ','61','','well +fh ',0,4044,'',''),
(18459,660,2,'2026-01-19','ANC ','','','well ..female ',0,3780,'',''),
(18460,3618,2,'2026-01-19','ANC ','','','female , well ',0,3976,'',''),
(18461,1044,2,'2026-01-19','ANC ','','','fear of abortion , for utrogestaine , small sac ',0,4082,'',''),
(18462,4103,2,'2026-01-19','ANC ','58','12769','well ',0,3919,'',''),
(18463,3876,2,'2026-01-19','','','','',1,3616,'',''),
(18464,2444,2,'2026-01-19','','','','',0,3865,'',''),
(18465,3886,2,'2026-01-20','','','','',1,3929,'',''),
(18466,3193,2,'2026-01-21','','','','',1,4089,'',''),
(18467,4217,2,'2026-01-21','ANC ','','13075','19.08.2026',0,4070,'',''),
(18468,2478,2,'2026-01-21','','','','',1,2176,'',''),
(18469,1902,2,'2026-01-21','ANC ','','','rtc after two to check VBAC or not ,, but she prefer CS ',0,3344,'',''),
(18470,2478,2,'2026-01-21','spotting ','','13570','female , not tell .',0,4102,'',''),
(18471,4251,2,'2026-01-21','ANC ','73','12064','2kg ',0,4103,'',''),
(18472,3886,2,'2026-01-21','ANC ','','','for cerclage , upon hX ',0,3929,'',''),
(18473,1963,2,'2026-01-21','ANC ','','','HC 28 wks .reapte urine ',0,3752,'',''),
(18474,3946,2,'2026-01-21','ANC ','','','well ',0,3710,'',''),
(18475,491,2,'2026-01-21','ANC ','78','12270','CRL 8 wks ',0,4104,'',''),
(18476,4120,2,'2026-01-21','ANC ','67','12374','well ',0,3947,'',''),
(18477,1769,2,'2026-01-21','ANC ','','','well ',0,3685,'',''),
(18478,327,2,'2026-01-21','DUSS ','','','',0,3042,'',''),
(18479,2896,2,'2026-01-21','DUSS ','','','well , HGB 8.5..249',0,3834,'',''),
(18480,2914,2,'2026-01-21','','','','',0,4067,'',''),
(18481,4049,2,'2026-01-21','DUSS ','DUSS ','','',0,3846,'',''),
(18482,4080,2,'2026-01-21','DUSS ','','','',0,3892,'',''),
(18483,3061,2,'2026-01-21','DUSS ','','','',0,3799,'',''),
(18484,2061,2,'2026-01-21','DUSS ','','','',0,3769,'',''),
(18485,4247,2,'2026-01-21','','','','',0,4101,'',''),
(18486,2943,2,'2026-01-21','DUSS ','','','',0,3773,'',''),
(18487,3943,2,'2026-01-21','DUSS ','','','',0,3709,'',''),
(18488,3479,2,'2026-01-21','DUSS ','','','',0,3928,'',''),
(18489,4017,2,'2026-01-21','DUSS ','','','',0,3808,'',''),
(18490,3193,2,'2026-01-21','NT ','','','',0,4089,'',''),
(18491,1414,2,'2026-01-21','flu ','','','well ',0,2173,'',''),
(18492,1653,2,'2026-01-21','','','','',1,3493,'',''),
(18493,4255,2,'2026-01-22','ANC ','','','EDD 05.09.2026 ',0,4105,'',''),
(18494,264,2,'2026-01-22','','','','Medical Report\nتقرير طبي\nThe above-mentioned lady, 21 years old,\nP2+0ïƒ¨ last by CS .\nLMP : 23.04.2025\nEDD :30.01.2026\nGA 39 wks \nDUSS: not done\nGCT 154 , OGTT not done  \nShe presented complain form lower abdominal pain , reported good fetal movement’s.\nOn exam : \nUS: SVF , cephalic, normal liquor , placenta high , EFW 3000  gm\n\nRefer for delivery \nThanks\n22.01.2026\n\n\n\n\n\n\n',0,3597,'',''),
(18495,2296,2,'2026-01-22','','','','small sac',0,4106,'',''),
(18496,695,2,'2026-01-22','ANC ','46.5','','welll, ',0,2923,'',''),
(18497,3849,2,'2026-01-22','ANC ','','11362','well ',0,3592,'',''),
(18498,3859,2,'2026-01-22','ANC ','','12164','CRL 12 wks ',0,3997,'',''),
(18499,50,2,'2026-01-22','ANC ','','12070','to do DUSS ',0,3857,'',''),
(18500,19,2,'2026-01-22','','','','Blighted ovum ',0,4040,'',''),
(18501,3988,2,'2026-01-22','ANC /lower abdominal pain /Constipation ','','','well ',0,3761,'',''),
(18502,4011,2,'2026-01-22','ANC ','','','well, for DUSS ',0,3801,'',''),
(18503,1516,2,'2026-01-22','ANC ','','','CRL 11 wks ',0,4008,'',''),
(18504,1711,2,'2026-01-22','ANC ','','','HC 15 wks ',0,3989,'',''),
(18505,2206,2,'2026-01-22','ANC ','','','well ',0,3833,'',''),
(18506,2686,2,'2026-01-22','ANC ','','','well ..to bring BP profile ',0,3916,'',''),
(18507,623,2,'2026-01-22','ANC ','','','EDD 09.09.2026',0,4052,'','');

--
-- Table structure for table `antype`
--

CREATE TABLE `antype` (
  `id` int(11) unsigned NOT NULL AUTO_INCREMENT,
  `title` varchar(191) DEFAULT NULL,
  `del` int(11) unsigned DEFAULT NULL,
  PRIMARY KEY (`id`)
) ENGINE=InnoDB DEFAULT CHARSET=utf8mb4 COLLATE=utf8mb4_unicode_ci;

--
-- Dumping data for table `antype`
--


--
-- Table structure for table `antypes`
--

CREATE TABLE `antypes` (
  `id` int(11) unsigned NOT NULL AUTO_INCREMENT,
  `title` varchar(191) DEFAULT NULL,
  `del` tinyint(1) unsigned DEFAULT NULL,
  PRIMARY KEY (`id`)
) ENGINE=InnoDB DEFAULT CHARSET=utf8mb4 COLLATE=utf8mb4_unicode_ci;

--
-- Dumping data for table `antypes`
--


--
-- Table structure for table `awcontroll`
--

CREATE TABLE `awcontroll` (
  `id` int(11) unsigned NOT NULL AUTO_INCREMENT,
  `label` varchar(191) DEFAULT NULL,
  `name` varchar(191) DEFAULT NULL,
  PRIMARY KEY (`id`)
) ENGINE=InnoDB AUTO_INCREMENT=81 DEFAULT CHARSET=utf8mb4 COLLATE=utf8mb4_unicode_ci;

--
-- Dumping data for table `awcontroll`
--

INSERT INTO `awcontroll` VALUES
(1,'Roles','_role'),
(2,'Menus','_menu'),
(3,'Members','_member'),
(4,'Controls','_controll'),
(18,'My information','_myprofile'),
(19,'drugs','drugs'),
(20,'Medicine','medicine'),
(21,'Buys','buys'),
(26,'Receipt','receipt'),
(27,'Store','store'),
(31,'Requests','requests'),
(32,'Sessions','sessions'),
(33,'gyna','gyna'),
(34,'Investigations','investigation'),
(35,'Patient History','patienthistory'),
(36,'Antenatal visits','antenalvisit'),
(37,'drugs','drugsex'),
(38,'instruction','instruction'),
(39,'Program Setting','programesetting'),
(40,'Help','help'),
(41,'Pictures and Videos','sonar'),
(42,'addinvestigation','addinvestigation'),
(43,'expected delivery','expected'),
(44,'Complete Report','completereport'),
(45,'Financial Report','financialreport'),
(46,'Examination','examination'),
(47,'Patient History Data','_phmain'),
(48,'Patients','patients'),
(49,'Operative Details','operativedetails'),
(50,'GT Image','gtimage'),
(51,'Visits','visits'),
(52,'Backup','backup'),
(53,'setup','setup'),
(54,'excel','excel'),
(55,'Infertility','infertility'),
(56,'Record','record '),
(57,'Follow up','followup'),
(58,'Ultrasound','ultrasound'),
(59,'Ultrasound Obstetric','ultrasoundobst'),
(60,'Termination report','termination'),
(61,'Risk types report','risktype'),
(62,'merge','merge'),
(63,'combined report ','combinedreport '),
(64,'ultrasound gyna','Ultrasoundgyna'),
(65,'Follow up card','Followupcard'),
(66,'full report','Fullreport'),
(67,'monitoring','monitoring'),
(68,'Infertilitysheet','Infertilitysheet'),
(69,'Ancsheet','Ancsheet'),
(70,'gynasheet','Gynasheet'),
(71,'ivfsheet','Ivfsheet'),
(72,'iui','iui'),
(73,'miscarriages (epc)','epc'),
(74,'deliveries ( p )','Deliveries'),
(75,'operations','Operations'),
(76,'edd','edd'),
(77,'Ivfstatistics','Ivfstatistics'),
(78,'completesreport','Completesreport'),
(79,'Addpresenthistory','Addpresenthistory'),
(80,'growth chart','growth_chart');

--
-- Table structure for table `awcontrollprop`
--

CREATE TABLE `awcontrollprop` (
  `id` int(11) unsigned NOT NULL AUTO_INCREMENT,
  `proplabel` varchar(191) DEFAULT NULL,
  `checkval` tinyint(1) unsigned DEFAULT NULL,
  `awcontroll_id` int(11) unsigned DEFAULT NULL,
  PRIMARY KEY (`id`),
  KEY `index_foreignkey_awcontrollprop_awcontroll` (`awcontroll_id`),
  CONSTRAINT `c_fk_awcontrollprop_awcontroll_id` FOREIGN KEY (`awcontroll_id`) REFERENCES `awcontroll` (`id`) ON DELETE SET NULL ON UPDATE SET NULL
) ENGINE=InnoDB AUTO_INCREMENT=587 DEFAULT CHARSET=utf8mb4 COLLATE=utf8mb4_unicode_ci ROW_FORMAT=COMPACT;

--
-- Dumping data for table `awcontrollprop`
--

INSERT INTO `awcontrollprop` VALUES
(1,'index',1,1),
(2,'addit',1,1),
(3,'show',1,1),
(4,'edit',1,1),
(5,'updateit',1,1),
(6,'del',1,1),
(7,'setting',1,1),
(8,'insetting',1,1),
(9,'index',1,2),
(10,'addit',1,2),
(11,'show',1,2),
(12,'edit',1,2),
(13,'updateit',1,2),
(14,'del',1,2),
(15,'index',0,3),
(16,'addit',1,3),
(17,'show',1,3),
(18,'edit',1,3),
(19,'updateit',1,3),
(20,'del',1,3),
(21,'index',1,4),
(22,'addit',1,4),
(23,'show',1,4),
(24,'edit',1,4),
(25,'updateit',1,4),
(26,'del',1,4),
(27,'delprop',1,4),
(116,'index',1,18),
(117,'updateit',1,18),
(118,'index',1,19),
(119,'show',1,20),
(120,'index',0,21),
(121,'index',0,26),
(122,'show',0,27),
(123,'show',0,21),
(124,'addnew',0,21),
(125,'invoice',0,21),
(126,'edit',0,21),
(127,'update',0,21),
(128,'del',0,21),
(129,'delup',0,21),
(130,'show',0,26),
(131,'showdetails',0,26),
(132,'updatereceipt',0,26),
(133,'drugsselected',0,21),
(134,'show',1,19),
(135,'getthisserach',1,19),
(136,'adddrug',1,19),
(137,'updatedrug',1,19),
(138,'deletedrug',1,19),
(166,'index',0,31),
(167,'update',0,31),
(168,'sendrequest',0,31),
(169,'showall',0,31),
(170,'archiveshowall',0,31),
(171,'requestDetails',0,31),
(172,'requestcomments',0,31),
(173,'addcomment',0,31),
(174,'deletecomment',0,31),
(175,'requestDetailsArchive',0,31),
(176,'index',0,32),
(177,'savesession',0,32),
(178,'archiveshowall',0,32),
(179,'requestDetails',0,32),
(180,'requestDetailsArchive',0,32),
(181,'sessiondetails',0,32),
(182,'addsessionmember',0,32),
(183,'removesessionmember',0,32),
(184,'delay',0,32),
(185,'notdelay',0,32),
(186,'saveopinion',0,32),
(187,'savedecision',0,32),
(188,'index',1,33),
(189,'index',1,34),
(190,'index',1,35),
(191,'show',1,35),
(192,'addPhamount',1,35),
(193,'index',1,36),
(194,'index',1,37),
(195,'show',1,37),
(196,'getthisserach',1,37),
(197,'adddrug',1,37),
(198,'updatedrug',1,37),
(199,'deletedrug',1,37),
(200,'addRegualrity',1,35),
(201,'index',1,38),
(202,'addit',1,38),
(203,'show',1,38),
(204,'edit',1,38),
(205,'updateit',1,38),
(206,'del',1,38),
(207,'newrow',1,33),
(208,'addnewmenstural',1,35),
(209,'addphcontype',1,35),
(210,'del',1,33),
(211,'update',1,33),
(212,'adddiagnosis',1,33),
(213,'addphdysmenorrhoea',1,35),
(214,'index',1,39),
(215,'addit',1,39),
(216,'newrow',1,36),
(217,'del',1,36),
(218,'update',1,36),
(219,'loadusrow',1,33),
(220,'delgynaus',1,33),
(221,'addnewconstract',1,35),
(223,'addphobstericterminate',1,35),
(224,'addphobstericterplace',1,35),
(225,'addnewobstetric',1,35),
(226,'index',1,40),
(227,'addit',1,40),
(228,'show',1,40),
(229,'edit',1,40),
(230,'updateit',1,40),
(231,'del',1,40),
(233,'elementupdate',1,35),
(234,'index',1,41),
(235,'addit',1,41),
(236,'show',1,41),
(237,'edit',1,41),
(238,'update',1,41),
(239,'del',1,41),
(240,'addnewimg',1,41),
(241,'addnewvid',1,41),
(242,'addnewpasthmedical',1,35),
(243,'addphpastmedical',1,35),
(244,'addphpastsurgical',1,35),
(245,'addnewpasthsurgical',1,35),
(246,'index',1,42),
(247,'addnewinv',1,42),
(248,'update',1,42),
(249,'del',1,42),
(250,'addnewpastgynecological',1,35),
(251,'addphgynecologicaloperation',1,35),
(252,'addnewcat',1,42),
(253,'addnewpastart',1,35),
(254,'addphpastarttype',1,35),
(255,'addphpastartcenter',1,35),
(256,'addRow',1,34),
(257,'delData',1,34),
(258,'update',1,34),
(259,'index',1,43),
(260,'index',1,44),
(261,'index',1,45),
(262,'getinvbycatid',1,42),
(263,'delRows',1,35),
(264,'addtofavorite',1,42),
(265,'addnewFamily',1,35),
(266,'addphFamilyDisease',1,35),
(267,'addphFamilyRelative',1,35),
(268,'search',1,43),
(269,'index',1,46),
(270,'addNewRow',1,46),
(271,'update',1,46),
(272,'delData',1,46),
(275,'editselect',1,35),
(276,'updateselect',1,35),
(280,'alldiagnosis',1,33),
(281,'drawRow',1,33),
(282,'search',1,33),
(283,'addprescription',1,33),
(284,'deldiagnosis',1,33),
(285,'upload',1,41),
(286,'delRowsommedel',1,35),
(287,'endpreg',1,36),
(288,'search',1,45),
(289,'addtermination',1,36),
(290,'addplace',1,36),
(291,'show',1,46),
(292,'alltermination',1,36),
(293,'allplace',1,36),
(294,'deltermination',1,36),
(295,'delplace',1,36),
(296,'index',1,47),
(297,'show',1,47),
(298,'mensturaldetail',1,47),
(299,'savefocil',1,33),
(300,'showprescription',1,33),
(301,'search',1,44),
(302,'index',1,48),
(303,'search',1,48),
(304,'add',1,48),
(305,'checkingwifename',1,48),
(306,'checkingnationalwifename',1,48),
(307,'checkingnationalhusband',1,48),
(308,'calcage',1,48),
(309,'show',1,48),
(310,'edit',1,48),
(311,'update',1,48),
(312,'addwifetype',1,48),
(313,'getallwifetype',1,48),
(314,'updatewifetype',1,48),
(315,'delwifetype',1,48),
(316,'addwifeeducation',1,48),
(317,'getalleducation',1,48),
(318,'updateeducation',1,48),
(319,'deleducation',1,48),
(320,'addhusbandtype',1,48),
(321,'getallhustype',1,48),
(322,'updatehus',1,48),
(323,'delhustype',1,48),
(324,'addhusbandjob',1,48),
(325,'getallhusbandjobs',1,48),
(326,'updatehusjob',1,48),
(327,'delhusjob',1,48),
(328,'addwifejob',1,48),
(329,'getallwifejob',1,48),
(330,'updatewifejob',1,48),
(331,'delwifejob',1,48),
(332,'addwifestatus',1,48),
(333,'getallwifestatus',1,48),
(334,'updatewifestatus',1,48),
(335,'delstatus',1,48),
(336,'addbloodtype',1,48),
(337,'getallbloodtype',1,48),
(338,'updatebl',1,48),
(339,'delbl',1,48),
(340,'del',1,48),
(341,'contractdetail',1,47),
(342,'obstetricdetail',1,47),
(343,'pastmedicaldetail',1,47),
(344,'pastsurgicaldetail',1,47),
(345,'pastgynecologicaldetail',1,47),
(346,'pastartdetail',1,47),
(347,'familydetail',1,47),
(348,'index',1,49),
(349,'showdata',1,49),
(354,'addselect',1,49),
(355,'addanasthesa',1,49),
(356,'addjncision',1,49),
(357,'loadanasthesa',1,49),
(358,'addanasthesachild',1,49),
(359,'loadjncision',1,49),
(360,'addjncisionchild',1,49),
(361,'update',1,49),
(362,'addinvestigation',1,33),
(363,'showInvs',1,33),
(364,'loadusrow',1,36),
(365,'addprescription',1,36),
(366,'showprescription',1,36),
(367,'addinvestigation',1,36),
(368,'showInvs',1,36),
(369,'index',1,50),
(370,'update',1,50),
(371,'getprint',1,38),
(372,'delantus',1,36),
(373,'index',1,51),
(374,'patientdata',1,51),
(375,'add',1,51),
(376,'show',1,51),
(377,'adddetection',1,51),
(378,'del',1,51),
(379,'delv',1,51),
(380,'edit',1,51),
(381,'update',1,51),
(382,'printpre',1,36),
(383,'printpre',1,33),
(384,'printinv',1,36),
(385,'printinv',1,33),
(386,'updatecheckbox',1,49),
(387,'show',1,49),
(388,'addnew',1,49),
(389,'arrangemain',1,2),
(390,'sortable',1,2),
(391,'updatearrange',1,2),
(392,'index',1,52),
(393,'takeit',1,52),
(394,'arrangesub',1,2),
(395,'index',1,53),
(396,'settingdatabse',1,53),
(397,'settingdb',1,53),
(398,'checkingwifestatusno',1,48),
(399,'index',1,54),
(400,'checktime',1,54),
(401,'createexcel',1,54),
(402,'checkpatientlist',1,35),
(403,'delData',1,50),
(404,'updateComment',1,50),
(405,'updateSize',1,50),
(406,'index',1,55),
(407,'update',1,55),
(408,'index',1,56),
(409,'update',1,56),
(410,'index',1,57),
(411,'update',1,57),
(412,'editselect',1,49),
(413,'newrow',1,56),
(414,'del',1,56),
(415,'updateselect',1,49),
(416,'delRowsommedel',1,49),
(417,'newdiagnosis',1,55),
(418,'newlmp',1,55),
(419,'newgyna',1,55),
(420,'newinvest',1,55),
(421,'newnote',1,55),
(422,'del',1,55),
(423,'newdiag',1,57),
(424,'newexam',1,57),
(425,'newvisit',1,57),
(426,'newinv',1,57),
(427,'del',1,57),
(428,'delData',1,49),
(429,'drawRow',1,49),
(430,'delodrug',1,49),
(431,'downloadfile',1,41),
(432,'archive',1,36),
(433,'printpic',1,41),
(434,'pregdetail',1,36),
(435,'index',1,58),
(436,'getspecial',1,3),
(437,'getposition',1,3),
(438,'add',1,58),
(439,'update',1,58),
(440,'index',1,59),
(441,'add',1,59),
(442,'update',1,59),
(443,'index',1,60),
(444,'search',1,60),
(445,'index',1,61),
(446,'search',1,61),
(447,'updateradio',1,58),
(448,'showdetails',1,58),
(449,'addDeteail',1,58),
(450,'delData',1,58),
(451,'show',1,58),
(452,'delRow',1,58),
(453,'Updateradio',1,59),
(454,'Showdetails',1,59),
(455,'AddDeteail',1,59),
(456,'DelData',1,59),
(457,'Show',1,59),
(458,'DelRow',1,59),
(459,'getexcel',1,44),
(460,'getDrugModel',1,33),
(461,'saveDrugTable',1,33),
(462,'showprint',1,58),
(463,'index',1,62),
(464,'mergedb',1,62),
(465,'editselect',1,51),
(466,'otherinvests',1,34),
(467,'otherinvestsAdd',1,34),
(468,'otherinvestsRow',1,34),
(469,'adddetectionRow',1,51),
(470,'delotherinvestsRow',1,34),
(471,'addNewRow',1,35),
(472,'delotherinvest',1,34),
(473,'adddiagnosis',1,36),
(474,'alldiagnosis',1,36),
(475,'deldiagnosis',1,36),
(476,'addwtRow',1,48),
(477,'addNewRow',1,33),
(478,'addNewRow',1,36),
(479,'addNewRow',1,49),
(480,'showprint',1,59),
(481,'index',1,63),
(482,'search',1,63),
(483,'uploadmulti',1,41),
(484,'caldatefromage',1,48),
(485,'showprint',1,44),
(486,'showprint',1,61),
(487,'showprint',1,43),
(488,'Showprint',1,45),
(489,'showprint',1,63),
(490,'index',1,64),
(491,'add',1,64),
(492,'showprint',1,64),
(493,'show',1,64),
(494,'update',1,64),
(495,'delRow',1,64),
(497,'index',1,65),
(498,'printit',1,65),
(499,'endvisit',1,48),
(500,'showendvisits',1,48),
(501,'addendvisits',1,48),
(502,'addit',1,65),
(503,'update',1,65),
(504,'drawRow',1,65),
(505,'Index',1,66),
(506,'Search',1,66),
(507,'Getexcel',1,66),
(508,'Showprint',1,66),
(511,'getalldepts',1,51),
(512,'emptydeptvisit',1,51),
(513,'showtransfer',1,38),
(514,'printtransfer',1,38),
(515,'addnewhospital',1,38),
(516,'editselect',1,38),
(517,'delhospital',1,38),
(518,'printus',1,33),
(519,'show',1,50),
(520,'showdata',1,50),
(521,'addprescription',1,57),
(522,'showprescription',1,57),
(523,'printpre',1,57),
(524,'addprescription',1,55),
(525,'showprescription',1,55),
(526,'printpre',1,55),
(527,'addprescription',1,56),
(528,'showprescription',1,56),
(529,'printpre',1,56),
(530,'archive',1,57),
(531,'pregdetail',1,57),
(532,'add',1,50),
(533,'DelRow',1,50),
(534,'balance',0,45),
(535,'Del',1,67),
(536,'update',1,67),
(537,'addNewItem',1,67),
(538,'editselect',1,67),
(539,'addNewVisit',1,67),
(540,'getCycleDay',1,67),
(541,'remarkSheet',1,67),
(542,'trials',1,67),
(543,'trigSheet',1,67),
(544,'trialdetail',1,67),
(545,'Index',1,67),
(546,'index',1,68),
(547,'add',1,68),
(548,'index',1,69),
(549,'add',1,69),
(550,'index',1,70),
(551,'add',1,70),
(552,'index',1,71),
(553,'add',1,71),
(554,'Historys',1,69),
(555,'Historys',1,71),
(556,'Index',1,72),
(557,'Search',1,72),
(558,'Showprint',1,72),
(559,'Index',1,73),
(560,'Search',1,73),
(561,'Showprint',1,73),
(562,'Index',1,74),
(563,'Search',1,74),
(564,'Showprint',1,74),
(565,'Index',1,75),
(566,'Search',1,75),
(567,'Showprint',1,75),
(568,'Index',1,76),
(569,'Search',1,76),
(570,'Showprint',1,76),
(571,'Index',1,77),
(572,'Search',1,77),
(573,'Showprint',1,77),
(574,'Index',1,78),
(575,'Search',1,78),
(576,'Showprint',1,78),
(577,'waiting_list',1,75),
(578,'addInList',1,75),
(579,'del',1,75),
(580,'index',1,79),
(581,'Addnew',1,79),
(582,'Update',1,79),
(583,'Del',1,79),
(584,'Getbyquesid',1,79),
(585,'Addtofavorite',1,79),
(586,'Index',1,80);

--
-- Table structure for table `awifep`
--

CREATE TABLE `awifep` (
  `id` int(11) NOT NULL AUTO_INCREMENT,
  `infertilitysheetid` int(11) unsigned DEFAULT NULL,
  `wifesex` varchar(191) DEFAULT NULL,
  `wifemodeofd` varchar(191) DEFAULT NULL,
  `wifeobst` varchar(191) DEFAULT NULL,
  `wifetypeofd` varchar(191) DEFAULT NULL,
  `name` varchar(191) DEFAULT NULL,
  `date` varchar(191) DEFAULT NULL,
  `wifew` varchar(191) DEFAULT NULL,
  `wifel` varchar(191) DEFAULT NULL,
  `duration` varchar(191) DEFAULT NULL,
  `stopped` varchar(191) DEFAULT NULL,
  `comment` varchar(191) DEFAULT NULL,
  `awifepmethod` varchar(191) DEFAULT NULL,
  `wifeage` varchar(191) DEFAULT NULL,
  PRIMARY KEY (`id`)
) ENGINE=InnoDB DEFAULT CHARSET=utf8mb4 COLLATE=utf8mb4_unicode_ci;

--
-- Dumping data for table `awifep`
--


--
-- Table structure for table `awifepmethod`
--

CREATE TABLE `awifepmethod` (
  `id` int(11) unsigned NOT NULL AUTO_INCREMENT,
  `title` varchar(191) DEFAULT NULL,
  `del` tinyint(1) unsigned DEFAULT NULL,
  PRIMARY KEY (`id`)
) ENGINE=InnoDB DEFAULT CHARSET=utf8mb4 COLLATE=utf8mb4_unicode_ci;

--
-- Dumping data for table `awifepmethod`
--


--
-- Table structure for table `awmenu`
--

CREATE TABLE `awmenu` (
  `id` int(11) unsigned NOT NULL AUTO_INCREMENT,
  `label` varchar(191) DEFAULT NULL,
  `link` varchar(191) DEFAULT NULL,
  `parent` varchar(191) DEFAULT NULL,
  `sort` int(11) unsigned DEFAULT NULL,
  `icon` varchar(191) DEFAULT NULL,
  `active_name` varchar(191) DEFAULT NULL,
  `display` varchar(191) DEFAULT NULL,
  `image` varchar(191) DEFAULT NULL,
  `form` int(11) NOT NULL DEFAULT 0,
  `withpatient` int(11) DEFAULT 1,
  PRIMARY KEY (`id`)
) ENGINE=InnoDB AUTO_INCREMENT=102 DEFAULT CHARSET=utf8mb4 COLLATE=utf8mb4_unicode_ci ROW_FORMAT=COMPACT;

--
-- Dumping data for table `awmenu`
--

INSERT INTO `awmenu` VALUES
(1,'Dashboard','../core/controllers/index.php?ac=index','0',1,'icon-home','index','image','d4cc31774f6da4f80f0ca1e435badd51.jpeg',2,0),
(2,'Roles','../core/controllers/managment.php?ac=index','0',30,'icon-settings','managment','image','52b590aa29de4b4c021261296f5f1c51.png',2,0),
(3,'Members','../core/controllers/_member.php?ac=show','53',3,'icon-users','member','icon','fe2fa07db92348977058781f3d8cc3f1.jpg',2,0),
(6,'Roles','../core/controllers/_role.php?ac=show','53',25,'icon-puzzle','role','icon','b244313217a64b36bf8ddf9f2b5adc05.jpg',2,0),
(9,'Menu','../core/controllers/_menu.php?ac=show','53',24,'icon-calendar','menu','icon','fe2fa07db92348977058781f3d8cc3f1.jpg',2,0),
(12,'Controlls','../core/controllers/_controll.php?ac=show','2',4,'icon-action-redo','controll','icon','fe2fa07db92348977058781f3d8cc3f1.jpg',2,0),
(14,'Pharmacy','../pharmacy/controllers/drugs.php?ac=index','0',26,'icon-folder','pharmacy','image','859cca926afd97c7a872dc2662c642ff.png',0,0),
(16,'Drugs import','../pharmacy/controllers/buys.php?ac=show','14',1,'icon-bulb','Import','icon','fe2fa07db92348977058781f3d8cc3f1.jpg',0,0),
(18,'Export receipt','../pharmacy/controllers/receipt.php?ac=show','14',1,'icon-docs','Receipt','icon','fe2fa07db92348977058781f3d8cc3f1.jpg',0,0),
(19,'Store report','../pharmacy/controllers/store.php?ac=show','14',1,'icon-home','Store','icon','fe2fa07db92348977058781f3d8cc3f1.jpg',0,0),
(20,'Drugs','../pharmacy/controllers/drugs.php?ac=index','14',1,'icon-briefcase','drugs','icon','fe2fa07db92348977058781f3d8cc3f1.jpg',0,0),
(31,'Board','../board/controllers/requests.php?ac=index','0',25,'icon-users','Board','image','8b13e384af77af8e441f0ad3cda08701.png',0,0),
(32,'Request','../board/controllers/requests.php?ac=index','31',1,'icon-envelope','Request','icon','fe2fa07db92348977058781f3d8cc3f1.jpg',0,0),
(34,'Sessions','../board/controllers/sessions.php?ac=index','31',2,'icon-clock','sessions','icon','fe2fa07db92348977058781f3d8cc3f1.jpg',0,0),
(35,'Add Request','../board/controllers/requests.php?ac=index','32',1,'icon-docs','addrequests','icon','fe2fa07db92348977058781f3d8cc3f1.jpg',0,0),
(36,'Show Requests','../board/controllers/requests.php?ac=showall','32',1,'icon-eye','showrequests','icon','fe2fa07db92348977058781f3d8cc3f1.jpg',0,0),
(37,'Archive ','../board/controllers/requests.php?ac=archiveshowall','32',1,'icon-folder','archive','icon','fe2fa07db92348977058781f3d8cc3f1.jpg',0,0),
(38,'Add Session','../board/controllers/sessions.php?ac=index','34',1,'icon-docs','addsession','icon','fe2fa07db92348977058781f3d8cc3f1.jpg',0,0),
(39,'Archive','../board/controllers/sessions.php?ac=archiveshowall','34',1,'icon-folder','archivesess','icon','fe2fa07db92348977058781f3d8cc3f1.jpg',0,0),
(40,'Investigations','../core/controllers/investigation.php?ac=index','0',12,'icon-eye','Investigations','image','99e6d528f795a6e789eec567a8b8c482.png',0,1),
(41,'Patient History','../core/controllers/patienthistory.php?ac=show','0',9,'icon-home','Patient History','image','691dc50dd7656bc5e7f2a9f5eb91c2bf.png',0,1),
(42,'Drugs','../core/controllers/drugsex.php?ac=index','0',20,'icon-handbag','drugs','image','e8cfa53f686f1f694f314c499a7abdb1.png',0,0),
(43,'instructions','instruction','0',22,'icon-speech','instruction','image','f38f634587209961944fb01b789305f1.png',0,1),
(44,'Add instruction','../core/controllers/instruction.php?ac=index','43',1,'icon-speech','instructionadd','icon','fe2fa07db92348977058781f3d8cc3f1.jpg',0,1),
(45,'Show instruction','../core/controllers/instruction.php?ac=show','43',1,'icon-speech','instructionshow','icon','fe2fa07db92348977058781f3d8cc3f1.jpg',0,1),
(46,'Gynecology ','../core/controllers/gyna.php?ac=index','0',3,'icon-user','gyna','image','a0cbb38d3626222856f2297b50b58024.jpg',0,1),
(47,'Antenatal visits','../core/controllers/antenalvisit.php?ac=index','0',2,'icon-user','antenalvisit','image','633b9ba0ea83439e985a155faea4aad3.png',0,1),
(48,'Setting','../core/controllers/programesetting.php','53',1,'icon-globe','setting','icon','fe2fa07db92348977058781f3d8cc3f1.jpg',2,0),
(49,'Help','../core/controllers/help.php?ac=index','0',33,'icon-bulb','help','image','5a22db59b21abf4d162ade78f5638f9f.png',0,0),
(50,'Add new','../core/controllers/help.php?ac=index','49',1,'icon-bulb','helpadd','icon','fe2fa07db92348977058781f3d8cc3f1.jpg',0,0),
(51,'Show All','../core/controllers/help.php?ac=show','49',1,'icon-bulb','helpshow','icon','fe2fa07db92348977058781f3d8cc3f1.jpg',0,0),
(52,'Pictures and Videos','../core/controllers/sonar.php?ac=index','0',18,'icon-camera','sonar','image','c656579f9f67618c0758890d30a24ddd.png',0,1),
(53,'Program Setting','#','0',29,'icon-settings','programesetting','image','dd107d2651e65734dec857c7dabab39e.png',2,0),
(54,'Add Investigations','../core/controllers/addinvestigation.php?ac=index','53',3,'icon-home','addinvestigation','icon','fe2fa07db92348977058781f3d8cc3f1.jpg',0,0),
(55,'Report','#','0',23,'icon-wallet','Reports','image','9667c6ff00f468d331e2d5f8432f8b74.png',0,0),
(56,'Expected Delivery','../core/controllers/expected.php?ac=index','55',1,'icon-action-redo','Expected Delivery','icon','fe2fa07db92348977058781f3d8cc3f1.jpg',0,1),
(57,'Complete Report','../core/controllers/completereport.php?ac=index','55',3,'icon-docs','Complete Report','icon','fe2fa07db92348977058781f3d8cc3f1.jpg',0,1),
(58,'     Financial Report','../core/controllers/financialreport.php?ac=index','55',1,'icon-wallet','Financial Report','icon','c4fb246946cacc9fb710749a7fc777b1.png',2,1),
(59,'Examination','../core/controllers/examination.php?ac=index','0',10,'icon-diamond','Examination','image','baf8d55d64f4872f5a72af9760ecbb0b.jpg',0,1),
(61,'OperationDetails','../core/controllers/operativedetails.php?ac=index','0',15,'icon-bar-chart','operativedetails','image','7307e43e560d7f5296c4d8211586abca.png',1,1),
(62,'GT Image','../core/controllers/gtimage.php?ac=show','0',19,'icon-camera','GT Image','image','8b69b358cfa86178285c97575bfa2f94.png',0,1),
(63,'Visits','../core/controllers/visits.php?ac=index','0',24,'icon-home','visits','image','6b712beeddba5ad1dd4df16703297bc2.png',0,0),
(66,'Take Backup','../core/controllers/backup.php?ac=takeit','53',2,'icon-folder','TakeBackup','icon','fe2fa07db92348977058781f3d8cc3f1.jpg',2,0),
(67,'Setup','../core/controllers/setup.php?ac=index','0',32,'icon-settings','setup','image','0dc1158534e27197848e9f98c6eb836e.png',0,0),
(68,'pregnancy','../core/controllers/followup.php?ac=index','0',27,'icon-docs','followup','image','7ddc53e8f4472e9ec2dbe41188653d1f.png',1,1),
(69,'Record','../core/controllers/record.php?ac=index','0',28,'icon-home','record','image','738051be3b5fc39b23707694db1d633f.png',1,1),
(70,'Infertility','../core/controllers/infertility.php?ac=index','0',5,'icon-home','infertility','image','5a5cf5295757517220456c9e0ee3da3f.png',0,1),
(71,'First','../core/controllers/ultrasoundobst.php?ac=index','72',23,'icon-home','Second','icon','dd2950d000dace888a3fd784d792b89f.png',0,1),
(72,'Antenatal Ultrasound','#','0',16,'icon-home','Ultrasound','image','b8163f45019dba3b12437c144786dc93.png',0,1),
(73,'Second','../core/controllers/ultrasound.php?ac=index','72',24,'icon-eye','Ultrasound Obstetric','image','c1ec4aba2597f5770522ca65927fab66.png',0,1),
(74,'Termination report','../core/controllers/termination.php?ac=index','55',4,'icon-power','termination','icon',NULL,0,1),
(75,'Risk types report','../core/controllers/risktype.php?ac=index','55',5,'icon-bell','risktype','icon',NULL,0,1),
(76,'merge','../core/controllers/merge.php?ac=index','0',31,'icon-action-redo','merge','icon',NULL,2,1),
(80,'Combined Report','../core/controllers/combinedreport.php?ac=index','55',6,'icon-bar-chart','Combined Report','icon',NULL,0,1),
(81,'ultrasound Gyna','../core/controllers/ultrasoundgyna.php?ac=index','0',17,'icon-home','Ultrasound Gyna','image','a42d3a58f377f51cbafebb9bceadb36f.png',0,1),
(82,'Follow up card','../core/controllers/followupcard.php?ac=index','0',11,'icon-graph','FollowUpCard','icon',NULL,1,1),
(83,'full report','../core/controllers/fullreport.php?ac=index','55',7,'icon-calendar','Full Report','icon',NULL,0,1),
(84,'logout','../core/controllers/login.php?ac=logout','0',34,'icon-envelope','logout','image','410518eb8de82026167a33ba5c5e2c46.png',0,1),
(85,'Monitoring sheet','../core/controllers/monitoring.php?ac=index','0',14,'icon-docs','Monitoring sheet','image','30f8a0667afafbe661653f18a39f4ee2.png',0,1),
(86,'single Financial Report','../core/controllers/financialreport.php?ac=balance','55',8,'icon-bar-chart','Single Financial Report','icon',NULL,0,1),
(87,'Infertility visits','../Core/Controllers/Infertilitysheet.Php?Ac=index','0',6,'icon-user','Infertilitysheet','image','297eff2a06ee6e9f148fea4eaad0d75e.png',2,1),
(88,'Antenatal Visits','../Core/Controllers/Ancsheet.Php?Ac=Index','0',8,'icon-user-following','Ancsheet','image','fb02bfda0a4a007a5680c515cd28b490.png',2,1),
(89,'Gyna visits','../Core/Controllers/Gynasheet.Php?Ac=Index','0',4,'icon-users','Gynasheet','image','5bcab711777db6f117ab35cdb7bc66db.png',2,1),
(90,'IVF visits','../Core/Controllers/Ivfsheet.Php?Ac=Index','0',7,'icon-check','Ivfsheet','image','45b0667cdb176ce868d41c6e0e20ca83.png',2,1),
(91,'     iUI','../Core/Controllers/iui.Php?Ac=Index','92',8,'icon-home','iui','image','27e31c3184f8c6b96241f7683d85838a.jpg',0,1),
(92,'Reports','#','0',21,'icon-home','Reports2','image','7237025d9c54b163ec75ab0fcc1d6a62.png',0,1),
(93,'     miscarriages (ePC)','../Core/Controllers/epc.Php?Ac=Index','92',5,'icon-home','epc','image','5ce01e8b183edf5941ed4040ad048939.jpg',0,1),
(94,'     deliveries (p)','../Core/Controllers/Deliveries.Php?Ac=Index','92',4,'icon-home','Deliveries','image','2207e2507a2f34b39c21158aac0b39cb.jpg',0,1),
(95,'     operations','../Core/Controllers/Operations.Php?Ac=Index','92',6,'icon-home','Operations','image','4b80a06a3398f03e4e0fa78f0bd01d3b.jpg',0,1),
(96,'     eDD','../Core/Controllers/edd.Php?Ac=Index','92',3,'icon-home','edd','image','afac07173da6bb066bba26623dcac3c9.jpg',0,1),
(97,'     IVF','../Core/Controllers/Ivfstatistics.Php?Ac=Index','92',7,'icon-home','Ivfstatistics','image','d0d2bda06173399248bbdc5273845542.png',0,1),
(98,'     Complete report','../Core/Controllers/Completesreport.Php?Ac=Index','92',2,'icon-home','Completesreport','image','5ac059bcdca976bb563c559912c0080c.png',0,1),
(99,'op waiting list ','../Core/Controllers/operations.php?ac=waiting_list','0',35,'icon-home','waiting_list','image','a5811d624468d63707844a0acdc8d9f9.png',0,1),
(100,'Add Present History','../Core/Controllers/Addpresenthistory.Php?Ac=Index','53',26,'icon-home','Addpresenthistory','icon',NULL,0,1),
(101,'growth charts','../core/controllers/growth_chart.php?ac=index','0',13,'icon-graph','growth charts','image','819d51b206ae5e2eb274b805873a0d2b.png',0,1);

--
-- Table structure for table `awrole`
--

CREATE TABLE `awrole` (
  `id` int(11) unsigned NOT NULL AUTO_INCREMENT,
  `name` varchar(191) DEFAULT NULL,
  PRIMARY KEY (`id`)
) ENGINE=InnoDB AUTO_INCREMENT=11 DEFAULT CHARSET=utf8mb4 COLLATE=utf8mb4_unicode_ci ROW_FORMAT=COMPACT;

--
-- Dumping data for table `awrole`
--

INSERT INTO `awrole` VALUES
(1,'Management'),
(2,'pharmacist'),
(3,'reception'),
(4,'doctors'),
(5,'rays'),
(6,'assistants'),
(7,''),
(8,''),
(10,'lobna role');

--
-- Table structure for table `awrolebtn`
--

CREATE TABLE `awrolebtn` (
  `id` int(11) unsigned NOT NULL AUTO_INCREMENT,
  `role_id` int(11) unsigned DEFAULT NULL,
  `btn_id` int(11) unsigned DEFAULT NULL,
  `checkval` int(11) unsigned DEFAULT NULL,
  PRIMARY KEY (`id`)
) ENGINE=InnoDB AUTO_INCREMENT=13 DEFAULT CHARSET=utf8mb4 COLLATE=utf8mb4_unicode_ci ROW_FORMAT=COMPACT;

--
-- Dumping data for table `awrolebtn`
--

INSERT INTO `awrolebtn` VALUES
(1,4,1,1),
(2,4,2,1),
(3,4,3,1),
(4,4,4,1),
(5,3,1,1),
(6,3,2,1),
(7,3,3,1),
(8,3,4,1),
(9,1,1,1),
(10,1,2,1),
(11,1,3,0),
(12,1,4,0);

--
-- Table structure for table `awrolecontrollprop`
--

CREATE TABLE `awrolecontrollprop` (
  `id` int(11) unsigned NOT NULL AUTO_INCREMENT,
  `role_id` int(11) unsigned DEFAULT NULL,
  `controllprop_id` int(11) unsigned DEFAULT NULL,
  `checkval` tinyint(1) unsigned DEFAULT NULL,
  PRIMARY KEY (`id`),
  KEY `index_foreignkey_awrolecontrollprop_awcontrollprop` (`controllprop_id`),
  KEY `index_foreignkey_awrolecontrollprop_awrole` (`role_id`),
  CONSTRAINT `c_fk_awrolecontrollprop_controllprop_id` FOREIGN KEY (`controllprop_id`) REFERENCES `awcontrollprop` (`id`) ON DELETE SET NULL ON UPDATE SET NULL,
  CONSTRAINT `c_fk_awrolecontrollprop_role_id` FOREIGN KEY (`role_id`) REFERENCES `awrole` (`id`) ON DELETE SET NULL ON UPDATE SET NULL
) ENGINE=InnoDB AUTO_INCREMENT=3100 DEFAULT CHARSET=utf8mb4 COLLATE=utf8mb4_unicode_ci ROW_FORMAT=COMPACT;

--
-- Dumping data for table `awrolecontrollprop`
--

INSERT INTO `awrolecontrollprop` VALUES
(1,1,1,1),
(2,1,2,1),
(3,1,3,1),
(4,1,4,1),
(5,1,5,1),
(6,1,6,1),
(7,1,7,1),
(8,1,8,1),
(9,1,9,1),
(10,1,10,1),
(11,1,11,1),
(12,1,12,1),
(13,1,13,1),
(14,1,14,1),
(15,1,15,1),
(16,1,16,1),
(17,1,17,1),
(18,1,18,1),
(19,1,19,1),
(20,1,20,1),
(21,1,21,1),
(22,1,22,1),
(23,1,23,1),
(24,1,24,1),
(25,1,25,1),
(26,1,26,1),
(27,1,27,1),
(28,2,1,0),
(29,2,2,0),
(30,2,3,0),
(31,2,4,0),
(32,2,5,0),
(33,2,6,0),
(34,2,7,0),
(35,2,8,0),
(36,2,9,0),
(37,2,10,0),
(38,2,11,0),
(39,2,12,0),
(40,2,13,0),
(41,2,14,0),
(42,2,15,0),
(43,2,16,0),
(44,2,17,0),
(45,2,18,0),
(46,2,19,0),
(47,2,20,0),
(48,2,21,0),
(49,2,22,0),
(50,2,23,0),
(51,2,24,0),
(52,2,25,0),
(53,2,26,0),
(54,2,27,0),
(151,1,116,1),
(152,1,117,1),
(153,1,118,1),
(154,1,119,1),
(155,1,120,1),
(156,1,121,1),
(157,1,122,1),
(158,1,123,1),
(159,1,124,1),
(160,1,125,1),
(161,1,126,1),
(162,1,127,1),
(163,1,128,1),
(164,1,129,1),
(165,1,130,1),
(166,1,131,1),
(167,1,132,1),
(168,1,133,1),
(169,1,134,1),
(170,1,135,1),
(171,1,136,1),
(172,1,137,1),
(173,1,138,1),
(174,1,NULL,1),
(175,1,NULL,1),
(176,1,NULL,1),
(177,1,NULL,1),
(178,1,NULL,1),
(179,1,NULL,1),
(180,1,NULL,1),
(181,1,NULL,1),
(182,1,NULL,1),
(183,1,NULL,1),
(184,1,NULL,1),
(185,1,NULL,1),
(186,1,NULL,1),
(187,1,NULL,1),
(188,1,NULL,1),
(189,1,NULL,1),
(190,1,NULL,1),
(191,1,NULL,1),
(192,1,NULL,1),
(193,1,NULL,1),
(194,1,NULL,1),
(195,1,NULL,1),
(196,1,NULL,1),
(197,1,NULL,1),
(198,1,NULL,1),
(199,1,NULL,1),
(200,1,NULL,1),
(201,1,166,1),
(202,1,167,1),
(203,1,168,1),
(204,1,169,1),
(205,1,170,1),
(206,1,171,1),
(207,1,172,1),
(208,1,173,1),
(209,1,174,1),
(210,1,175,1),
(211,1,176,1),
(212,1,177,1),
(213,1,178,1),
(214,1,179,1),
(215,1,180,1),
(216,1,181,1),
(217,1,182,1),
(218,1,183,1),
(219,1,184,1),
(220,1,185,1),
(221,1,186,1),
(222,1,187,1),
(223,2,116,0),
(224,2,117,0),
(225,2,118,1),
(226,2,134,1),
(227,2,135,1),
(228,2,136,1),
(229,2,137,1),
(230,2,138,1),
(231,2,119,0),
(232,2,120,1),
(233,2,123,1),
(234,2,124,1),
(235,2,125,1),
(236,2,126,1),
(237,2,127,1),
(238,2,128,1),
(239,2,129,1),
(240,2,133,1),
(241,2,121,1),
(242,2,130,1),
(243,2,131,1),
(244,2,132,1),
(245,2,122,1),
(246,2,166,0),
(247,2,167,0),
(248,2,168,0),
(249,2,169,0),
(250,2,170,0),
(251,2,171,0),
(252,2,172,0),
(253,2,173,0),
(254,2,174,0),
(255,2,175,0),
(256,2,176,0),
(257,2,177,0),
(258,2,178,0),
(259,2,179,0),
(260,2,180,0),
(261,2,181,0),
(262,2,182,0),
(263,2,183,0),
(264,2,184,0),
(265,2,185,0),
(266,2,186,0),
(267,2,187,0),
(268,3,1,1),
(269,3,2,1),
(270,3,3,1),
(271,3,4,1),
(272,3,5,1),
(273,3,6,1),
(274,3,7,1),
(275,3,8,1),
(276,3,9,1),
(277,3,10,1),
(278,3,11,1),
(279,3,12,1),
(280,3,13,1),
(281,3,14,1),
(282,3,15,0),
(283,3,16,1),
(284,3,17,1),
(285,3,18,1),
(286,3,19,1),
(287,3,20,1),
(288,3,21,1),
(289,3,22,1),
(290,3,23,1),
(291,3,24,1),
(292,3,25,1),
(293,3,26,1),
(294,3,27,1),
(295,3,116,1),
(296,3,117,1),
(297,3,118,1),
(298,3,134,1),
(299,3,135,1),
(300,3,136,1),
(301,3,137,1),
(302,3,138,1),
(303,3,119,1),
(304,3,120,0),
(305,3,123,0),
(306,3,124,0),
(307,3,125,0),
(308,3,126,0),
(309,3,127,0),
(310,3,128,0),
(311,3,129,0),
(312,3,133,0),
(313,3,121,0),
(314,3,130,0),
(315,3,131,0),
(316,3,132,0),
(317,3,122,0),
(318,3,166,1),
(319,3,167,0),
(320,3,168,1),
(321,3,169,1),
(322,3,170,1),
(323,3,171,1),
(324,3,172,1),
(325,3,173,0),
(326,3,174,0),
(327,3,175,1),
(328,3,176,0),
(329,3,177,0),
(330,3,178,0),
(331,3,179,0),
(332,3,180,0),
(333,3,181,0),
(334,3,182,0),
(335,3,183,0),
(336,3,184,0),
(337,3,185,0),
(338,3,186,0),
(339,3,187,0),
(340,4,1,0),
(341,4,2,0),
(342,4,3,0),
(343,4,4,0),
(344,4,5,0),
(345,4,6,0),
(346,4,7,0),
(347,4,8,0),
(348,4,9,1),
(349,4,10,1),
(350,4,11,1),
(351,4,12,1),
(352,4,13,1),
(353,4,14,1),
(354,4,15,1),
(355,4,16,0),
(356,4,17,1),
(357,4,18,1),
(358,4,19,1),
(359,4,20,1),
(360,4,21,0),
(361,4,22,0),
(362,4,23,0),
(363,4,24,0),
(364,4,25,0),
(365,4,26,0),
(366,4,27,0),
(367,4,116,0),
(368,4,117,0),
(369,4,118,0),
(370,4,134,0),
(371,4,135,0),
(372,4,136,0),
(373,4,137,0),
(374,4,138,0),
(375,4,119,0),
(376,4,120,0),
(377,4,123,0),
(378,4,124,0),
(379,4,125,0),
(380,4,126,0),
(381,4,127,0),
(382,4,128,0),
(383,4,129,0),
(384,4,133,0),
(385,4,121,0),
(386,4,130,0),
(387,4,131,0),
(388,4,132,0),
(389,4,122,0),
(390,4,166,1),
(391,4,167,0),
(392,4,168,1),
(393,4,169,1),
(394,4,170,1),
(395,4,171,1),
(396,4,172,1),
(397,4,173,0),
(398,4,174,0),
(399,4,175,1),
(400,4,176,1),
(401,4,177,0),
(402,4,178,1),
(403,4,179,1),
(404,4,180,1),
(405,4,181,1),
(406,4,182,0),
(407,4,183,0),
(408,4,184,0),
(409,4,185,0),
(410,4,186,0),
(411,4,187,0),
(412,5,1,1),
(413,5,2,1),
(414,5,3,1),
(415,5,4,1),
(416,5,5,1),
(417,5,6,1),
(418,5,7,1),
(419,5,8,1),
(420,5,9,1),
(421,5,10,1),
(422,5,11,1),
(423,5,12,1),
(424,5,13,1),
(425,5,14,1),
(426,5,15,0),
(427,5,16,1),
(428,5,17,1),
(429,5,18,1),
(430,5,19,1),
(431,5,20,1),
(432,5,21,1),
(433,5,22,1),
(434,5,23,1),
(435,5,24,1),
(436,5,25,1),
(437,5,26,1),
(438,5,27,1),
(439,5,116,1),
(440,5,117,1),
(441,5,118,1),
(442,5,134,1),
(443,5,135,1),
(444,5,136,1),
(445,5,137,1),
(446,5,138,1),
(447,5,119,1),
(448,5,120,0),
(449,5,123,0),
(450,5,124,0),
(451,5,125,0),
(452,5,126,0),
(453,5,127,0),
(454,5,128,0),
(455,5,129,0),
(456,5,133,0),
(457,5,121,0),
(458,5,130,0),
(459,5,131,0),
(460,5,132,0),
(461,5,122,0),
(462,5,166,1),
(463,5,167,1),
(464,5,168,1),
(465,5,169,1),
(466,5,170,1),
(467,5,171,1),
(468,5,172,1),
(469,5,173,1),
(470,5,174,1),
(471,5,175,1),
(472,5,176,1),
(473,5,177,1),
(474,5,178,1),
(475,5,179,1),
(476,5,180,1),
(477,5,181,1),
(478,5,182,1),
(479,5,183,1),
(480,5,184,1),
(481,5,185,1),
(482,5,186,1),
(483,5,187,1),
(484,1,188,1),
(485,1,189,1),
(486,1,190,1),
(487,1,191,1),
(488,1,192,1),
(489,1,193,1),
(490,1,194,1),
(491,1,195,1),
(492,1,196,1),
(493,1,197,1),
(494,1,198,1),
(495,1,199,1),
(496,1,200,1),
(497,1,201,1),
(498,1,202,1),
(499,1,203,1),
(500,1,204,1),
(501,1,205,1),
(502,1,206,1),
(503,2,188,1),
(504,2,189,1),
(505,2,190,1),
(506,2,191,1),
(507,2,192,1),
(508,2,200,1),
(509,2,193,1),
(510,2,194,1),
(511,2,195,1),
(512,2,196,1),
(513,2,197,1),
(514,2,198,1),
(515,2,199,1),
(516,2,201,1),
(517,2,202,1),
(518,2,203,1),
(519,2,204,1),
(520,2,205,1),
(521,2,206,1),
(522,1,207,1),
(523,1,210,1),
(524,1,211,1),
(525,1,212,1),
(526,1,208,1),
(527,1,209,1),
(528,1,213,1),
(529,1,214,1),
(530,1,215,1),
(531,1,219,1),
(532,1,220,1),
(533,1,221,1),
(534,1,223,1),
(535,1,224,1),
(536,1,225,1),
(537,1,216,1),
(538,1,217,1),
(539,1,218,1),
(540,1,226,1),
(541,1,227,1),
(542,1,228,1),
(543,1,229,1),
(544,1,230,1),
(545,1,231,1),
(546,1,233,1),
(547,1,234,1),
(548,1,235,1),
(549,1,236,1),
(550,1,237,1),
(551,1,238,1),
(552,1,239,1),
(553,1,240,1),
(554,1,241,1),
(555,1,242,1),
(556,1,243,1),
(557,1,244,1),
(558,1,245,1),
(559,1,246,1),
(560,1,247,1),
(561,1,248,1),
(562,1,249,1),
(563,1,250,1),
(564,1,251,1),
(565,1,256,1),
(566,1,257,1),
(567,1,258,1),
(568,1,253,1),
(569,1,254,1),
(570,1,255,1),
(571,1,252,1),
(572,1,259,1),
(573,1,260,1),
(574,1,261,1),
(575,1,263,1),
(576,1,265,1),
(577,1,266,1),
(578,1,267,1),
(579,1,262,1),
(580,1,264,1),
(581,1,268,1),
(582,1,269,1),
(583,1,270,1),
(584,1,271,1),
(585,1,272,1),
(586,1,280,1),
(587,1,281,1),
(588,1,282,1),
(589,1,283,1),
(590,1,284,1),
(591,1,275,1),
(592,1,276,1),
(593,1,286,1),
(594,1,287,1),
(595,1,289,1),
(596,1,290,1),
(597,1,292,1),
(598,1,293,1),
(599,1,294,1),
(600,1,295,1),
(601,1,285,1),
(602,1,288,1),
(603,1,291,1),
(604,1,296,1),
(605,1,297,1),
(606,1,298,1),
(607,1,299,1),
(608,1,300,1),
(609,1,301,1),
(610,1,302,1),
(611,1,303,1),
(612,1,304,1),
(613,1,305,1),
(614,1,306,1),
(615,1,307,1),
(616,1,308,1),
(617,1,309,1),
(618,1,310,1),
(619,1,311,1),
(620,1,312,1),
(621,1,313,1),
(622,1,314,1),
(623,1,315,1),
(624,1,316,1),
(625,1,317,1),
(626,1,318,1),
(627,1,319,1),
(628,1,320,1),
(629,1,321,1),
(630,1,322,1),
(631,1,323,1),
(632,1,324,1),
(633,1,325,1),
(634,1,326,1),
(635,1,327,1),
(636,1,328,1),
(637,1,329,1),
(638,1,330,1),
(639,1,331,1),
(640,1,332,1),
(641,1,333,1),
(642,1,334,1),
(643,1,335,1),
(644,1,336,1),
(645,1,337,1),
(646,1,338,1),
(647,1,339,1),
(648,1,340,1),
(649,1,341,1),
(650,1,342,1),
(651,1,343,1),
(652,1,344,1),
(653,1,345,1),
(654,1,346,1),
(655,1,347,1),
(656,1,348,1),
(657,1,349,1),
(658,1,354,1),
(659,1,355,1),
(660,1,356,1),
(661,1,357,1),
(662,1,358,1),
(663,1,359,1),
(664,1,360,1),
(665,1,361,1),
(666,1,362,1),
(667,1,363,1),
(668,1,364,1),
(669,1,365,1),
(670,1,366,1),
(671,1,367,1),
(672,1,368,1),
(673,1,369,1),
(674,1,370,1),
(675,1,372,1),
(676,1,371,1),
(677,1,373,1),
(678,1,374,1),
(679,1,375,1),
(680,1,376,1),
(681,1,377,1),
(682,1,378,1),
(683,1,379,1),
(684,1,380,1),
(685,1,381,1),
(686,1,383,1),
(687,1,385,1),
(688,1,382,1),
(689,1,384,1),
(690,1,386,1),
(691,1,387,1),
(692,1,388,1),
(693,1,389,1),
(694,1,390,1),
(695,1,391,1),
(696,1,392,1),
(697,1,393,1),
(698,1,394,1),
(699,1,395,1),
(700,1,396,1),
(701,1,397,1),
(702,1,402,1),
(703,1,398,1),
(704,1,403,1),
(705,1,404,1),
(706,1,405,1),
(707,1,399,1),
(708,1,400,1),
(709,1,401,1),
(710,1,406,1),
(711,1,407,1),
(712,1,408,1),
(713,1,409,1),
(714,1,410,1),
(715,1,411,1),
(716,1,412,1),
(717,1,415,1),
(718,1,416,1),
(719,1,428,1),
(720,1,417,1),
(721,1,418,1),
(722,1,419,1),
(723,1,420,1),
(724,1,421,1),
(725,1,422,1),
(726,1,413,1),
(727,1,414,1),
(728,1,423,1),
(729,1,424,1),
(730,1,425,1),
(731,1,426,1),
(732,1,427,1),
(733,1,432,1),
(734,1,434,1),
(735,1,431,1),
(736,1,433,1),
(737,1,429,1),
(738,1,430,1),
(739,1,435,1),
(740,NULL,1,1),
(741,NULL,2,1),
(742,NULL,3,1),
(743,NULL,4,1),
(744,NULL,5,1),
(745,NULL,6,1),
(746,NULL,7,1),
(747,NULL,8,1),
(748,NULL,9,1),
(749,NULL,10,1),
(750,NULL,11,1),
(751,NULL,12,1),
(752,NULL,13,1),
(753,NULL,14,1),
(754,NULL,389,1),
(755,NULL,390,1),
(756,NULL,391,1),
(757,NULL,394,1),
(758,NULL,15,0),
(759,NULL,16,1),
(760,NULL,17,1),
(761,NULL,18,1),
(762,NULL,19,1),
(763,NULL,20,1),
(764,NULL,21,1),
(765,NULL,22,1),
(766,NULL,23,1),
(767,NULL,24,1),
(768,NULL,25,1),
(769,NULL,26,1),
(770,NULL,27,1),
(771,NULL,116,1),
(772,NULL,117,1),
(773,NULL,118,1),
(774,NULL,134,1),
(775,NULL,135,1),
(776,NULL,136,1),
(777,NULL,137,1),
(778,NULL,138,1),
(779,NULL,119,1),
(780,NULL,120,0),
(781,NULL,123,0),
(782,NULL,124,0),
(783,NULL,125,0),
(784,NULL,126,0),
(785,NULL,127,0),
(786,NULL,128,0),
(787,NULL,129,0),
(788,NULL,133,0),
(789,NULL,121,0),
(790,NULL,130,0),
(791,NULL,131,0),
(792,NULL,132,0),
(793,NULL,122,0),
(794,NULL,166,0),
(795,NULL,167,0),
(796,NULL,168,0),
(797,NULL,169,0),
(798,NULL,170,0),
(799,NULL,171,0),
(800,NULL,172,0),
(801,NULL,173,0),
(802,NULL,174,0),
(803,NULL,175,0),
(804,NULL,176,0),
(805,NULL,177,0),
(806,NULL,178,0),
(807,NULL,179,0),
(808,NULL,180,0),
(809,NULL,181,0),
(810,NULL,182,0),
(811,NULL,183,0),
(812,NULL,184,0),
(813,NULL,185,0),
(814,NULL,186,0),
(815,NULL,187,0),
(816,NULL,188,1),
(817,NULL,207,1),
(818,NULL,210,1),
(819,NULL,211,1),
(820,NULL,212,1),
(821,NULL,219,1),
(822,NULL,220,1),
(823,NULL,280,1),
(824,NULL,281,1),
(825,NULL,282,1),
(826,NULL,283,1),
(827,NULL,284,1),
(828,NULL,299,1),
(829,NULL,300,1),
(830,NULL,362,1),
(831,NULL,363,1),
(832,NULL,383,1),
(833,NULL,385,1),
(834,NULL,189,1),
(835,NULL,256,1),
(836,NULL,257,1),
(837,NULL,258,1),
(838,NULL,190,1),
(839,NULL,191,1),
(840,NULL,192,1),
(841,NULL,200,1),
(842,NULL,208,1),
(843,NULL,209,1),
(844,NULL,213,1),
(845,NULL,221,1),
(846,NULL,223,1),
(847,NULL,224,1),
(848,NULL,225,1),
(849,NULL,233,1),
(850,NULL,242,1),
(851,NULL,243,1),
(852,NULL,244,1),
(853,NULL,245,1),
(854,NULL,250,1),
(855,NULL,251,1),
(856,NULL,253,1),
(857,NULL,254,1),
(858,NULL,255,1),
(859,NULL,263,1),
(860,NULL,265,1),
(861,NULL,266,1),
(862,NULL,267,1),
(863,NULL,275,1),
(864,NULL,276,1),
(865,NULL,286,1),
(866,NULL,402,1),
(867,NULL,193,1),
(868,NULL,216,1),
(869,NULL,217,1),
(870,NULL,218,1),
(871,NULL,287,1),
(872,NULL,289,1),
(873,NULL,290,1),
(874,NULL,292,1),
(875,NULL,293,1),
(876,NULL,294,1),
(877,NULL,295,1),
(878,NULL,364,1),
(879,NULL,365,1),
(880,NULL,366,1),
(881,NULL,367,1),
(882,NULL,368,1),
(883,NULL,372,1),
(884,NULL,382,1),
(885,NULL,384,1),
(886,NULL,432,1),
(887,NULL,434,1),
(888,NULL,194,1),
(889,NULL,195,1),
(890,NULL,196,1),
(891,NULL,197,1),
(892,NULL,198,1),
(893,NULL,199,1),
(894,NULL,201,1),
(895,NULL,202,1),
(896,NULL,203,1),
(897,NULL,204,1),
(898,NULL,205,1),
(899,NULL,206,1),
(900,NULL,371,1),
(901,NULL,214,1),
(902,NULL,215,1),
(903,NULL,226,1),
(904,NULL,227,1),
(905,NULL,228,1),
(906,NULL,229,1),
(907,NULL,230,1),
(908,NULL,231,1),
(909,NULL,234,1),
(910,NULL,235,1),
(911,NULL,236,1),
(912,NULL,237,1),
(913,NULL,238,1),
(914,NULL,239,1),
(915,NULL,240,1),
(916,NULL,241,1),
(917,NULL,285,1),
(918,NULL,431,1),
(919,NULL,433,1),
(920,NULL,246,1),
(921,NULL,247,1),
(922,NULL,248,1),
(923,NULL,249,1),
(924,NULL,252,1),
(925,NULL,262,1),
(926,NULL,264,1),
(927,NULL,259,1),
(928,NULL,268,1),
(929,NULL,260,1),
(930,NULL,301,1),
(931,NULL,261,1),
(932,NULL,288,1),
(933,NULL,269,1),
(934,NULL,270,1),
(935,NULL,271,1),
(936,NULL,272,1),
(937,NULL,291,1),
(938,NULL,296,1),
(939,NULL,297,1),
(940,NULL,298,1),
(941,NULL,341,1),
(942,NULL,342,1),
(943,NULL,343,1),
(944,NULL,344,1),
(945,NULL,345,1),
(946,NULL,346,1),
(947,NULL,347,1),
(948,NULL,302,1),
(949,NULL,303,1),
(950,NULL,304,1),
(951,NULL,305,1),
(952,NULL,306,1),
(953,NULL,307,1),
(954,NULL,308,1),
(955,NULL,309,1),
(956,NULL,310,1),
(957,NULL,311,1),
(958,NULL,312,1),
(959,NULL,313,1),
(960,NULL,314,1),
(961,NULL,315,1),
(962,NULL,316,1),
(963,NULL,317,1),
(964,NULL,318,1),
(965,NULL,319,1),
(966,NULL,320,1),
(967,NULL,321,1),
(968,NULL,322,1),
(969,NULL,323,1),
(970,NULL,324,1),
(971,NULL,325,1),
(972,NULL,326,1),
(973,NULL,327,1),
(974,NULL,328,1),
(975,NULL,329,1),
(976,NULL,330,1),
(977,NULL,331,1),
(978,NULL,332,1),
(979,NULL,333,1),
(980,NULL,334,1),
(981,NULL,335,1),
(982,NULL,336,1),
(983,NULL,337,1),
(984,NULL,338,1),
(985,NULL,339,1),
(986,NULL,340,1),
(987,NULL,398,1),
(988,NULL,348,1),
(989,NULL,349,1),
(990,NULL,354,1),
(991,NULL,355,1),
(992,NULL,356,1),
(993,NULL,357,1),
(994,NULL,358,1),
(995,NULL,359,1),
(996,NULL,360,1),
(997,NULL,361,1),
(998,NULL,386,1),
(999,NULL,387,1),
(1000,NULL,388,1),
(1001,NULL,412,1),
(1002,NULL,415,1),
(1003,NULL,416,1),
(1004,NULL,428,1),
(1005,NULL,429,1),
(1006,NULL,430,1),
(1007,NULL,369,1),
(1008,NULL,370,1),
(1009,NULL,403,1),
(1010,NULL,404,1),
(1011,NULL,405,1),
(1012,NULL,373,1),
(1013,NULL,374,1),
(1014,NULL,375,1),
(1015,NULL,376,1),
(1016,NULL,377,1),
(1017,NULL,378,1),
(1018,NULL,379,1),
(1019,NULL,380,1),
(1020,NULL,381,1),
(1021,NULL,392,1),
(1022,NULL,393,1),
(1023,NULL,395,1),
(1024,NULL,396,1),
(1025,NULL,397,1),
(1026,NULL,399,1),
(1027,NULL,400,1),
(1028,NULL,401,1),
(1029,NULL,406,1),
(1030,NULL,407,1),
(1031,NULL,417,1),
(1032,NULL,418,1),
(1033,NULL,419,1),
(1034,NULL,420,1),
(1035,NULL,421,1),
(1036,NULL,422,1),
(1037,NULL,408,1),
(1038,NULL,409,1),
(1039,NULL,413,1),
(1040,NULL,414,1),
(1041,NULL,410,1),
(1042,NULL,411,1),
(1043,NULL,423,1),
(1044,NULL,424,1),
(1045,NULL,425,1),
(1046,NULL,426,1),
(1047,NULL,427,1),
(1048,NULL,435,1),
(1049,8,1,1),
(1050,8,2,1),
(1051,8,3,1),
(1052,8,4,1),
(1053,8,5,1),
(1054,8,6,1),
(1055,8,7,1),
(1056,8,8,1),
(1057,8,9,1),
(1058,8,10,1),
(1059,8,11,1),
(1060,8,12,1),
(1061,8,13,1),
(1062,8,14,1),
(1063,8,389,1),
(1064,8,390,1),
(1065,8,391,1),
(1066,8,394,1),
(1067,8,15,0),
(1068,8,16,1),
(1069,8,17,1),
(1070,8,18,1),
(1071,8,19,1),
(1072,8,20,1),
(1073,8,21,1),
(1074,8,22,1),
(1075,8,23,1),
(1076,8,24,1),
(1077,8,25,1),
(1078,8,26,1),
(1079,8,27,1),
(1080,8,116,1),
(1081,8,117,1),
(1082,8,118,1),
(1083,8,134,1),
(1084,8,135,1),
(1085,8,136,1),
(1086,8,137,1),
(1087,8,138,1),
(1088,8,119,1),
(1089,8,120,0),
(1090,8,123,0),
(1091,8,124,0),
(1092,8,125,0),
(1093,8,126,0),
(1094,8,127,0),
(1095,8,128,0),
(1096,8,129,0),
(1097,8,133,0),
(1098,8,121,0),
(1099,8,130,0),
(1100,8,131,0),
(1101,8,132,0),
(1102,8,122,0),
(1103,8,166,0),
(1104,8,167,0),
(1105,8,168,0),
(1106,8,169,0),
(1107,8,170,0),
(1108,8,171,0),
(1109,8,172,0),
(1110,8,173,0),
(1111,8,174,0),
(1112,8,175,0),
(1113,8,176,0),
(1114,8,177,0),
(1115,8,178,0),
(1116,8,179,0),
(1117,8,180,0),
(1118,8,181,0),
(1119,8,182,0),
(1120,8,183,0),
(1121,8,184,0),
(1122,8,185,0),
(1123,8,186,0),
(1124,8,187,0),
(1125,8,188,1),
(1126,8,207,1),
(1127,8,210,1),
(1128,8,211,1),
(1129,8,212,1),
(1130,8,219,1),
(1131,8,220,1),
(1132,8,280,1),
(1133,8,281,1),
(1134,8,282,1),
(1135,8,283,1),
(1136,8,284,1),
(1137,8,299,1),
(1138,8,300,1),
(1139,8,362,1),
(1140,8,363,1),
(1141,8,383,1),
(1142,8,385,1),
(1143,8,189,1),
(1144,8,256,1),
(1145,8,257,1),
(1146,8,258,1),
(1147,8,190,1),
(1148,8,191,1),
(1149,8,192,1),
(1150,8,200,1),
(1151,8,208,1),
(1152,8,209,1),
(1153,8,213,1),
(1154,8,221,1),
(1155,8,223,1),
(1156,8,224,1),
(1157,8,225,1),
(1158,8,233,1),
(1159,8,242,1),
(1160,8,243,1),
(1161,8,244,1),
(1162,8,245,1),
(1163,8,250,1),
(1164,8,251,1),
(1165,8,253,1),
(1166,8,254,1),
(1167,8,255,1),
(1168,8,263,1),
(1169,8,265,1),
(1170,8,266,1),
(1171,8,267,1),
(1172,8,275,1),
(1173,8,276,1),
(1174,8,286,1),
(1175,8,402,1),
(1176,8,193,1),
(1177,8,216,1),
(1178,8,217,1),
(1179,8,218,1),
(1180,8,287,1),
(1181,8,289,1),
(1182,8,290,1),
(1183,8,292,1),
(1184,8,293,1),
(1185,8,294,1),
(1186,8,295,1),
(1187,8,364,1),
(1188,8,365,1),
(1189,8,366,1),
(1190,8,367,1),
(1191,8,368,1),
(1192,8,372,1),
(1193,8,382,1),
(1194,8,384,1),
(1195,8,432,1),
(1196,8,434,1),
(1197,8,194,1),
(1198,8,195,1),
(1199,8,196,1),
(1200,8,197,1),
(1201,8,198,1),
(1202,8,199,1),
(1203,8,201,1),
(1204,8,202,1),
(1205,8,203,1),
(1206,8,204,1),
(1207,8,205,1),
(1208,8,206,1),
(1209,8,371,1),
(1210,8,214,1),
(1211,8,215,1),
(1212,8,226,1),
(1213,8,227,1),
(1214,8,228,1),
(1215,8,229,1),
(1216,8,230,1),
(1217,8,231,1),
(1218,8,234,1),
(1219,8,235,1),
(1220,8,236,1),
(1221,8,237,1),
(1222,8,238,1),
(1223,8,239,1),
(1224,8,240,1),
(1225,8,241,1),
(1226,8,285,1),
(1227,8,431,1),
(1228,8,433,1),
(1229,8,246,1),
(1230,8,247,1),
(1231,8,248,1),
(1232,8,249,1),
(1233,8,252,1),
(1234,8,262,1),
(1235,8,264,1),
(1236,8,259,1),
(1237,8,268,1),
(1238,8,260,1),
(1239,8,301,1),
(1240,8,261,1),
(1241,8,288,1),
(1242,8,269,1),
(1243,8,270,1),
(1244,8,271,1),
(1245,8,272,1),
(1246,8,291,1),
(1247,8,296,1),
(1248,8,297,1),
(1249,8,298,1),
(1250,8,341,1),
(1251,8,342,1),
(1252,8,343,1),
(1253,8,344,1),
(1254,8,345,1),
(1255,8,346,1),
(1256,8,347,1),
(1257,8,302,1),
(1258,8,303,1),
(1259,8,304,1),
(1260,8,305,1),
(1261,8,306,1),
(1262,8,307,1),
(1263,8,308,1),
(1264,8,309,1),
(1265,8,310,1),
(1266,8,311,1),
(1267,8,312,1),
(1268,8,313,1),
(1269,8,314,1),
(1270,8,315,1),
(1271,8,316,1),
(1272,8,317,1),
(1273,8,318,1),
(1274,8,319,1),
(1275,8,320,1),
(1276,8,321,1),
(1277,8,322,1),
(1278,8,323,1),
(1279,8,324,1),
(1280,8,325,1),
(1281,8,326,1),
(1282,8,327,1),
(1283,8,328,1),
(1284,8,329,1),
(1285,8,330,1),
(1286,8,331,1),
(1287,8,332,1),
(1288,8,333,1),
(1289,8,334,1),
(1290,8,335,1),
(1291,8,336,1),
(1292,8,337,1),
(1293,8,338,1),
(1294,8,339,1),
(1295,8,340,1),
(1296,8,398,1),
(1297,8,348,1),
(1298,8,349,1),
(1299,8,354,1),
(1300,8,355,1),
(1301,8,356,1),
(1302,8,357,1),
(1303,8,358,1),
(1304,8,359,1),
(1305,8,360,1),
(1306,8,361,1),
(1307,8,386,1),
(1308,8,387,1),
(1309,8,388,1),
(1310,8,412,1),
(1311,8,415,1),
(1312,8,416,1),
(1313,8,428,1),
(1314,8,429,1),
(1315,8,430,1),
(1316,8,369,1),
(1317,8,370,1),
(1318,8,403,1),
(1319,8,404,1),
(1320,8,405,1),
(1321,8,373,1),
(1322,8,374,1),
(1323,8,375,1),
(1324,8,376,1),
(1325,8,377,1),
(1326,8,378,1),
(1327,8,379,1),
(1328,8,380,1),
(1329,8,381,1),
(1330,8,392,1),
(1331,8,393,1),
(1332,8,395,1),
(1333,8,396,1),
(1334,8,397,1),
(1335,8,399,1),
(1336,8,400,1),
(1337,8,401,1),
(1338,8,406,1),
(1339,8,407,1),
(1340,8,417,1),
(1341,8,418,1),
(1342,8,419,1),
(1343,8,420,1),
(1344,8,421,1),
(1345,8,422,1),
(1346,8,408,1),
(1347,8,409,1),
(1348,8,413,1),
(1349,8,414,1),
(1350,8,410,1),
(1351,8,411,1),
(1352,8,423,1),
(1353,8,424,1),
(1354,8,425,1),
(1355,8,426,1),
(1356,8,427,1),
(1357,8,435,1),
(1358,2,389,1),
(1359,2,390,1),
(1360,2,391,1),
(1361,2,394,1),
(1362,2,436,1),
(1363,2,437,1),
(1364,2,207,1),
(1365,2,210,1),
(1366,2,211,1),
(1367,2,212,1),
(1368,2,219,1),
(1369,2,220,1),
(1370,2,280,1),
(1371,2,281,1),
(1372,2,282,1),
(1373,2,283,1),
(1374,2,284,1),
(1375,2,299,1),
(1376,2,300,1),
(1377,2,362,1),
(1378,2,363,1),
(1379,2,383,1),
(1380,2,385,1),
(1381,2,256,1),
(1382,2,257,1),
(1383,2,258,1),
(1384,2,208,1),
(1385,2,209,1),
(1386,2,213,1),
(1387,2,221,1),
(1388,2,223,1),
(1389,2,224,1),
(1390,2,225,1),
(1391,2,233,1),
(1392,2,242,1),
(1393,2,243,1),
(1394,2,244,1),
(1395,2,245,1),
(1396,2,250,1),
(1397,2,251,1),
(1398,2,253,1),
(1399,2,254,1),
(1400,2,255,1),
(1401,2,263,1),
(1402,2,265,1),
(1403,2,266,1),
(1404,2,267,1),
(1405,2,275,1),
(1406,2,276,1),
(1407,2,286,1),
(1408,2,402,1),
(1409,2,216,1),
(1410,2,217,1),
(1411,2,218,1),
(1412,2,287,1),
(1413,2,289,1),
(1414,2,290,1),
(1415,2,292,1),
(1416,2,293,1),
(1417,2,294,1),
(1418,2,295,1),
(1419,2,364,1),
(1420,2,365,1),
(1421,2,366,1),
(1422,2,367,1),
(1423,2,368,1),
(1424,2,372,1),
(1425,2,382,1),
(1426,2,384,1),
(1427,2,432,1),
(1428,2,434,1),
(1429,2,371,1),
(1430,2,214,1),
(1431,2,215,1),
(1432,2,226,1),
(1433,2,227,1),
(1434,2,228,1),
(1435,2,229,1),
(1436,2,230,1),
(1437,2,231,1),
(1438,2,234,1),
(1439,2,235,1),
(1440,2,236,1),
(1441,2,237,1),
(1442,2,238,1),
(1443,2,239,1),
(1444,2,240,1),
(1445,2,241,1),
(1446,2,285,1),
(1447,2,431,1),
(1448,2,433,1),
(1449,2,246,1),
(1450,2,247,1),
(1451,2,248,1),
(1452,2,249,1),
(1453,2,252,1),
(1454,2,262,1),
(1455,2,264,1),
(1456,2,259,1),
(1457,2,268,1),
(1458,2,260,1),
(1459,2,301,1),
(1460,2,261,1),
(1461,2,288,1),
(1462,2,269,1),
(1463,2,270,1),
(1464,2,271,1),
(1465,2,272,1),
(1466,2,291,1),
(1467,2,296,1),
(1468,2,297,1),
(1469,2,298,1),
(1470,2,341,1),
(1471,2,342,1),
(1472,2,343,1),
(1473,2,344,1),
(1474,2,345,1),
(1475,2,346,1),
(1476,2,347,1),
(1477,2,302,1),
(1478,2,303,1),
(1479,2,304,1),
(1480,2,305,1),
(1481,2,306,1),
(1482,2,307,1),
(1483,2,308,1),
(1484,2,309,1),
(1485,2,310,1),
(1486,2,311,1),
(1487,2,312,1),
(1488,2,313,1),
(1489,2,314,1),
(1490,2,315,1),
(1491,2,316,1),
(1492,2,317,1),
(1493,2,318,1),
(1494,2,319,1),
(1495,2,320,1),
(1496,2,321,1),
(1497,2,322,1),
(1498,2,323,1),
(1499,2,324,1),
(1500,2,325,1),
(1501,2,326,1),
(1502,2,327,1),
(1503,2,328,1),
(1504,2,329,1),
(1505,2,330,1),
(1506,2,331,1),
(1507,2,332,1),
(1508,2,333,1),
(1509,2,334,1),
(1510,2,335,1),
(1511,2,336,1),
(1512,2,337,1),
(1513,2,338,1),
(1514,2,339,1),
(1515,2,340,1),
(1516,2,398,1),
(1517,2,348,1),
(1518,2,349,1),
(1519,2,354,1),
(1520,2,355,1),
(1521,2,356,1),
(1522,2,357,1),
(1523,2,358,1),
(1524,2,359,1),
(1525,2,360,1),
(1526,2,361,1),
(1527,2,386,1),
(1528,2,387,1),
(1529,2,388,1),
(1530,2,412,1),
(1531,2,415,1),
(1532,2,416,1),
(1533,2,428,1),
(1534,2,429,1),
(1535,2,430,1),
(1536,2,369,1),
(1537,2,370,1),
(1538,2,403,1),
(1539,2,404,1),
(1540,2,405,1),
(1541,2,373,1),
(1542,2,374,1),
(1543,2,375,1),
(1544,2,376,1),
(1545,2,377,1),
(1546,2,378,1),
(1547,2,379,1),
(1548,2,380,1),
(1549,2,381,1),
(1550,2,392,1),
(1551,2,393,1),
(1552,2,395,1),
(1553,2,396,1),
(1554,2,397,1),
(1555,2,399,1),
(1556,2,400,1),
(1557,2,401,1),
(1558,2,406,1),
(1559,2,407,1),
(1560,2,417,1),
(1561,2,418,1),
(1562,2,419,1),
(1563,2,420,1),
(1564,2,421,1),
(1565,2,422,1),
(1566,2,408,1),
(1567,2,409,1),
(1568,2,413,1),
(1569,2,414,1),
(1570,2,410,1),
(1571,2,411,1),
(1572,2,423,1),
(1573,2,424,1),
(1574,2,425,1),
(1575,2,426,1),
(1576,2,427,1),
(1577,2,435,1),
(1578,3,389,1),
(1579,3,390,1),
(1580,3,391,1),
(1581,3,394,1),
(1582,3,436,1),
(1583,3,437,1),
(1584,3,188,1),
(1585,3,207,1),
(1586,3,210,1),
(1587,3,211,1),
(1588,3,212,1),
(1589,3,219,1),
(1590,3,220,1),
(1591,3,280,1),
(1592,3,281,1),
(1593,3,282,1),
(1594,3,283,1),
(1595,3,284,1),
(1596,3,299,1),
(1597,3,300,1),
(1598,3,362,1),
(1599,3,363,1),
(1600,3,383,1),
(1601,3,385,1),
(1602,3,189,1),
(1603,3,256,1),
(1604,3,257,1),
(1605,3,258,1),
(1606,3,190,1),
(1607,3,191,1),
(1608,3,192,1),
(1609,3,200,1),
(1610,3,208,1),
(1611,3,209,1),
(1612,3,213,1),
(1613,3,221,1),
(1614,3,223,1),
(1615,3,224,1),
(1616,3,225,1),
(1617,3,233,1),
(1618,3,242,1),
(1619,3,243,1),
(1620,3,244,1),
(1621,3,245,1),
(1622,3,250,1),
(1623,3,251,1),
(1624,3,253,1),
(1625,3,254,1),
(1626,3,255,1),
(1627,3,263,1),
(1628,3,265,1),
(1629,3,266,1),
(1630,3,267,1),
(1631,3,275,1),
(1632,3,276,1),
(1633,3,286,1),
(1634,3,402,1),
(1635,3,193,1),
(1636,3,216,1),
(1637,3,217,1),
(1638,3,218,1),
(1639,3,287,1),
(1640,3,289,1),
(1641,3,290,1),
(1642,3,292,1),
(1643,3,293,1),
(1644,3,294,1),
(1645,3,295,1),
(1646,3,364,1),
(1647,3,365,1),
(1648,3,366,1),
(1649,3,367,1),
(1650,3,368,1),
(1651,3,372,1),
(1652,3,382,1),
(1653,3,384,1),
(1654,3,432,1),
(1655,3,434,1),
(1656,3,194,1),
(1657,3,195,1),
(1658,3,196,1),
(1659,3,197,1),
(1660,3,198,1),
(1661,3,199,1),
(1662,3,201,1),
(1663,3,202,1),
(1664,3,203,1),
(1665,3,204,1),
(1666,3,205,1),
(1667,3,206,1),
(1668,3,371,1),
(1669,3,214,1),
(1670,3,215,1),
(1671,3,226,1),
(1672,3,227,1),
(1673,3,228,1),
(1674,3,229,1),
(1675,3,230,1),
(1676,3,231,1),
(1677,3,234,1),
(1678,3,235,1),
(1679,3,236,1),
(1680,3,237,1),
(1681,3,238,1),
(1682,3,239,1),
(1683,3,240,1),
(1684,3,241,1),
(1685,3,285,1),
(1686,3,431,1),
(1687,3,433,1),
(1688,3,246,1),
(1689,3,247,1),
(1690,3,248,1),
(1691,3,249,1),
(1692,3,252,1),
(1693,3,262,1),
(1694,3,264,1),
(1695,3,259,1),
(1696,3,268,1),
(1697,3,260,1),
(1698,3,301,1),
(1699,3,261,1),
(1700,3,288,1),
(1701,3,269,1),
(1702,3,270,1),
(1703,3,271,1),
(1704,3,272,1),
(1705,3,291,1),
(1706,3,296,1),
(1707,3,297,1),
(1708,3,298,1),
(1709,3,341,1),
(1710,3,342,1),
(1711,3,343,1),
(1712,3,344,1),
(1713,3,345,1),
(1714,3,346,1),
(1715,3,347,1),
(1716,3,302,1),
(1717,3,303,1),
(1718,3,304,1),
(1719,3,305,1),
(1720,3,306,1),
(1721,3,307,1),
(1722,3,308,1),
(1723,3,309,1),
(1724,3,310,1),
(1725,3,311,1),
(1726,3,312,1),
(1727,3,313,1),
(1728,3,314,1),
(1729,3,315,1),
(1730,3,316,1),
(1731,3,317,1),
(1732,3,318,1),
(1733,3,319,1),
(1734,3,320,1),
(1735,3,321,1),
(1736,3,322,1),
(1737,3,323,1),
(1738,3,324,1),
(1739,3,325,1),
(1740,3,326,1),
(1741,3,327,1),
(1742,3,328,1),
(1743,3,329,1),
(1744,3,330,1),
(1745,3,331,1),
(1746,3,332,1),
(1747,3,333,1),
(1748,3,334,1),
(1749,3,335,1),
(1750,3,336,1),
(1751,3,337,1),
(1752,3,338,1),
(1753,3,339,1),
(1754,3,340,1),
(1755,3,398,1),
(1756,3,348,1),
(1757,3,349,1),
(1758,3,354,1),
(1759,3,355,1),
(1760,3,356,1),
(1761,3,357,1),
(1762,3,358,1),
(1763,3,359,1),
(1764,3,360,1),
(1765,3,361,1),
(1766,3,386,1),
(1767,3,387,1),
(1768,3,388,1),
(1769,3,412,1),
(1770,3,415,1),
(1771,3,416,1),
(1772,3,428,1),
(1773,3,429,1),
(1774,3,430,1),
(1775,3,369,1),
(1776,3,370,1),
(1777,3,403,1),
(1778,3,404,1),
(1779,3,405,1),
(1780,3,373,1),
(1781,3,374,1),
(1782,3,375,1),
(1783,3,376,1),
(1784,3,377,1),
(1785,3,378,1),
(1786,3,379,1),
(1787,3,380,1),
(1788,3,381,1),
(1789,3,392,1),
(1790,3,393,1),
(1791,3,395,1),
(1792,3,396,1),
(1793,3,397,1),
(1794,3,399,1),
(1795,3,400,1),
(1796,3,401,1),
(1797,3,406,1),
(1798,3,407,1),
(1799,3,417,1),
(1800,3,418,1),
(1801,3,419,1),
(1802,3,420,1),
(1803,3,421,1),
(1804,3,422,1),
(1805,3,408,1),
(1806,3,409,1),
(1807,3,413,1),
(1808,3,414,1),
(1809,3,410,1),
(1810,3,411,1),
(1811,3,423,1),
(1812,3,424,1),
(1813,3,425,1),
(1814,3,426,1),
(1815,3,427,1),
(1816,3,435,1),
(1817,4,389,1),
(1818,4,390,1),
(1819,4,391,1),
(1820,4,394,1),
(1821,4,436,1),
(1822,4,437,1),
(1823,4,188,1),
(1824,4,207,1),
(1825,4,210,1),
(1826,4,211,1),
(1827,4,212,1),
(1828,4,219,1),
(1829,4,220,1),
(1830,4,280,1),
(1831,4,281,1),
(1832,4,282,1),
(1833,4,283,1),
(1834,4,284,1),
(1835,4,299,1),
(1836,4,300,1),
(1837,4,362,1),
(1838,4,363,1),
(1839,4,383,1),
(1840,4,385,1),
(1841,4,189,1),
(1842,4,256,1),
(1843,4,257,1),
(1844,4,258,1),
(1845,4,190,1),
(1846,4,191,1),
(1847,4,192,1),
(1848,4,200,1),
(1849,4,208,1),
(1850,4,209,1),
(1851,4,213,1),
(1852,4,221,1),
(1853,4,223,1),
(1854,4,224,1),
(1855,4,225,1),
(1856,4,233,1),
(1857,4,242,1),
(1858,4,243,1),
(1859,4,244,1),
(1860,4,245,1),
(1861,4,250,1),
(1862,4,251,1),
(1863,4,253,1),
(1864,4,254,1),
(1865,4,255,1),
(1866,4,263,1),
(1867,4,265,1),
(1868,4,266,1),
(1869,4,267,1),
(1870,4,275,1),
(1871,4,276,1),
(1872,4,286,1),
(1873,4,402,1),
(1874,4,193,1),
(1875,4,216,1),
(1876,4,217,1),
(1877,4,218,1),
(1878,4,287,1),
(1879,4,289,1),
(1880,4,290,1),
(1881,4,292,1),
(1882,4,293,1),
(1883,4,294,1),
(1884,4,295,1),
(1885,4,364,1),
(1886,4,365,1),
(1887,4,366,1),
(1888,4,367,1),
(1889,4,368,1),
(1890,4,372,1),
(1891,4,382,1),
(1892,4,384,1),
(1893,4,432,1),
(1894,4,434,1),
(1895,4,194,1),
(1896,4,195,1),
(1897,4,196,1),
(1898,4,197,1),
(1899,4,198,1),
(1900,4,199,1),
(1901,4,201,1),
(1902,4,202,1),
(1903,4,203,1),
(1904,4,204,1),
(1905,4,205,1),
(1906,4,206,1),
(1907,4,371,1),
(1908,4,214,1),
(1909,4,215,1),
(1910,4,226,1),
(1911,4,227,1),
(1912,4,228,1),
(1913,4,229,1),
(1914,4,230,1),
(1915,4,231,1),
(1916,4,234,1),
(1917,4,235,1),
(1918,4,236,1),
(1919,4,237,1),
(1920,4,238,1),
(1921,4,239,1),
(1922,4,240,1),
(1923,4,241,1),
(1924,4,285,1),
(1925,4,431,1),
(1926,4,433,1),
(1927,4,246,1),
(1928,4,247,1),
(1929,4,248,1),
(1930,4,249,1),
(1931,4,252,1),
(1932,4,262,1),
(1933,4,264,1),
(1934,4,259,1),
(1935,4,268,1),
(1936,4,260,1),
(1937,4,301,1),
(1938,4,261,1),
(1939,4,288,1),
(1940,4,269,1),
(1941,4,270,1),
(1942,4,271,1),
(1943,4,272,1),
(1944,4,291,1),
(1945,4,296,1),
(1946,4,297,1),
(1947,4,298,1),
(1948,4,341,1),
(1949,4,342,1),
(1950,4,343,1),
(1951,4,344,1),
(1952,4,345,1),
(1953,4,346,1),
(1954,4,347,1),
(1955,4,302,1),
(1956,4,303,1),
(1957,4,304,1),
(1958,4,305,1),
(1959,4,306,1),
(1960,4,307,1),
(1961,4,308,1),
(1962,4,309,1),
(1963,4,310,1),
(1964,4,311,1),
(1965,4,312,1),
(1966,4,313,1),
(1967,4,314,1),
(1968,4,315,1),
(1969,4,316,1),
(1970,4,317,1),
(1971,4,318,1),
(1972,4,319,1),
(1973,4,320,1),
(1974,4,321,1),
(1975,4,322,1),
(1976,4,323,1),
(1977,4,324,1),
(1978,4,325,1),
(1979,4,326,1),
(1980,4,327,1),
(1981,4,328,1),
(1982,4,329,1),
(1983,4,330,1),
(1984,4,331,1),
(1985,4,332,1),
(1986,4,333,1),
(1987,4,334,1),
(1988,4,335,1),
(1989,4,336,1),
(1990,4,337,1),
(1991,4,338,1),
(1992,4,339,1),
(1993,4,340,1),
(1994,4,398,1),
(1995,4,348,1),
(1996,4,349,1),
(1997,4,354,1),
(1998,4,355,1),
(1999,4,356,1),
(2000,4,357,1),
(2001,4,358,1),
(2002,4,359,1),
(2003,4,360,1),
(2004,4,361,1),
(2005,4,386,1),
(2006,4,387,1),
(2007,4,388,1),
(2008,4,412,1),
(2009,4,415,1),
(2010,4,416,1),
(2011,4,428,1),
(2012,4,429,1),
(2013,4,430,1),
(2014,4,369,1),
(2015,4,370,1),
(2016,4,403,1),
(2017,4,404,1),
(2018,4,405,1),
(2019,4,373,1),
(2020,4,374,1),
(2021,4,375,1),
(2022,4,376,1),
(2023,4,377,1),
(2024,4,378,1),
(2025,4,379,1),
(2026,4,380,1),
(2027,4,381,1),
(2028,4,392,1),
(2029,4,393,1),
(2030,4,395,1),
(2031,4,396,1),
(2032,4,397,1),
(2033,4,399,1),
(2034,4,400,1),
(2035,4,401,1),
(2036,4,406,1),
(2037,4,407,1),
(2038,4,417,1),
(2039,4,418,1),
(2040,4,419,1),
(2041,4,420,1),
(2042,4,421,1),
(2043,4,422,1),
(2044,4,408,1),
(2045,4,409,1),
(2046,4,413,1),
(2047,4,414,1),
(2048,4,410,1),
(2049,4,411,1),
(2050,4,423,1),
(2051,4,424,1),
(2052,4,425,1),
(2053,4,426,1),
(2054,4,427,1),
(2055,4,435,1),
(2056,5,389,1),
(2057,5,390,1),
(2058,5,391,1),
(2059,5,394,1),
(2060,5,436,1),
(2061,5,437,1),
(2062,5,188,1),
(2063,5,207,1),
(2064,5,210,1),
(2065,5,211,1),
(2066,5,212,1),
(2067,5,219,1),
(2068,5,220,1),
(2069,5,280,1),
(2070,5,281,1),
(2071,5,282,1),
(2072,5,283,1),
(2073,5,284,1),
(2074,5,299,1),
(2075,5,300,1),
(2076,5,362,1),
(2077,5,363,1),
(2078,5,383,1),
(2079,5,385,1),
(2080,5,189,1),
(2081,5,256,1),
(2082,5,257,1),
(2083,5,258,1),
(2084,5,190,1),
(2085,5,191,1),
(2086,5,192,1),
(2087,5,200,1),
(2088,5,208,1),
(2089,5,209,1),
(2090,5,213,1),
(2091,5,221,1),
(2092,5,223,1),
(2093,5,224,1),
(2094,5,225,1),
(2095,5,233,1),
(2096,5,242,1),
(2097,5,243,1),
(2098,5,244,1),
(2099,5,245,1),
(2100,5,250,1),
(2101,5,251,1),
(2102,5,253,1),
(2103,5,254,1),
(2104,5,255,1),
(2105,5,263,1),
(2106,5,265,1),
(2107,5,266,1),
(2108,5,267,1),
(2109,5,275,1),
(2110,5,276,1),
(2111,5,286,1),
(2112,5,402,1),
(2113,5,193,1),
(2114,5,216,1),
(2115,5,217,1),
(2116,5,218,1),
(2117,5,287,1),
(2118,5,289,1),
(2119,5,290,1),
(2120,5,292,1),
(2121,5,293,1),
(2122,5,294,1),
(2123,5,295,1),
(2124,5,364,1),
(2125,5,365,1),
(2126,5,366,1),
(2127,5,367,1),
(2128,5,368,1),
(2129,5,372,1),
(2130,5,382,1),
(2131,5,384,1),
(2132,5,432,1),
(2133,5,434,1),
(2134,5,194,1),
(2135,5,195,1),
(2136,5,196,1),
(2137,5,197,1),
(2138,5,198,1),
(2139,5,199,1),
(2140,5,201,1),
(2141,5,202,1),
(2142,5,203,1),
(2143,5,204,1),
(2144,5,205,1),
(2145,5,206,1),
(2146,5,371,1),
(2147,5,214,1),
(2148,5,215,1),
(2149,5,226,1),
(2150,5,227,1),
(2151,5,228,1),
(2152,5,229,1),
(2153,5,230,1),
(2154,5,231,1),
(2155,5,234,1),
(2156,5,235,1),
(2157,5,236,1),
(2158,5,237,1),
(2159,5,238,1),
(2160,5,239,1),
(2161,5,240,1),
(2162,5,241,1),
(2163,5,285,1),
(2164,5,431,1),
(2165,5,433,1),
(2166,5,246,1),
(2167,5,247,1),
(2168,5,248,1),
(2169,5,249,1),
(2170,5,252,1),
(2171,5,262,1),
(2172,5,264,1),
(2173,5,259,1),
(2174,5,268,1),
(2175,5,260,1),
(2176,5,301,1),
(2177,5,261,1),
(2178,5,288,1),
(2179,5,269,1),
(2180,5,270,1),
(2181,5,271,1),
(2182,5,272,1),
(2183,5,291,1),
(2184,5,296,1),
(2185,5,297,1),
(2186,5,298,1),
(2187,5,341,1),
(2188,5,342,1),
(2189,5,343,1),
(2190,5,344,1),
(2191,5,345,1),
(2192,5,346,1),
(2193,5,347,1),
(2194,5,302,1),
(2195,5,303,1),
(2196,5,304,1),
(2197,5,305,1),
(2198,5,306,1),
(2199,5,307,1),
(2200,5,308,1),
(2201,5,309,1),
(2202,5,310,1),
(2203,5,311,1),
(2204,5,312,1),
(2205,5,313,1),
(2206,5,314,1),
(2207,5,315,1),
(2208,5,316,1),
(2209,5,317,1),
(2210,5,318,1),
(2211,5,319,1),
(2212,5,320,1),
(2213,5,321,1),
(2214,5,322,1),
(2215,5,323,1),
(2216,5,324,1),
(2217,5,325,1),
(2218,5,326,1),
(2219,5,327,1),
(2220,5,328,1),
(2221,5,329,1),
(2222,5,330,1),
(2223,5,331,1),
(2224,5,332,1),
(2225,5,333,1),
(2226,5,334,1),
(2227,5,335,1),
(2228,5,336,1),
(2229,5,337,1),
(2230,5,338,1),
(2231,5,339,1),
(2232,5,340,1),
(2233,5,398,1),
(2234,5,348,1),
(2235,5,349,1),
(2236,5,354,1),
(2237,5,355,1),
(2238,5,356,1),
(2239,5,357,1),
(2240,5,358,1),
(2241,5,359,1),
(2242,5,360,1),
(2243,5,361,1),
(2244,5,386,1),
(2245,5,387,1),
(2246,5,388,1),
(2247,5,412,1),
(2248,5,415,1),
(2249,5,416,1),
(2250,5,428,1),
(2251,5,429,1),
(2252,5,430,1),
(2253,5,369,1),
(2254,5,370,1),
(2255,5,403,1),
(2256,5,404,1),
(2257,5,405,1),
(2258,5,373,1),
(2259,5,374,1),
(2260,5,375,1),
(2261,5,376,1),
(2262,5,377,1),
(2263,5,378,1),
(2264,5,379,1),
(2265,5,380,1),
(2266,5,381,1),
(2267,5,392,1),
(2268,5,393,1),
(2269,5,395,1),
(2270,5,396,1),
(2271,5,397,1),
(2272,5,399,1),
(2273,5,400,1),
(2274,5,401,1),
(2275,5,406,1),
(2276,5,407,1),
(2277,5,417,1),
(2278,5,418,1),
(2279,5,419,1),
(2280,5,420,1),
(2281,5,421,1),
(2282,5,422,1),
(2283,5,408,1),
(2284,5,409,1),
(2285,5,413,1),
(2286,5,414,1),
(2287,5,410,1),
(2288,5,411,1),
(2289,5,423,1),
(2290,5,424,1),
(2291,5,425,1),
(2292,5,426,1),
(2293,5,427,1),
(2294,5,435,1),
(2295,10,1,1),
(2296,10,2,1),
(2297,10,3,1),
(2298,10,4,1),
(2299,10,5,1),
(2300,10,6,1),
(2301,10,7,1),
(2302,10,8,1),
(2303,10,9,1),
(2304,10,10,1),
(2305,10,11,1),
(2306,10,12,1),
(2307,10,13,1),
(2308,10,14,1),
(2309,10,389,1),
(2310,10,390,1),
(2311,10,391,1),
(2312,10,394,1),
(2313,10,15,1),
(2314,10,16,1),
(2315,10,17,1),
(2316,10,18,1),
(2317,10,19,1),
(2318,10,20,1),
(2319,10,436,1),
(2320,10,437,1),
(2321,10,21,1),
(2322,10,22,1),
(2323,10,23,1),
(2324,10,24,1),
(2325,10,25,1),
(2326,10,26,1),
(2327,10,27,1),
(2328,10,116,1),
(2329,10,117,1),
(2330,10,118,1),
(2331,10,134,1),
(2332,10,135,1),
(2333,10,136,1),
(2334,10,137,1),
(2335,10,138,1),
(2336,10,119,1),
(2337,10,120,1),
(2338,10,123,1),
(2339,10,124,1),
(2340,10,125,1),
(2341,10,126,1),
(2342,10,127,1),
(2343,10,128,1),
(2344,10,129,1),
(2345,10,133,1),
(2346,10,121,1),
(2347,10,130,1),
(2348,10,131,1),
(2349,10,132,1),
(2350,10,122,1),
(2351,10,166,1),
(2352,10,167,1),
(2353,10,168,1),
(2354,10,169,1),
(2355,10,170,1),
(2356,10,171,1),
(2357,10,172,1),
(2358,10,173,1),
(2359,10,174,1),
(2360,10,175,1),
(2361,10,176,1),
(2362,10,177,1),
(2363,10,178,1),
(2364,10,179,1),
(2365,10,180,1),
(2366,10,181,1),
(2367,10,182,1),
(2368,10,183,1),
(2369,10,184,1),
(2370,10,185,1),
(2371,10,186,1),
(2372,10,187,1),
(2373,10,188,1),
(2374,10,207,1),
(2375,10,210,1),
(2376,10,211,1),
(2377,10,212,1),
(2378,10,219,1),
(2379,10,220,1),
(2380,10,280,1),
(2381,10,281,1),
(2382,10,282,1),
(2383,10,283,1),
(2384,10,284,1),
(2385,10,299,1),
(2386,10,300,1),
(2387,10,362,1),
(2388,10,363,1),
(2389,10,383,1),
(2390,10,385,1),
(2391,10,189,1),
(2392,10,256,1),
(2393,10,257,1),
(2394,10,258,1),
(2395,10,190,1),
(2396,10,191,1),
(2397,10,192,1),
(2398,10,200,1),
(2399,10,208,1),
(2400,10,209,1),
(2401,10,213,1),
(2402,10,221,1),
(2403,10,223,1),
(2404,10,224,1),
(2405,10,225,1),
(2406,10,233,1),
(2407,10,242,1),
(2408,10,243,1),
(2409,10,244,1),
(2410,10,245,1),
(2411,10,250,1),
(2412,10,251,1),
(2413,10,253,1),
(2414,10,254,1),
(2415,10,255,1),
(2416,10,263,1),
(2417,10,265,1),
(2418,10,266,1),
(2419,10,267,1),
(2420,10,275,1),
(2421,10,276,1),
(2422,10,286,1),
(2423,10,402,1),
(2424,10,193,1),
(2425,10,216,1),
(2426,10,217,1),
(2427,10,218,1),
(2428,10,287,1),
(2429,10,289,1),
(2430,10,290,1),
(2431,10,292,1),
(2432,10,293,1),
(2433,10,294,1),
(2434,10,295,1),
(2435,10,364,1),
(2436,10,365,1),
(2437,10,366,1),
(2438,10,367,1),
(2439,10,368,1),
(2440,10,372,1),
(2441,10,382,1),
(2442,10,384,1),
(2443,10,432,1),
(2444,10,434,1),
(2445,10,194,1),
(2446,10,195,1),
(2447,10,196,1),
(2448,10,197,1),
(2449,10,198,1),
(2450,10,199,1),
(2451,10,201,1),
(2452,10,202,1),
(2453,10,203,1),
(2454,10,204,1),
(2455,10,205,1),
(2456,10,206,1),
(2457,10,371,1),
(2458,10,214,1),
(2459,10,215,1),
(2460,10,226,1),
(2461,10,227,1),
(2462,10,228,1),
(2463,10,229,1),
(2464,10,230,1),
(2465,10,231,1),
(2466,10,234,1),
(2467,10,235,1),
(2468,10,236,1),
(2469,10,237,1),
(2470,10,238,1),
(2471,10,239,1),
(2472,10,240,1),
(2473,10,241,1),
(2474,10,285,1),
(2475,10,431,1),
(2476,10,433,1),
(2477,10,246,1),
(2478,10,247,1),
(2479,10,248,1),
(2480,10,249,1),
(2481,10,252,1),
(2482,10,262,1),
(2483,10,264,1),
(2484,10,259,1),
(2485,10,268,1),
(2486,10,260,1),
(2487,10,301,1),
(2488,10,261,1),
(2489,10,288,1),
(2490,10,269,1),
(2491,10,270,1),
(2492,10,271,1),
(2493,10,272,1),
(2494,10,291,1),
(2495,10,296,1),
(2496,10,297,1),
(2497,10,298,1),
(2498,10,341,1),
(2499,10,342,1),
(2500,10,343,1),
(2501,10,344,1),
(2502,10,345,1),
(2503,10,346,1),
(2504,10,347,1),
(2505,10,302,1),
(2506,10,303,1),
(2507,10,304,1),
(2508,10,305,1),
(2509,10,306,1),
(2510,10,307,1),
(2511,10,308,1),
(2512,10,309,1),
(2513,10,310,1),
(2514,10,311,1),
(2515,10,312,1),
(2516,10,313,1),
(2517,10,314,1),
(2518,10,315,1),
(2519,10,316,1),
(2520,10,317,1),
(2521,10,318,1),
(2522,10,319,1),
(2523,10,320,1),
(2524,10,321,1),
(2525,10,322,1),
(2526,10,323,1),
(2527,10,324,1),
(2528,10,325,1),
(2529,10,326,1),
(2530,10,327,1),
(2531,10,328,1),
(2532,10,329,1),
(2533,10,330,1),
(2534,10,331,1),
(2535,10,332,1),
(2536,10,333,1),
(2537,10,334,1),
(2538,10,335,1),
(2539,10,336,1),
(2540,10,337,1),
(2541,10,338,1),
(2542,10,339,1),
(2543,10,340,1),
(2544,10,398,1),
(2545,10,348,1),
(2546,10,349,1),
(2547,10,354,1),
(2548,10,355,1),
(2549,10,356,1),
(2550,10,357,1),
(2551,10,358,1),
(2552,10,359,1),
(2553,10,360,1),
(2554,10,361,1),
(2555,10,386,1),
(2556,10,387,1),
(2557,10,388,1),
(2558,10,412,1),
(2559,10,415,1),
(2560,10,416,1),
(2561,10,428,1),
(2562,10,429,1),
(2563,10,430,1),
(2564,10,369,1),
(2565,10,370,1),
(2566,10,403,1),
(2567,10,404,1),
(2568,10,405,1),
(2569,10,373,1),
(2570,10,374,1),
(2571,10,375,1),
(2572,10,376,1),
(2573,10,377,1),
(2574,10,378,1),
(2575,10,379,1),
(2576,10,380,1),
(2577,10,381,1),
(2578,10,392,1),
(2579,10,393,1),
(2580,10,395,1),
(2581,10,396,1),
(2582,10,397,1),
(2583,10,399,1),
(2584,10,400,1),
(2585,10,401,1),
(2586,10,406,1),
(2587,10,407,1),
(2588,10,417,1),
(2589,10,418,1),
(2590,10,419,1),
(2591,10,420,1),
(2592,10,421,1),
(2593,10,422,1),
(2594,10,408,1),
(2595,10,409,1),
(2596,10,413,1),
(2597,10,414,1),
(2598,10,410,1),
(2599,10,411,1),
(2600,10,423,1),
(2601,10,424,1),
(2602,10,425,1),
(2603,10,426,1),
(2604,10,427,1),
(2605,10,435,1),
(2606,1,436,1),
(2607,1,437,1),
(2608,1,438,1),
(2609,1,439,1),
(2610,1,440,1),
(2611,1,441,1),
(2612,1,442,1),
(2613,1,443,1),
(2614,1,444,1),
(2615,1,445,1),
(2616,1,446,1),
(2617,1,460,1),
(2618,1,461,1),
(2619,1,459,1),
(2620,1,447,1),
(2621,1,448,1),
(2622,1,449,1),
(2623,1,450,1),
(2624,1,451,1),
(2625,1,452,1),
(2626,1,462,1),
(2627,1,453,1),
(2628,1,454,1),
(2629,1,455,1),
(2630,1,456,1),
(2631,1,457,1),
(2632,1,458,1),
(2633,1,463,1),
(2634,1,464,1),
(2635,2,460,1),
(2636,2,461,1),
(2637,2,459,1),
(2638,2,438,1),
(2639,2,439,1),
(2640,2,447,1),
(2641,2,448,1),
(2642,2,449,1),
(2643,2,450,1),
(2644,2,451,1),
(2645,2,452,1),
(2646,2,462,1),
(2647,2,440,1),
(2648,2,441,1),
(2649,2,442,1),
(2650,2,453,1),
(2651,2,454,1),
(2652,2,455,1),
(2653,2,456,1),
(2654,2,457,1),
(2655,2,458,1),
(2656,2,443,1),
(2657,2,444,1),
(2658,2,445,1),
(2659,2,446,1),
(2660,2,463,1),
(2661,2,464,1),
(2662,10,460,1),
(2663,10,461,1),
(2664,10,459,1),
(2665,10,465,1),
(2666,10,438,1),
(2667,10,439,1),
(2668,10,447,1),
(2669,10,448,1),
(2670,10,449,1),
(2671,10,450,1),
(2672,10,451,1),
(2673,10,452,1),
(2674,10,462,1),
(2675,10,440,1),
(2676,10,441,1),
(2677,10,442,1),
(2678,10,453,1),
(2679,10,454,1),
(2680,10,455,1),
(2681,10,456,1),
(2682,10,457,1),
(2683,10,458,1),
(2684,10,443,1),
(2685,10,444,1),
(2686,10,445,1),
(2687,10,446,1),
(2688,10,463,1),
(2689,10,464,1),
(2690,1,477,1),
(2691,1,466,1),
(2692,1,467,1),
(2693,1,468,1),
(2694,1,470,1),
(2695,1,472,1),
(2696,1,471,1),
(2697,1,473,1),
(2698,1,474,1),
(2699,1,475,1),
(2700,1,478,1),
(2701,1,476,1),
(2702,1,479,1),
(2703,1,465,1),
(2704,1,469,1),
(2705,1,480,1),
(2706,1,481,1),
(2707,1,482,1),
(2708,1,483,1),
(2709,1,487,1),
(2710,1,485,1),
(2711,1,488,1),
(2712,1,484,1),
(2713,1,486,1),
(2714,1,489,1),
(2715,1,490,1),
(2716,1,491,1),
(2717,1,492,1),
(2718,1,493,1),
(2719,1,494,1),
(2720,1,495,1),
(2721,1,497,1),
(2722,1,498,1),
(2723,1,499,1),
(2724,1,500,1),
(2725,1,501,1),
(2726,1,502,1),
(2727,1,503,1),
(2728,1,504,1),
(2729,1,505,1),
(2730,1,506,1),
(2731,1,507,0),
(2732,1,508,0),
(2733,4,460,1),
(2734,4,461,1),
(2735,4,477,1),
(2736,4,518,1),
(2737,4,466,1),
(2738,4,467,1),
(2739,4,468,1),
(2740,4,470,1),
(2741,4,472,1),
(2742,4,471,1),
(2743,4,473,1),
(2744,4,474,1),
(2745,4,475,1),
(2746,4,478,1),
(2747,4,513,1),
(2748,4,514,1),
(2749,4,515,1),
(2750,4,516,1),
(2751,4,517,1),
(2752,4,483,1),
(2753,4,487,1),
(2754,4,459,1),
(2755,4,485,1),
(2756,4,488,1),
(2757,4,476,1),
(2758,4,484,1),
(2759,4,499,1),
(2760,4,500,1),
(2761,4,501,1),
(2762,4,479,1),
(2763,4,519,1),
(2764,4,520,1),
(2765,4,532,1),
(2766,4,533,1),
(2767,4,465,1),
(2768,4,469,1),
(2769,4,511,1),
(2770,4,512,1),
(2771,4,524,1),
(2772,4,525,1),
(2773,4,526,1),
(2774,4,527,1),
(2775,4,528,1),
(2776,4,529,1),
(2777,4,521,1),
(2778,4,522,1),
(2779,4,523,1),
(2780,4,530,1),
(2781,4,531,1),
(2782,4,438,1),
(2783,4,439,1),
(2784,4,447,1),
(2785,4,448,1),
(2786,4,449,1),
(2787,4,450,1),
(2788,4,451,1),
(2789,4,452,1),
(2790,4,462,1),
(2791,4,440,1),
(2792,4,441,1),
(2793,4,442,1),
(2794,4,453,1),
(2795,4,454,1),
(2796,4,455,1),
(2797,4,456,1),
(2798,4,457,1),
(2799,4,458,1),
(2800,4,480,1),
(2801,4,443,1),
(2802,4,444,1),
(2803,4,445,1),
(2804,4,446,1),
(2805,4,486,1),
(2806,4,463,1),
(2807,4,464,1),
(2808,4,481,1),
(2809,4,482,1),
(2810,4,489,1),
(2811,4,490,1),
(2812,4,491,1),
(2813,4,492,1),
(2814,4,493,1),
(2815,4,494,1),
(2816,4,495,1),
(2817,4,497,1),
(2818,4,498,1),
(2819,4,502,1),
(2820,4,503,1),
(2821,4,504,1),
(2822,4,505,1),
(2823,4,506,1),
(2824,4,507,1),
(2825,4,508,1),
(2826,1,518,1),
(2827,1,513,1),
(2828,1,514,1),
(2829,1,515,1),
(2830,1,516,1),
(2831,1,517,1),
(2832,1,519,1),
(2833,1,520,1),
(2834,1,532,1),
(2835,1,533,1),
(2836,1,511,1),
(2837,1,512,1),
(2838,1,524,1),
(2839,1,525,1),
(2840,1,526,1),
(2841,1,527,1),
(2842,1,528,1),
(2843,1,529,1),
(2844,1,521,1),
(2845,1,522,1),
(2846,1,523,1),
(2847,1,530,1),
(2848,1,531,1),
(2849,1,534,1),
(2850,1,535,1),
(2851,1,536,1),
(2852,1,537,1),
(2853,1,538,1),
(2854,1,539,1),
(2855,1,540,1),
(2856,1,541,1),
(2857,1,542,1),
(2858,1,543,1),
(2859,1,544,1),
(2860,1,545,1),
(2861,4,534,1),
(2862,4,535,1),
(2863,4,536,1),
(2864,4,537,1),
(2865,4,538,1),
(2866,4,539,1),
(2867,4,540,1),
(2868,4,541,1),
(2869,4,542,1),
(2870,4,543,1),
(2871,4,544,1),
(2872,4,545,1),
(2873,3,460,1),
(2874,3,461,1),
(2875,3,477,1),
(2876,3,518,1),
(2877,3,466,1),
(2878,3,467,1),
(2879,3,468,1),
(2880,3,470,1),
(2881,3,472,1),
(2882,3,471,1),
(2883,3,473,1),
(2884,3,474,1),
(2885,3,475,1),
(2886,3,478,1),
(2887,3,513,1),
(2888,3,514,1),
(2889,3,515,1),
(2890,3,516,1),
(2891,3,517,1),
(2892,3,483,1),
(2893,3,487,1),
(2894,3,459,1),
(2895,3,485,1),
(2896,3,488,1),
(2897,3,534,0),
(2898,3,476,1),
(2899,3,484,1),
(2900,3,499,1),
(2901,3,500,1),
(2902,3,501,1),
(2903,3,479,1),
(2904,3,519,1),
(2905,3,520,1),
(2906,3,532,1),
(2907,3,533,1),
(2908,3,465,1),
(2909,3,469,1),
(2910,3,511,1),
(2911,3,512,1),
(2912,3,524,1),
(2913,3,525,1),
(2914,3,526,1),
(2915,3,527,1),
(2916,3,528,1),
(2917,3,529,1),
(2918,3,521,1),
(2919,3,522,1),
(2920,3,523,1),
(2921,3,530,1),
(2922,3,531,1),
(2923,3,438,1),
(2924,3,439,1),
(2925,3,447,1),
(2926,3,448,1),
(2927,3,449,1),
(2928,3,450,1),
(2929,3,451,1),
(2930,3,452,1),
(2931,3,462,1),
(2932,3,440,1),
(2933,3,441,1),
(2934,3,442,1),
(2935,3,453,1),
(2936,3,454,1),
(2937,3,455,1),
(2938,3,456,1),
(2939,3,457,1),
(2940,3,458,1),
(2941,3,480,1),
(2942,3,443,1),
(2943,3,444,1),
(2944,3,445,1),
(2945,3,446,1),
(2946,3,486,1),
(2947,3,463,1),
(2948,3,464,1),
(2949,3,481,1),
(2950,3,482,1),
(2951,3,489,1),
(2952,3,490,1),
(2953,3,491,1),
(2954,3,492,1),
(2955,3,493,1),
(2956,3,494,1),
(2957,3,495,1),
(2958,3,497,1),
(2959,3,498,1),
(2960,3,502,1),
(2961,3,503,1),
(2962,3,504,1),
(2963,3,505,1),
(2964,3,506,1),
(2965,3,507,1),
(2966,3,508,1),
(2967,3,535,1),
(2968,3,536,1),
(2969,3,537,1),
(2970,3,538,1),
(2971,3,539,1),
(2972,3,540,1),
(2973,3,541,1),
(2974,3,542,1),
(2975,3,543,1),
(2976,3,544,1),
(2977,3,545,1),
(2978,4,546,1),
(2979,4,547,1),
(2980,4,548,1),
(2981,4,549,1),
(2982,4,550,1),
(2983,4,551,1),
(2984,4,552,1),
(2985,4,553,1),
(2986,1,546,1),
(2987,1,547,1),
(2988,1,548,1),
(2989,1,549,1),
(2990,1,554,1),
(2991,1,550,1),
(2992,1,551,1),
(2993,1,552,1),
(2994,1,553,1),
(2995,1,555,1),
(2996,4,554,1),
(2997,4,555,1),
(2998,4,556,1),
(2999,4,557,1),
(3000,4,558,1),
(3001,4,559,1),
(3002,4,560,1),
(3003,4,561,1),
(3004,4,562,1),
(3005,4,563,1),
(3006,4,564,1),
(3007,4,565,1),
(3008,4,566,1),
(3009,4,567,1),
(3010,4,568,1),
(3011,4,569,1),
(3012,4,570,1),
(3013,4,571,1),
(3014,4,572,1),
(3015,4,573,1),
(3016,4,574,1),
(3017,4,575,1),
(3018,4,576,1),
(3019,1,556,1),
(3020,1,557,1),
(3021,1,558,1),
(3022,1,559,1),
(3023,1,560,1),
(3024,1,561,1),
(3025,1,562,1),
(3026,1,563,1),
(3027,1,564,1),
(3028,1,565,1),
(3029,1,566,1),
(3030,1,567,1),
(3031,1,577,1),
(3032,1,568,1),
(3033,1,569,1),
(3034,1,570,1),
(3035,1,571,1),
(3036,1,572,1),
(3037,1,573,1),
(3038,1,574,1),
(3039,1,575,1),
(3040,1,576,1),
(3041,1,578,1),
(3042,1,579,1),
(3043,1,580,1),
(3044,1,581,1),
(3045,1,582,1),
(3046,1,583,1),
(3047,1,584,1),
(3048,1,585,1),
(3049,4,577,1),
(3050,4,578,1),
(3051,4,579,1),
(3052,4,580,1),
(3053,4,581,1),
(3054,4,582,1),
(3055,4,583,1),
(3056,4,584,1),
(3057,4,585,1),
(3058,4,586,1),
(3059,3,546,1),
(3060,3,547,1),
(3061,3,548,1),
(3062,3,549,1),
(3063,3,554,1),
(3064,3,550,1),
(3065,3,551,1),
(3066,3,552,1),
(3067,3,553,1),
(3068,3,555,1),
(3069,3,556,1),
(3070,3,557,1),
(3071,3,558,1),
(3072,3,559,1),
(3073,3,560,1),
(3074,3,561,1),
(3075,3,562,1),
(3076,3,563,1),
(3077,3,564,1),
(3078,3,565,1),
(3079,3,566,1),
(3080,3,567,1),
(3081,3,577,1),
(3082,3,578,1),
(3083,3,579,1),
(3084,3,568,1),
(3085,3,569,1),
(3086,3,570,1),
(3087,3,571,1),
(3088,3,572,1),
(3089,3,573,1),
(3090,3,574,1),
(3091,3,575,1),
(3092,3,576,1),
(3093,3,580,1),
(3094,3,581,1),
(3095,3,582,1),
(3096,3,583,1),
(3097,3,584,1),
(3098,3,585,1),
(3099,3,586,1);

--
-- Table structure for table `awrolemenu`
--

CREATE TABLE `awrolemenu` (
  `id` int(11) unsigned NOT NULL AUTO_INCREMENT,
  `role_id` int(11) unsigned DEFAULT NULL,
  `menu_id` int(11) unsigned DEFAULT NULL,
  `checkval` tinyint(1) unsigned DEFAULT NULL,
  PRIMARY KEY (`id`),
  KEY `index_foreignkey_awrolemenu_awmenu` (`menu_id`),
  KEY `index_foreignkey_awrolemenu_awrole` (`role_id`),
  CONSTRAINT `c_fk_awrolemenu_menu_id` FOREIGN KEY (`menu_id`) REFERENCES `awmenu` (`id`) ON DELETE SET NULL ON UPDATE SET NULL,
  CONSTRAINT `c_fk_awrolemenu_role_id` FOREIGN KEY (`role_id`) REFERENCES `awrole` (`id`) ON DELETE SET NULL ON UPDATE SET NULL
) ENGINE=InnoDB AUTO_INCREMENT=507 DEFAULT CHARSET=utf8mb4 COLLATE=utf8mb4_unicode_ci ROW_FORMAT=COMPACT;

--
-- Dumping data for table `awrolemenu`
--

INSERT INTO `awrolemenu` VALUES
(1,1,1,1),
(2,1,2,1),
(3,1,3,1),
(6,1,6,1),
(9,1,9,1),
(12,1,12,1),
(15,2,1,0),
(16,2,2,0),
(17,2,3,0),
(20,2,6,0),
(23,2,9,0),
(26,2,12,0),
(27,1,14,1),
(28,1,NULL,1),
(29,1,16,1),
(30,1,NULL,1),
(31,1,18,1),
(32,1,19,1),
(33,1,20,1),
(34,1,NULL,1),
(35,1,NULL,0),
(36,1,NULL,0),
(37,1,NULL,1),
(38,1,NULL,0),
(39,1,NULL,1),
(40,1,NULL,1),
(41,1,NULL,1),
(42,1,31,1),
(43,1,32,1),
(44,1,34,1),
(45,1,35,1),
(46,1,36,1),
(47,1,37,1),
(48,1,38,1),
(49,1,39,1),
(50,1,NULL,1),
(51,2,14,1),
(52,2,16,1),
(53,2,18,1),
(54,2,19,1),
(55,2,20,1),
(56,2,31,0),
(57,2,32,0),
(58,2,35,0),
(59,2,36,0),
(60,2,37,0),
(61,2,34,0),
(62,2,38,0),
(63,2,39,0),
(64,3,1,1),
(65,3,2,0),
(66,3,3,0),
(67,3,6,0),
(68,3,9,0),
(69,3,12,0),
(70,3,14,0),
(71,3,16,0),
(72,3,18,0),
(73,3,19,0),
(74,3,20,0),
(75,3,31,0),
(76,3,32,0),
(77,3,35,0),
(78,3,36,0),
(79,3,37,0),
(80,3,34,0),
(81,3,38,0),
(82,3,39,0),
(83,4,1,1),
(84,4,2,0),
(85,4,3,1),
(86,4,6,0),
(87,4,9,1),
(88,4,12,0),
(89,4,14,0),
(90,4,16,0),
(91,4,18,0),
(92,4,19,0),
(93,4,20,0),
(94,4,31,0),
(95,4,32,0),
(96,4,35,0),
(97,4,36,0),
(98,4,37,0),
(99,4,34,0),
(100,4,38,0),
(101,4,39,0),
(102,5,1,1),
(103,5,2,0),
(104,5,3,0),
(105,5,6,0),
(106,5,9,0),
(107,5,12,0),
(108,5,14,0),
(109,5,16,0),
(110,5,18,0),
(111,5,19,0),
(112,5,20,0),
(113,5,31,0),
(114,5,32,0),
(115,5,35,0),
(116,5,36,0),
(117,5,37,0),
(118,5,34,0),
(119,5,38,0),
(120,5,39,0),
(121,1,40,1),
(122,1,41,1),
(123,1,42,1),
(124,1,43,1),
(125,1,44,1),
(126,1,45,1),
(127,2,40,0),
(128,2,41,0),
(129,2,42,0),
(130,2,43,0),
(131,2,44,0),
(132,2,45,0),
(133,1,46,1),
(134,1,47,1),
(135,1,48,1),
(136,1,49,1),
(137,1,50,1),
(138,1,51,1),
(139,1,52,1),
(140,1,53,1),
(141,1,54,1),
(142,1,55,1),
(143,1,56,1),
(144,1,57,1),
(145,1,58,1),
(146,1,59,1),
(147,1,NULL,1),
(148,1,61,1),
(149,1,62,1),
(150,1,63,1),
(151,1,NULL,1),
(152,1,66,1),
(153,1,67,1),
(154,1,68,1),
(155,1,69,1),
(156,1,70,1),
(157,1,NULL,1),
(158,1,71,1),
(159,NULL,1,0),
(160,NULL,2,0),
(161,NULL,3,0),
(162,NULL,6,0),
(163,NULL,9,0),
(164,NULL,12,0),
(165,NULL,14,0),
(166,NULL,16,0),
(167,NULL,18,0),
(168,NULL,19,0),
(169,NULL,20,0),
(170,NULL,31,0),
(171,NULL,32,0),
(172,NULL,35,0),
(173,NULL,36,0),
(174,NULL,37,0),
(175,NULL,34,0),
(176,NULL,38,0),
(177,NULL,39,0),
(178,NULL,40,0),
(179,NULL,41,0),
(180,NULL,42,0),
(181,NULL,43,0),
(182,NULL,44,0),
(183,NULL,45,0),
(184,NULL,46,0),
(185,NULL,47,0),
(186,NULL,49,0),
(187,NULL,50,0),
(188,NULL,51,0),
(189,NULL,52,0),
(190,NULL,53,0),
(191,NULL,48,0),
(192,NULL,54,0),
(193,NULL,66,0),
(194,NULL,55,0),
(195,NULL,56,0),
(196,NULL,57,0),
(197,NULL,58,0),
(198,NULL,59,0),
(199,NULL,61,0),
(200,NULL,62,0),
(201,NULL,63,0),
(202,NULL,67,0),
(203,NULL,68,0),
(204,NULL,69,0),
(205,NULL,70,0),
(206,NULL,71,1),
(207,8,1,0),
(208,8,2,0),
(209,8,3,0),
(210,8,6,0),
(211,8,9,0),
(212,8,12,0),
(213,8,14,0),
(214,8,16,0),
(215,8,18,0),
(216,8,19,0),
(217,8,20,0),
(218,8,31,0),
(219,8,32,0),
(220,8,35,0),
(221,8,36,0),
(222,8,37,0),
(223,8,34,0),
(224,8,38,0),
(225,8,39,0),
(226,8,40,0),
(227,8,41,0),
(228,8,42,0),
(229,8,43,0),
(230,8,44,0),
(231,8,45,0),
(232,8,46,0),
(233,8,47,0),
(234,8,49,0),
(235,8,50,0),
(236,8,51,0),
(237,8,52,0),
(238,8,53,0),
(239,8,48,0),
(240,8,54,0),
(241,8,66,0),
(242,8,55,0),
(243,8,56,0),
(244,8,57,0),
(245,8,58,0),
(246,8,59,0),
(247,8,61,0),
(248,8,62,0),
(249,8,63,0),
(250,8,67,0),
(251,8,68,0),
(252,8,69,0),
(253,8,70,0),
(254,8,71,1),
(255,2,46,0),
(256,2,47,0),
(257,2,49,0),
(258,2,50,0),
(259,2,51,0),
(260,2,52,0),
(261,2,53,0),
(262,2,48,0),
(263,2,54,0),
(264,2,66,0),
(265,2,55,0),
(266,2,56,0),
(267,2,57,0),
(268,2,58,0),
(269,2,59,0),
(270,2,61,0),
(271,2,62,0),
(272,2,63,0),
(273,2,67,0),
(274,2,68,0),
(275,2,69,0),
(276,2,70,0),
(277,2,71,0),
(278,3,40,0),
(279,3,41,0),
(280,3,42,0),
(281,3,43,0),
(282,3,44,0),
(283,3,45,0),
(284,3,46,0),
(285,3,47,0),
(286,3,49,0),
(287,3,50,0),
(288,3,51,0),
(289,3,52,1),
(290,3,53,0),
(291,3,48,0),
(292,3,54,0),
(293,3,66,0),
(294,3,55,0),
(295,3,56,0),
(296,3,57,0),
(297,3,58,0),
(298,3,59,0),
(299,3,61,0),
(300,3,62,0),
(301,3,63,1),
(302,3,67,0),
(303,3,68,0),
(304,3,69,0),
(305,3,70,0),
(306,3,71,0),
(307,4,40,1),
(308,4,41,1),
(309,4,42,1),
(310,4,43,1),
(311,4,44,1),
(312,4,45,1),
(313,4,46,1),
(314,4,47,1),
(315,4,49,0),
(316,4,50,0),
(317,4,51,0),
(318,4,52,1),
(319,4,53,1),
(320,4,48,1),
(321,4,54,1),
(322,4,66,1),
(323,4,55,1),
(324,4,56,1),
(325,4,57,1),
(326,4,58,1),
(327,4,59,1),
(328,4,61,0),
(329,4,62,1),
(330,4,63,0),
(331,4,67,0),
(332,4,68,1),
(333,4,69,1),
(334,4,70,1),
(335,4,71,0),
(336,5,40,0),
(337,5,41,0),
(338,5,42,0),
(339,5,43,0),
(340,5,44,0),
(341,5,45,0),
(342,5,46,0),
(343,5,47,0),
(344,5,49,0),
(345,5,50,0),
(346,5,51,0),
(347,5,52,0),
(348,5,53,0),
(349,5,48,0),
(350,5,54,0),
(351,5,66,0),
(352,5,55,0),
(353,5,56,0),
(354,5,57,0),
(355,5,58,0),
(356,5,59,0),
(357,5,61,0),
(358,5,62,0),
(359,5,63,0),
(360,5,67,0),
(361,5,68,0),
(362,5,69,0),
(363,5,70,0),
(364,5,71,1),
(365,10,1,0),
(366,10,2,0),
(367,10,3,0),
(368,10,6,0),
(369,10,9,0),
(370,10,12,0),
(371,10,14,0),
(372,10,16,0),
(373,10,18,0),
(374,10,19,0),
(375,10,20,0),
(376,10,31,0),
(377,10,32,0),
(378,10,35,0),
(379,10,36,0),
(380,10,37,0),
(381,10,34,0),
(382,10,38,0),
(383,10,39,0),
(384,10,40,0),
(385,10,41,0),
(386,10,42,0),
(387,10,43,0),
(388,10,44,0),
(389,10,45,0),
(390,10,46,0),
(391,10,47,0),
(392,10,49,0),
(393,10,50,0),
(394,10,51,0),
(395,10,52,0),
(396,10,53,0),
(397,10,48,0),
(398,10,54,0),
(399,10,66,0),
(400,10,55,0),
(401,10,56,0),
(402,10,57,0),
(403,10,58,0),
(404,10,59,0),
(405,10,61,0),
(406,10,62,0),
(407,10,63,0),
(408,10,67,0),
(409,10,68,0),
(410,10,69,0),
(411,10,70,0),
(412,10,71,0),
(413,1,72,1),
(414,1,73,1),
(415,1,74,1),
(416,1,75,1),
(417,1,76,1),
(418,2,74,0),
(419,2,75,0),
(420,2,72,0),
(421,2,73,0),
(422,2,76,0),
(423,10,74,0),
(424,10,75,0),
(425,10,72,0),
(426,10,73,0),
(427,10,76,0),
(428,10,NULL,0),
(429,10,NULL,0),
(430,1,80,1),
(431,1,NULL,1),
(432,1,NULL,1),
(433,1,81,1),
(434,1,82,1),
(435,1,83,1),
(436,4,74,0),
(437,4,75,0),
(438,4,80,0),
(439,4,83,0),
(440,4,72,0),
(441,4,73,0),
(442,4,76,0),
(443,4,81,0),
(444,4,82,0),
(445,1,84,1),
(446,1,85,1),
(447,1,86,1),
(448,4,86,0),
(449,4,84,1),
(450,4,85,0),
(451,3,74,0),
(452,3,75,0),
(453,3,80,0),
(454,3,83,0),
(455,3,86,0),
(456,3,72,0),
(457,3,73,0),
(458,3,76,0),
(459,3,81,0),
(460,3,82,0),
(461,3,84,1),
(462,3,85,0),
(463,1,87,1),
(464,1,88,1),
(465,1,89,1),
(466,1,90,1),
(467,4,87,0),
(468,4,88,0),
(469,4,89,0),
(470,4,90,0),
(471,1,91,1),
(472,1,92,1),
(473,1,93,1),
(474,1,94,1),
(475,1,95,1),
(476,1,96,1),
(477,1,97,1),
(478,1,98,1),
(479,4,92,0),
(480,4,91,0),
(481,4,93,0),
(482,4,94,0),
(483,4,95,0),
(484,4,96,0),
(485,4,97,0),
(486,4,98,0),
(487,1,99,1),
(488,1,100,1),
(489,4,100,1),
(490,4,99,0),
(491,4,101,0),
(492,3,100,0),
(493,3,92,0),
(494,3,91,0),
(495,3,93,0),
(496,3,94,0),
(497,3,95,0),
(498,3,96,0),
(499,3,97,0),
(500,3,98,0),
(501,3,87,0),
(502,3,88,0),
(503,3,89,0),
(504,3,90,0),
(505,3,99,0),
(506,3,101,0);

--
-- Table structure for table `awroleposition`
--

CREATE TABLE `awroleposition` (
  `id` int(11) NOT NULL AUTO_INCREMENT,
  `roleid` int(11) DEFAULT NULL,
  `name` varchar(255) DEFAULT NULL,
  PRIMARY KEY (`id`)
) ENGINE=InnoDB AUTO_INCREMENT=6 DEFAULT CHARSET=utf8mb4 COLLATE=utf8mb4_unicode_ci;

--
-- Dumping data for table `awroleposition`
--

INSERT INTO `awroleposition` VALUES
(1,4,'Council Amin'),
(2,4,'Council Head'),
(3,4,'Council Staff'),
(4,5,'Sonographer'),
(5,5,'Supervisor');

--
-- Table structure for table `awrolespecialize`
--

CREATE TABLE `awrolespecialize` (
  `id` int(11) NOT NULL AUTO_INCREMENT,
  `roleid` int(11) DEFAULT NULL,
  `name` varchar(255) DEFAULT NULL,
  PRIMARY KEY (`id`)
) ENGINE=InnoDB AUTO_INCREMENT=5 DEFAULT CHARSET=utf8mb4 COLLATE=utf8mb4_unicode_ci;

--
-- Dumping data for table `awrolespecialize`
--

INSERT INTO `awrolespecialize` VALUES
(1,4,'Anasthests'),
(2,6,'Anasthests'),
(3,4,'operation'),
(4,6,'operation');

--
-- Table structure for table `bcomments`
--

CREATE TABLE `bcomments` (
  `id` int(11) NOT NULL AUTO_INCREMENT,
  `memberid` int(11) NOT NULL,
  `requestid` int(11) NOT NULL,
  `comment` text NOT NULL,
  `relatedcommentid` int(11) NOT NULL,
  PRIMARY KEY (`id`)
) ENGINE=InnoDB DEFAULT CHARSET=latin1 COLLATE=latin1_swedish_ci;

--
-- Dumping data for table `bcomments`
--


--
-- Table structure for table `bloodtypes`
--

CREATE TABLE `bloodtypes` (
  `id` int(11) NOT NULL AUTO_INCREMENT,
  `title` varchar(40) NOT NULL,
  `del` int(11) unsigned DEFAULT NULL,
  PRIMARY KEY (`id`)
) ENGINE=InnoDB AUTO_INCREMENT=11 DEFAULT CHARSET=latin1 COLLATE=latin1_swedish_ci ROW_FORMAT=COMPACT;

--
-- Dumping data for table `bloodtypes`
--

INSERT INTO `bloodtypes` VALUES
(1,'O+',NULL),
(2,'b+',NULL),
(3,'a+',NULL),
(4,'AB -',NULL),
(5,'a -',NULL),
(6,'o -',NULL),
(7,'aB+',NULL),
(10,'b -',0);

--
-- Table structure for table `bmemberopenion`
--

CREATE TABLE `bmemberopenion` (
  `id` int(11) unsigned NOT NULL AUTO_INCREMENT,
  `requestid` int(11) unsigned DEFAULT NULL,
  `sessionmemberid` int(11) unsigned DEFAULT NULL,
  `openion` int(11) unsigned DEFAULT NULL,
  PRIMARY KEY (`id`)
) ENGINE=InnoDB DEFAULT CHARSET=utf8mb4 COLLATE=utf8mb4_unicode_ci ROW_FORMAT=COMPACT;

--
-- Dumping data for table `bmemberopenion`
--


--
-- Table structure for table `bsession`
--

CREATE TABLE `bsession` (
  `id` int(11) NOT NULL AUTO_INCREMENT,
  `date` date NOT NULL,
  `status` int(11) NOT NULL,
  `memberid` int(11) unsigned DEFAULT NULL,
  PRIMARY KEY (`id`)
) ENGINE=InnoDB DEFAULT CHARSET=latin1 COLLATE=latin1_swedish_ci ROW_FORMAT=COMPACT;

--
-- Dumping data for table `bsession`
--


--
-- Table structure for table `complaint`
--

CREATE TABLE `complaint` (
  `id` int(11) NOT NULL AUTO_INCREMENT,
  `name` varchar(255) NOT NULL,
  `conditions` int(11) NOT NULL,
  PRIMARY KEY (`id`)
) ENGINE=InnoDB AUTO_INCREMENT=3 DEFAULT CHARSET=latin1 COLLATE=latin1_swedish_ci ROW_FORMAT=COMPACT;

--
-- Dumping data for table `complaint`
--

INSERT INTO `complaint` VALUES
(1,'bleeding',0),
(2,'Headeck',0);

--
-- Table structure for table `complaintant`
--

CREATE TABLE `complaintant` (
  `id` int(11) NOT NULL AUTO_INCREMENT,
  `name` varchar(255) NOT NULL,
  `conditions` int(11) NOT NULL,
  PRIMARY KEY (`id`)
) ENGINE=InnoDB AUTO_INCREMENT=12 DEFAULT CHARSET=latin1 COLLATE=latin1_swedish_ci ROW_FORMAT=COMPACT;

--
-- Dumping data for table `complaintant`
--

INSERT INTO `complaintant` VALUES
(1,'lower abdominal pain ',1),
(2,'',1),
(3,'ANC ',1),
(4,'',1),
(5,'',1),
(6,'',1),
(7,'APH ',0),
(8,'flank pain ',0),
(9,'Lower Abdominal Pain ',0),
(10,'Vaginal Spotting ',0),
(11,'antenatal care visit ',0);

--
-- Table structure for table `copycavity`
--

CREATE TABLE `copycavity` (
  `id` int(11) unsigned NOT NULL AUTO_INCREMENT,
  `title` varchar(191) DEFAULT NULL,
  `del` tinyint(1) unsigned DEFAULT NULL,
  PRIMARY KEY (`id`)
) ENGINE=InnoDB DEFAULT CHARSET=utf8mb4 COLLATE=utf8mb4_unicode_ci;

--
-- Dumping data for table `copycavity`
--


--
-- Table structure for table `copycx`
--

CREATE TABLE `copycx` (
  `id` int(11) unsigned NOT NULL AUTO_INCREMENT,
  `title` varchar(191) DEFAULT NULL,
  `del` int(11) unsigned DEFAULT NULL,
  PRIMARY KEY (`id`)
) ENGINE=InnoDB DEFAULT CHARSET=utf8mb4 COLLATE=utf8mb4_unicode_ci;

--
-- Dumping data for table `copycx`
--


--
-- Table structure for table `copydil`
--

CREATE TABLE `copydil` (
  `id` int(11) unsigned NOT NULL AUTO_INCREMENT,
  `title` varchar(191) DEFAULT NULL,
  `del` tinyint(1) unsigned DEFAULT NULL,
  PRIMARY KEY (`id`)
) ENGINE=InnoDB DEFAULT CHARSET=utf8mb4 COLLATE=utf8mb4_unicode_ci;

--
-- Dumping data for table `copydil`
--


--
-- Table structure for table `copyintrod`
--

CREATE TABLE `copyintrod` (
  `id` int(11) unsigned NOT NULL AUTO_INCREMENT,
  `title` varchar(191) DEFAULT NULL,
  `del` tinyint(1) unsigned DEFAULT NULL,
  PRIMARY KEY (`id`)
) ENGINE=InnoDB DEFAULT CHARSET=utf8mb4 COLLATE=utf8mb4_unicode_ci;

--
-- Dumping data for table `copyintrod`
--


--
-- Table structure for table `copylostium`
--

CREATE TABLE `copylostium` (
  `id` int(11) unsigned NOT NULL AUTO_INCREMENT,
  `title` varchar(191) DEFAULT NULL,
  `del` tinyint(1) unsigned DEFAULT NULL,
  PRIMARY KEY (`id`)
) ENGINE=InnoDB DEFAULT CHARSET=utf8mb4 COLLATE=utf8mb4_unicode_ci;

--
-- Dumping data for table `copylostium`
--


--
-- Table structure for table `copymcavity`
--

CREATE TABLE `copymcavity` (
  `id` int(11) unsigned NOT NULL AUTO_INCREMENT,
  `title` varchar(191) DEFAULT NULL,
  `del` int(11) unsigned DEFAULT NULL,
  PRIMARY KEY (`id`)
) ENGINE=InnoDB DEFAULT CHARSET=utf8mb4 COLLATE=utf8mb4_unicode_ci;

--
-- Dumping data for table `copymcavity`
--


--
-- Table structure for table `copymcx`
--

CREATE TABLE `copymcx` (
  `id` int(11) unsigned NOT NULL AUTO_INCREMENT,
  `title` varchar(191) DEFAULT NULL,
  `del` int(11) unsigned DEFAULT NULL,
  PRIMARY KEY (`id`)
) ENGINE=InnoDB DEFAULT CHARSET=utf8mb4 COLLATE=utf8mb4_unicode_ci;

--
-- Dumping data for table `copymcx`
--


--
-- Table structure for table `copymlostium`
--

CREATE TABLE `copymlostium` (
  `id` int(11) unsigned NOT NULL AUTO_INCREMENT,
  `title` varchar(191) DEFAULT NULL,
  `del` tinyint(1) unsigned DEFAULT NULL,
  PRIMARY KEY (`id`)
) ENGINE=InnoDB DEFAULT CHARSET=utf8mb4 COLLATE=utf8mb4_unicode_ci;

--
-- Dumping data for table `copymlostium`
--


--
-- Table structure for table `copymrostium`
--

CREATE TABLE `copymrostium` (
  `id` int(11) unsigned NOT NULL AUTO_INCREMENT,
  `title` varchar(191) DEFAULT NULL,
  `del` tinyint(1) unsigned DEFAULT NULL,
  PRIMARY KEY (`id`)
) ENGINE=InnoDB DEFAULT CHARSET=utf8mb4 COLLATE=utf8mb4_unicode_ci;

--
-- Dumping data for table `copymrostium`
--


--
-- Table structure for table `copyplace`
--

CREATE TABLE `copyplace` (
  `id` int(11) unsigned NOT NULL AUTO_INCREMENT,
  `title` varchar(191) DEFAULT NULL,
  `del` tinyint(1) unsigned DEFAULT NULL,
  PRIMARY KEY (`id`)
) ENGINE=InnoDB DEFAULT CHARSET=utf8mb4 COLLATE=utf8mb4_unicode_ci;

--
-- Dumping data for table `copyplace`
--


--
-- Table structure for table `copyrostium`
--

CREATE TABLE `copyrostium` (
  `id` int(11) unsigned NOT NULL AUTO_INCREMENT,
  `title` varchar(191) DEFAULT NULL,
  `del` tinyint(1) unsigned DEFAULT NULL,
  PRIMARY KEY (`id`)
) ENGINE=InnoDB DEFAULT CHARSET=utf8mb4 COLLATE=utf8mb4_unicode_ci;

--
-- Dumping data for table `copyrostium`
--


--
-- Table structure for table `councilstaff`
--

CREATE TABLE `councilstaff` (
  `id` int(11) NOT NULL AUTO_INCREMENT,
  `userid` int(11) NOT NULL,
  `status` int(11) NOT NULL COMMENT '0  head  , 1  amin  ,  2  member',
  PRIMARY KEY (`id`)
) ENGINE=InnoDB DEFAULT CHARSET=latin1 COLLATE=latin1_swedish_ci;

--
-- Dumping data for table `councilstaff`
--


--
-- Table structure for table `detections`
--

CREATE TABLE `detections` (
  `id` int(11) NOT NULL AUTO_INCREMENT,
  `title` varchar(100) NOT NULL,
  `detectionval` float NOT NULL,
  `del` int(11) unsigned DEFAULT NULL,
  PRIMARY KEY (`id`)
) ENGINE=InnoDB AUTO_INCREMENT=89 DEFAULT CHARSET=utf8mb4 COLLATE=utf8mb4_unicode_ci ROW_FORMAT=COMPACT;

--
-- Dumping data for table `detections`
--

INSERT INTO `detections` VALUES
(1,'قسم 10',0,1),
(2,'عيادة 8 موجات',0,1),
(3,'قسم 9',0,1),
(4,'قسم 15',0,1),
(5,'قسم 18',0,1),
(6,'كشك الولادة',0,1),
(7,'قسم 10',0,1),
(8,'حوامل ',0,1),
(9,' قسم 10حوامل ',0,1),
(10,'ت حمل بول',30,1),
(11,'ت زلال بول',40,1),
(12,'مستعجل',150,1),
(13,'طوارئ',200,1),
(14,'قيصرى',5600,1),
(15,'قيصرى 2',5100,1),
(16,'رباعى',0,1),
(17,'كشÙ جديد',100,1),
(18,'كشÙ جديد',100,1),
(19,'كشÙ تيست',200,1),
(20,'قسم جديد 1',100,1),
(21,'قسم جديد 2',200,1),
(22,'قسم جديد 3',300,1),
(23,'',0,1),
(24,'كشÙ مؤقت',100,1),
(25,'كشÙ مؤقت',200,1),
(26,'لوب نحاسي 1',650,1),
(27,'لوب مالتي لود 2',700,1),
(28,'لوب Ùضي 3',750,1),
(29,'لوب هرمونى 4',1250,1),
(30,'محلول حديد',180,1),
(31,'تخطيط جنيني',150,1),
(32,'م عملية/بلاستر ',0,1),
(33,'منشط/ميزوتاك',0,1),
(34,'ت حمل دم',60,1),
(35,'4D مخÙض',400,1),
(36,'4D',500,1),
(37,'م تبويض حقن',150,1),
(38,'م تبويض',100,1),
(39,'م تبويض 1',100,1),
(40,'سونار مهبلي 3D',250,1),
(41,'سونار مهبلي',200,1),
(42,'إعادة',50,1),
(43,'كشÙ مخÙض',0,1),
(44,'كشÙ',150,1),
(45,'',0,1),
(46,'',0,1),
(47,'',0,1),
(48,'محلول',0,1),
(49,'اعادة',0,1),
(50,'كشÙية',50,0),
(51,'كشÙ أول',150,1),
(52,'مراجعة ',0,0),
(53,'',0,1),
(54,'',0,1),
(55,'سؤائل ',75,1),
(56,'ادوية ',0,0),
(57,'Ùحص ',0,0),
(58,'تخطيط  ',30,0),
(59,'ابرة تثبيت ',30,0),
(60,'Ùحص ',0,1),
(61,'لولب',0,0),
(62,'شريحة ',0,0),
(63,'hyCosy',0,0),
(64,'Ùحص اعضاء',200,0),
(65,'Ùحص شÙاÙية رقبة ',0,0),
(66,'Ùحص اعضاء توأم ',0,0),
(67,'fetal gyna',0,0),
(68,'papp- smear',0,0),
(69,'sliver nitrate ',0,0),
(70,'تأمين',0,0),
(71,'اعادة Ùحص اعضاء',0,0),
(72,'IUI ',0,0),
(73,'Ùحص اعضاء  triple ',0,0),
(74,'لولب هرموني',1000,0),
(75,'ازالة لولب',100,0),
(76,'ازالة شريحة ',0,0),
(77,'TWINS NT ',0,0),
(78,'Ùحص شÙاÙية رقبة توأم',0,0),
(79,'اعادة Ùحص شÙاÙية الرقبة توام',0,0),
(80,'كشÙية السموع',0,0),
(81,'ازالة لولب',0,1),
(82,'Ùيزا',0,0),
(83,'ازالة لولب',100,0),
(84,'تامين Ùحص اعضاء',0,0),
(85,'',0,1),
(86,'استÙسار',0,0),
(87,'صورة',0,0),
(88,'sonohysterography',0,0);

--
-- Table structure for table `diagnosis`
--

CREATE TABLE `diagnosis` (
  `id` int(11) unsigned NOT NULL AUTO_INCREMENT,
  `name` varchar(191) DEFAULT NULL,
  `conditions` int(11) unsigned DEFAULT NULL,
  `title` varchar(191) DEFAULT NULL,
  `del` tinyint(1) unsigned DEFAULT NULL,
  PRIMARY KEY (`id`)
) ENGINE=InnoDB AUTO_INCREMENT=41 DEFAULT CHARSET=utf8mb4 COLLATE=utf8mb4_unicode_ci ROW_FORMAT=COMPACT;

--
-- Dumping data for table `diagnosis`
--

INSERT INTO `diagnosis` VALUES
(1,NULL,NULL,'N',NULL),
(2,NULL,NULL,'PCO',NULL),
(3,NULL,NULL,'Hyper PRL',NULL),
(4,NULL,NULL,'POI',NULL),
(5,NULL,NULL,'AMA',NULL),
(6,NULL,NULL,'DOR',NULL),
(7,NULL,NULL,'PID (Hydrosalpnix)',NULL),
(8,NULL,NULL,'PID (TOC)',NULL),
(9,NULL,NULL,'tubal block (Rt)',NULL),
(10,NULL,NULL,'Tubal Block (Lt)',NULL),
(11,NULL,NULL,'suspected Endometriosis',NULL),
(12,NULL,NULL,'Endometrioma',NULL),
(13,NULL,NULL,'pelvic adhesions',NULL),
(14,NULL,NULL,'ut septum',NULL),
(15,NULL,NULL,'ut fibroid',NULL),
(16,NULL,NULL,'ut polyp',NULL),
(17,NULL,NULL,'ut synachiae',NULL),
(18,NULL,NULL,'RIF',NULL),
(19,NULL,NULL,'rec misc',NULL),
(20,NULL,NULL,'subseptate ut',NULL),
(21,NULL,NULL,'repeated implant failure',NULL),
(22,NULL,NULL,'Disconnected rt f.t',NULL),
(23,NULL,NULL,'prev failed ICSI',NULL),
(24,NULL,NULL,'corrected arcuate',NULL),
(25,NULL,NULL,'bilat',NULL),
(26,NULL,NULL,'lt tubal disconnection',NULL),
(27,NULL,NULL,' RPL',NULL),
(28,NULL,NULL,'PCOD',NULL),
(29,NULL,NULL,' ?? LT tubal proximal block',NULL),
(30,NULL,NULL,'suspected endometriosis',NULL),
(31,NULL,NULL,'classic pCOD ',NULL),
(32,NULL,NULL,'Repeated ICSI failure',NULL),
(33,NULL,NULL,'adenomyosis',NULL),
(34,NULL,NULL,'',NULL),
(35,NULL,NULL,'bil tubal disconn',NULL),
(36,NULL,NULL,'chronic PID',NULL),
(37,NULL,NULL,'Bil classic PCO',NULL),
(38,NULL,NULL,'corrected subseptate',NULL),
(39,NULL,NULL,'pit micro prolactinoma',NULL),
(40,NULL,NULL,'unexplained inf',NULL);

--
-- Table structure for table `diagnosisant`
--

CREATE TABLE `diagnosisant` (
  `id` int(11) unsigned NOT NULL AUTO_INCREMENT,
  `name` varchar(191) DEFAULT NULL,
  `conditions` int(11) unsigned DEFAULT NULL,
  PRIMARY KEY (`id`)
) ENGINE=InnoDB AUTO_INCREMENT=4 DEFAULT CHARSET=utf8mb4 COLLATE=utf8mb4_unicode_ci ROW_FORMAT=COMPACT;

--
-- Dumping data for table `diagnosisant`
--

INSERT INTO `diagnosisant` VALUES
(1,'UTI ',0),
(2,'Routine care ',0),
(3,NULL,1);

--
-- Table structure for table `drugs`
--

CREATE TABLE `drugs` (
  `id` int(11) NOT NULL AUTO_INCREMENT,
  `drugcat` varchar(255) DEFAULT NULL,
  `drugname` varchar(230) NOT NULL,
  `drugtype` varchar(100) NOT NULL,
  `drugdos` varchar(255) DEFAULT NULL,
  `initialbalance` int(11) DEFAULT 0,
  `currentbalance` int(11) DEFAULT 0,
  PRIMARY KEY (`id`)
) ENGINE=InnoDB AUTO_INCREMENT=390 DEFAULT CHARSET=utf8mb4 COLLATE=utf8mb4_unicode_ci ROW_FORMAT=COMPACT;

--
-- Dumping data for table `drugs`
--

INSERT INTO `drugs` VALUES
(1,'Early pregnancy ','Ancozine ','Tab','حبة قبل النوم وحبة صباحا',0,0),
(2,'Hormone','PremoNor  ','Tab','حبة مرتين يوميا ',0,0),
(3,'Hormone','PremoNor','Tab',' حبة مرتين يوميا  لمدة خمس ايام ',0,0),
(4,'Itching','Ursodeoxycholic acid 300 mg','Tab','حبة ثلاث مرات باليوم ',0,0),
(5,'Urinary system  ','TOVIAZ 8 mg ','Tab','حبة يوميا',0,0),
(6,'Hormone','ovaprost 400  mg ','vaginal ovule ','تحاميل مهبلية مرتين يوميا',0,0),
(7,'Hormone','Luterone 250 mg ','IM injection ','حقنة بالعضل',0,0),
(8,'antibiotics','Rizacef 400 mg','Tab','حبة يوميا لمدة سبع ايام',0,0),
(9,'Supplements','ferrifol ','Tab','حبة مرتين يوميا',0,0),
(10,'111111','pre Gently ','Tab','حبة يوميا',0,0),
(11,'Supplements','Solgar folate acid 400 mcg','tab ','حبة يوميا',0,0),
(13,'Early pregnancy','pramin 10 mg ','tab ','حبة مرتين يوميا',0,0),
(14,'Supplements','Calcichew D 3','Tab','حبة يوميا',0,0),
(15,'vagina','nystazole ','vaginal Ovule','تحاميل مهبلية يوميا لمدة 10 ايام ',0,0),
(16,'vagina','ladiz intima ','vaginal gel','غسول مهبلي للاستخدام اليومي ',0,0),
(17,'Early pregnancy','godamed 100 mg','Tab','حبة مرة واحدة يوميا ',0,0),
(18,'','rubber ','cream','دهون موضعي ثلاث مرات باليوم',0,0),
(19,'Supplements','ferromed plus ','Tab','حبة مرتين يوميا',0,0),
(20,'','varistasi plus ','gel','دهون موضعي ثلاث مرات باليوم',0,0),
(21,'','Avilac 10 cc','surp ','شراب ثلاث مرات يوميا عند اللزوم ',0,0),
(22,'antibiotics ','zinnat 500 mg ','Tab','حبة مرتين يوميا',0,0),
(23,'','nexium 40 mg ','Tab','حبة يوميا',0,0),
(24,'vagina','gynadaktazol vaginal cream ','cream ','كربم مهبلي يوميا  لمدة سبع ايام',0,0),
(25,'','mama\'s stretch mark','cream','دهون للبطن ثلاث مرات باليوم',0,0),
(26,'','lanton 30 mg ','Tab','حبة يوميا',0,0),
(27,'Early pregnancy','duphastone 10 mg ','Tab','حبة مرتين يوميا',0,0),
(28,' NSAIDS','oxidur 8 mg ','Tab',' عند اللزوم حبة مرتين يوميا',0,0),
(29,'antibiotics','vivaxin 750 mg','Tab','حبة يوميا لمدة اسبوع',0,0),
(30,'Early pregnancy','OVACLOMIN 50 mg ','Tab',' حبة مرتين يوميا لمدة خمس ايام',0,0),
(31,'rectal ','hemo max ','ointment','دهون موضعي ثلاث مرات باليوم',0,0),
(32,' NSAIDS','Ultrafen LC','Tab','حبة ثلاث مرات يوميا عند اللزوم ',0,0),
(33,'antibiotics','nitrofurantoin 100 mg ','Tab','حبة كل 6 ساعات لمدة عشر ايام',0,0),
(34,'OCPS','yasmin ','Tab','حبة يوميا',0,0),
(35,'infertility','metformin 850 mg ','Tab','حبة مرتين يوميا',0,0),
(37,' NSAIDS','paramol extra 1000 ','Capsule','حبة ثلاث مرات باليوم عند اللزوم ',0,0),
(38,'Supplements','folic acid 5 mg ','Tab','حبة يوميا',0,0),
(39,'Itching  ','exifix cream ','cream','دهون ثلاث مرات يوميا',0,0),
(40,'Supplements','valupak multivitamins ','Tab','حبة يوميا',0,0),
(41,'antibiotics','Augmentin 875 mg ','Tab','حبة مرتين يوميا',0,0),
(42,'antibiotics','cefpo 100 mg ','Tab','حبة مرتين يوميا',0,0),
(43,'antibiotics','cefpo 200 mg','Tab','حبة مرتين يوميا',0,0),
(44,'','panthederm cream ','cream ','دهون موضعي مرتين باليوم',0,0),
(45,'Early pregnancy','Bonjesta ','Tab','حبة قبل النوم وحبة صباحا',0,0),
(46,'infertility','letrozole  2.5 mg ','Tab','حبة مرتين يوميا',0,0),
(47,'infertility','pregnyl ','IM injection','حقنة بالعضل ',0,0),
(48,'infertility ','Menogon ','injection','',0,0),
(49,'','urosolit 300 mg ','Tab','حبة ثلاث مرات باليوم',0,0),
(50,'antibiotics','DENACINE 300 mg ','Tab','حبة ثلاث مرات يوميا ',0,0),
(51,'vagina','Femigiene  baking sode ','vaginal gel','غسول مهبلي قبل الجماع  ',0,0),
(52,'Early pregnancy','Paravomine ','Tab','حبة قبل النوم وحبة صباحا',0,0),
(53,'','trandate 100 mg','tab ','حبة صباحا وحبة مساء ',0,0),
(54,'vagina','povidex ','vaginal ovule','تحاميل مهبلية يوميا',0,0),
(55,'Early pregnancy','ondansetron 4 mg ','Tab','حبة صباحا وحبة مساء ',0,0),
(56,'','RESTOUX ','SYRUP ','10 cc كل ثماني ساعات ',0,0),
(57,'antibiotics','Azicare 500  mg ','tab ',' حبة يوميا لمدة ثلاث ايام ',0,0),
(58,'antibiotics','DENACINE 300 mg ','Tab','حبة مرتين يوميا لمدة اسبوعين',0,0),
(59,'Early pregnancy','prednitab 5 mg','Tab','حبة مرتين يوميا',0,0),
(60,'Early pregnancy','clexane 60 mg','injection','حقنة تحت الجلد  ',0,0),
(61,'Early pregnancy','aspirin 75 mg ','Tab','حبتين مرة وحدة يوميا ',0,0),
(62,'hRT','DHEA 50 mg ','Tab','حبة يوميا',0,0),
(63,'hRT ','Trisequens ','Tab','حبة يوميا',0,0),
(64,'male Fertility ','Reprovit ','Capsule ','حبة مرتين يوميا ',0,0),
(65,'male Fertility','SPEROMAX ','Capsule','حبة مرتين يوميا',0,0),
(66,'','fast heat ','cream','دهون موضعي ثلاث مرات باليوم',0,0),
(67,'','K-Y lubricants','gel','',0,0),
(68,'','CIPROCARE XR ','Tab','حبة مرة يوميا لمدة اسبوعين',0,0),
(69,'','Acyclovir 800 mg ','Tab','خمس مرات باليوم لمدة اسبوع ',0,0),
(70,'','calamine ','lotion','دهون موضعي ثلاث مرات باليوم',0,0),
(71,'','cytotec 200 mg ','Tab','حبتين  ثلاث مرات يوميا لمدة ثلاث ايام',0,0),
(72,'infertility','goline 0.5 mg','Tab','حبة مرة وحدة كل اسبوع لمدة (اسبوعين ) ',0,0),
(73,'','vitamin d 5000 iu ','Tab','حبة يوميا',0,0),
(74,'Prolactin ','caberline 0.5 mg','Tab','حبة واحدة اسبوعيا ',0,0),
(75,'اسهال','DIACARE 2MG ','Tab','حبة مرتين يوميا',0,0),
(76,'','anti-D 300 MG ','injection','حقنة بالعضل ',0,0),
(77,'vagina','gynadaktazol','vaginal ovule','تحاميل مهبلية يوميا',0,0),
(78,' NSAIDS','NAPROXAN 500 mg ','Tab','حبة مرتين يوميا',0,0),
(79,'antifungal ','intranox 100 mg ','Capsule','حبة مرة وحدة يوميا ',0,0),
(80,'antibiotics','cefixime-Medo 400 mg','tab','حبة يوميا لمدة عشر ايام ',0,0),
(81,'constipation ','hydralax','powder ','محلول مرة واحدة يوميا',0,0),
(82,'','onaset 8 mg ','tab ','حبة مرة واحدة يوميا',0,0),
(83,'antibiotics','ciprofloxacin 500 mg ','Tab','حبة مرتين يوميا',0,0),
(84,'anti-allergy ','cetrisam 5 mg','tab','حبة يوميا',0,0),
(85,'antifungal','flucan 150 mg','Capsule','حبة مرة واحدة ',0,0),
(86,'antibiotics','vivaxin 500 mg','Tab','حبة يوميا لمدة اسبوع',0,0),
(87,'antibiotics','macrofuran 100 mg','Capsule','حبة اربع مرات يوميا ( كل 6 ساعات ) ',0,0),
(88,'sexual ','siafil 10 mg ','tab ','حبة مرة واحدة ',0,0),
(89,'antibiotics','ogmin 500 mg ','tab','حبة ثلاث مرات باليوم',0,0),
(90,'vagina','fungitrin ','vaginal ovule','تحاميل مهبلية يوميا لمدة 3 ايام',0,0),
(91,'sexual','EVA vagil','gel ','جل للاستخدام المهبلي',0,0),
(92,'infertility','glucomet XR 750 mg ','Tab','حبة مرتين يوميا',0,0),
(93,'vagina','eva intima gel','gel ','كربم مهبلي يوميا  لمدة سبع ايام',0,0),
(94,'','mepral 20 mg ','Capsule','حبة يوميا',0,0),
(95,'SUNLIFE','Sunlife Vitamin c ','Effervescent Tab','قرص Ùوار مرة واحدة يوميا ',0,0),
(96,'antibiotics','doraceph 400 mg','Tab','حبة يوميا لمدة عشر ايام',0,0),
(97,'vagina','virgin','cream','كريم مهبلي مرتين يوميا ',0,0),
(98,'Supplements','buvidal vitamin D 50000 IU ','Tab','حبة اسبوعيا ',0,0),
(99,'constipation','hyalufil ','Rectal suppositories ','تحاميل شرجية يوميا',0,0),
(100,'anti-allergy','lorias 5 mg ','tab','حبة يوميا قبل النوم ',0,0),
(101,'breast ','mama\'s cracked nipple mark','ointment','دهون للحلمة ثلاث مرات يوميا ',0,0),
(102,'anti-allergy','dermagesic ','lotion','غسول للجلد عند اللزوم ',0,0),
(103,'vagina','mycoten-HC ','cream','دهون موضعي ثلاث مرات باليوم',0,0),
(104,'anti-allergy','pantheDerm','cream','دهون للجلد مرتين يوميا ',0,0),
(105,'vagina','eva intima ','vaginal ovule','تحاميل مهبلية يوميا  لمدة 10 ايام',0,0),
(106,'antibiotics','zinaxim 500 mg ','tab',' حبة مرتين يوميا  لمدة خمس ايام',0,0),
(107,'','trufen 400 mg ','Tab','حبة ثلاث مرات يوميا عند اللزوم',0,0),
(108,'antibiotics','zitrocin 500 mg ','Capsule','حبة يوميا',0,0),
(109,'antibiotics','zitrocin 250 mg','Capsule','حبة يوميا',0,0),
(110,'اسهال','scobutyl- co ','Tab','حبة مرتين يوميا',0,0),
(111,'','hexakapron 500 mg ','Tab','حبة مرتين ,ثلاث مرات ، لمدة خمس ايام ',0,0),
(112,'Urinary system','MONUROL 3 GR ','sachet ',' محلول مرة واحدة  قبل النوم على مثانة Ùارغة',0,0),
(113,'Supplements','combical ','Capsule','حبة يوميا',0,0),
(114,'OCPS','cerazette','Tab','حبة يوميا',0,0),
(115,'','Utised  ','Tab','حبتين مرة واحدة Ùقط ',0,0),
(116,'','avalon care elasticity ','cream ','دهون موضعي ثلاث مرات باليوم',0,0),
(117,'jamieson','folic +plus','Tab','حبة يوميا',0,0),
(118,'','Valupak  Vitamin D 1000 IU  ','Tab',' حبة يوميا مع وجبة الغداء ',0,0),
(119,'Early pregnancy','ondansetron 8 mg ','Tab','حبة صباحا وحبة مساء ',0,0),
(120,'','zimical ','Effervescent Tab','حبة يوميا',0,0),
(121,'','biosolve 600','Tab','حبة يوميا',0,0),
(122,'Early pregnancy','Utrogestan 200mg ','Tab','حبة صباحا وحبة مساء',0,0),
(123,'','metronidazole 500 mg ','Tab','حبة ثلاث مرات باليوم',0,0),
(124,'','Eva Intima Actisperm','vaginal gel','جل مهبلي قبل الجماع',0,0),
(125,'constipation','easy clean','Capsule','حبة مرتين يوميا',0,0),
(126,'Supplements','valupak Folic acid ','Tab','حبة يوميا',0,0),
(127,'PMS ','GUNA PMS ','drops ','20 نقطة مرتين يوميا ',0,0),
(128,'','EFFERAMOL 500 mg ','Effervescent Tab','قرصين  Ùوار مرتين  يوميا',0,0),
(129,'','omeprazole','Tab','حبة يوميا',0,0),
(130,'antibiotics','Doraceph 400 mg ','Tab','حبة يوميا لمدة عشر ايام',0,0),
(131,'vagina','guna Natur 1 ','vaginal ovule','تحاميل مهبلية مرتين يوميا لمدة اسبوع',0,0),
(132,'sexual','Eva Vagil ','gel','دهون موضعي قبل الجماع ',0,0),
(133,'viral ','acyclovir 400 mg ','Tab','حبة ثلاث مرات باليوم',0,0),
(134,'','medrol 4 mg','Tab','حبة مرتين يوميا',0,0),
(135,'','zovan ','Tab','حبة مرتين يوميا',0,0),
(136,'','eva lactic ovules ','vaginal ovule','كربم مهبلي يوميا  لمدة سبع ايام',0,0),
(137,'','Indomethacin 100 mg ','suppository','تحاميل شرجية مرة  يوميا ',0,0),
(138,'','Eva Restore ','vaginal ovule','تحاميل مهبلية مرتين  يوميا ',0,0),
(139,'','new fe folic ','Tab','حبة مرتين يوميا',0,0),
(140,'','Muzil ','SYRUP','10 cc كل ثماني ساعات',0,0),
(141,'','tinogyn ','Tab','حبتبن مرتين باليوم ',0,0),
(142,'','Jamieson Combical ','caplet','حبة يوميا',0,0),
(143,'111111','fero-Soft ','Tab','حبة مرتين يوميا',0,0),
(144,'','NewGel+','cream','دهون موضعي مرتين باليوم',0,0),
(145,'','avalon pharma nipple ','cream','دهون موضعي ثلاث مرات باليوم',0,0),
(146,'','proctogel','cream','دهون موضعي ثلاث مرات باليوم',0,0),
(147,'','restoux nac ','Effervescent Tab','قرصين  Ùوار مرتين  يوميا',0,0),
(148,'','siran','Effervescent Tab','قرص Ùوار مرتبن يوميا',0,0),
(150,'butey ','waiting dermacol face wash','face wash','غسول للوجه ',0,0),
(151,'','waiting dermacol cream','','كريم للوجه ',0,0),
(152,'','ella one 30 mg ','Tab','حبة مرة واحدة ',0,0),
(153,'','oMEGA 3 ','Tab','حبة يوميا',0,0),
(154,'jamiesion','VitaRite ','Capsule','حبة يوميا',0,0),
(155,'Early pregnancy','Jamieson Vitamin D3','Tab','حبه تحت اللسان يوميا ',0,0),
(156,'SSSI ','PROZAC 10 Mg ','Tab','حبة يوميا',0,0),
(157,'','Solgar Calcium Magnesium Plus Zinc','Tab','حبة يوميا',0,0),
(158,'','DECOMB ','cream','كريم مهبلي مرتين يوميا',0,0),
(159,'','optalgin 500 mg ','Tab','حبة ثلاث مرات باليوم عند اللزوم',0,0),
(160,'','Telefast 120 mg ','Tab','حبة يوميا',0,0),
(161,'','Erythromycin 250 mg ','Tab','حبة كل 6 ساعات لمدة عشر ايام',0,0),
(162,'Supplements','VITAMIX ','Tab','حبة يوميا',0,0),
(163,'','vagilact ntc ','vaginal tab ','تحاميل مهبلية مرتين يوميا',0,0),
(164,'','Nagyn ','vaginal capsule ','تحاميل مهبلية مرة يوميا لمدة عشر ايام',0,0),
(165,'','VESICARE 5MG ','Tab','حبة يوميا',0,0),
(166,'','PROSPAN ','surp','10 cc كل ثماني ساعات',0,0),
(167,'Early pregnancy','ginitron','Tab','حبة يوميا',0,0),
(168,'flu drug ','Marimer Cold hypertonic','spray ','بخاخ للانÙ عند اللزوم ',0,0),
(169,'multivitamins ','additiva ','Tab','حبة يوميا',0,0),
(170,'constipation','laxanorm','powder','محلول 17 سس مرتين يوميا',0,0),
(171,'','procto max ','cream','دهون موضعي مرتين باليوم',0,0),
(172,'','dexilant 30 mg','Tab','حبة يوميا',0,0),
(173,'antibiotics','zitrocine 250 ','Capsule','حبتين مرة واحدة ثم حبة يوميا لمدة خمس ايام',0,0),
(174,'','HYDROXOCOBALAMIN B 12 ','Tab','حبة مرتين يوميا',0,0),
(175,'','bio-flora ','Tab','حبة مرتين يوميا',0,0),
(176,'','Angiflash® sore throat ','Spray','بخاخ للحلق عند اللزوم',0,0),
(177,'','guna flu','','',0,0),
(178,'Hormone','YAZ PLUS ','Tab','حبة يوميا',0,0),
(179,'','Valupak B complex ','Tab','حبة يوميا',0,0),
(180,'constipation','hexbio','sachet','محلول مرة واحدة يوميا',0,0),
(181,'','Levothyroxine ','50 mg ','حبة يوميا',0,0),
(182,'','Levothyroxine 50 mg ','Tab','حبة يوميا',0,0),
(183,'','guna bowel ','drops','20 نقطة مرتين يوميا',0,0),
(184,'','Propranolol 5 mg ','Tab','حبة يوميا',0,0),
(185,'','ESRACAIN ','gel','',0,0),
(186,'','Salivit MG ','sachet','محلول مرة واحدة',0,0),
(187,'','cobra ','Tab','حبة يوميا',0,0),
(188,'','Medihist ','cream','دهون موضعي ثلاث مرات باليوم',0,0),
(189,'','FosfoClean','sachet','محلول مرة واحدة',0,0),
(190,'','NIFEDILONG 30 MG','Tab','حبة يوميا',0,0),
(191,'','paloleaf  premium olive leaf extract','Tab','حبة مرتين يوميا',0,0),
(192,'','SUNLIFE Multivitamin and Mineral','Effervescent Tab','قرص Ùوار مره يوميا',0,0),
(193,'','wartarin ','gel','',0,0),
(194,'','co enzyme Q 10','Tab','حبة يوميا',0,0),
(195,'','Combical','Tab','حبة يوميا',0,0),
(196,'','sunlife Active For Work ','Effervescent Tab','قرص Ùوار مره يوميا',0,0),
(197,'','guna fem','drops','20 نقطة مرتين يوميا',0,0),
(198,'','Valupak Omega-3 Fish Oil 1000mg','Capsules ','حبة يوميا',0,0),
(199,'','kenaroid','cream','دهون شرجي ثلاث مرات باليوم ',0,0),
(200,'','Lidocaine 5%','Ointment ','',0,0),
(201,'','doxycycline 100 mg ','Tab','حبة مرتين يوميا',0,0),
(202,'','Jamieson iron plus','Tab','حبة مرتين يوميا',0,0),
(203,'','perskindol','','دهون موضعي ثلاث مرات باليوم',0,0),
(204,'','emuheal','cream','دهون موضعي ثلاث مرات باليوم',0,0),
(205,'skin','rootCare','cream','دهون موضعي ثلاث مرات باليوم',0,0),
(206,'','emuFlex','cream','دهون موضعي ثلاث مرات باليوم',0,0),
(207,'','Gaviscon','surp','شراب ثلاث مرات يوميا عند اللزوم',0,0),
(208,'','Urinberry','Tab','حبة مرتين يوميا',0,0),
(209,'','gentIron complex','Tab','حبة مرتين يوميا',0,0),
(210,'','mega CoQ10','Capsule','حبة يوميا',0,0),
(211,'','dermacol intimate wash emulsion','cream','غسول مهبلي للاستخدام اليومي',0,0),
(212,'','FOSTIMON 75 IU  ','IM injection','حقنة بالعضل',0,0),
(213,'','qseed','tab','حبة يوميا',0,0),
(214,'','OTODEX EAR DROPS 5 ML','','',0,0),
(215,'','mycoten ','cream','دهون موضعي ثلاث مرات باليوم',0,0),
(216,'','clexane 40 mg',' injection','حقنة تحت الجلد  ',0,0),
(217,'','Tevacutan ','cream','دهون موضعي ثلاث مرات باليوم',0,0),
(218,'','DAVITON ','Tab','حبة مرتين يوميا',0,0),
(219,'','AZIRO TAB 500','Tab','حبة يوميا',0,0),
(220,'','Sunlife Magnesium','Effervescent Tab','قرص Ùوار مرة واحدة يوميا',0,0),
(221,'','Sunlife Zinc + Vitamin C+ Vitamin E','Effervescent Tab','قرص Ùوار مره يوميا',0,0),
(222,'','Sunlife Calcium+ Vitamin D3','Effervescent Tab','قرص Ùوار مره يوميا',0,0),
(223,'','Balen Calcium Magnesium And Zinc','Capsule','حبة مرتين يوميا',0,0),
(224,'','DICLOFEN 100MG','suppository','تحاميل  شرجية يوميا',0,0),
(225,'','propyl-thiocil 30 mg ','tab','حبة يوميا',0,0),
(226,'','contoloc 20 mg','Tab','حبة يوميا',0,0),
(227,'','contoloc 40 mg','Tab','حبة يوميا',0,0),
(228,'','PROVERA 5 mg','Tab','حبة مرتين يوميا',0,0),
(229,'','sidi-Zone','cream','دهون ثلاث مرات يوميا',0,0),
(230,'','Dostinex 0.5 mg','Tab','حبة واحدة اسبوعيا',0,0),
(231,'','cartia 100 mg ','tab','حبة يوميا',0,0),
(232,'skin','xerodiane ap+','cream','دهون للجلد مرتين يوميا',0,0),
(233,'skin','CLOSOL ','cream','دهون للجلد مرتين يوميا',0,0),
(234,'','b 12 herbacare ','Tab','حبة يوميا',0,0),
(235,'','cal-V-Dal 40 IU','100 tablet','حبة يوميا',0,0),
(236,'','guna cell multivitamin','drops','20 نقطة مرتين يوميا',0,0),
(237,'111111','SupHerb Vitamins C + D & Zinc','Tab','حبة يوميا',0,0),
(238,'infertility','supherb sphere','Tab','حبة مرتين يوميا',0,0),
(239,'','pantover 40 mg','tab','حبة يوميا',0,0),
(240,'','Calmefen ','Tab','حبة يوميا',0,0),
(241,'','Sulprim fort 10tab.','Tab','حبة مرتين يوميا',0,0),
(242,'','dermacol love my body','cream','دهون ثلاث مرات يوميا',0,0),
(243,'SSRI','remotiv ','Tab','حبة مرتين يوميا',0,0),
(244,'','tamoxifen ','Tab',' حبة مرتين يوميا  لمدة خمس ايام',0,0),
(245,'','fe-tri-Sol','Tab','حبة مرتين يوميا',0,0),
(246,'','celine ','Tab','حبة مرتين يوميا',0,0),
(247,'','adcef 300mg','Capsule','حبة مرتين يوميا',0,0),
(248,'','nutricare 400 mg ','Tab','حبة يوميا',0,0),
(249,'','Betahistine  ','Tab','حبة مرتين يوميا',0,0),
(250,'','GazLeve ','Tab','حبة ثلاث مرات باليوم',0,0),
(251,'','vi-Cal ','Effervescent Tab','قرص Ùوار مره يوميا',0,0),
(252,'','actiTab RAPID +','Tab','حبة قبل  الاكل ',0,0),
(253,'','MEBERINE ','Tab','حبة ثلاث مرات باليوم',0,0),
(254,'antibiotics','spectracef 200','Tab','حبة مرتين يوميا',0,0),
(255,'','estradiol 1 mg ','Tab','حبة يوميا',0,0),
(256,'','Inflicta 10 mg ','Tab','حبة يوميا',0,0),
(257,'','guna male','drops','20 نقطة مرتين يوميا',0,0),
(258,'','choriomon 5000 iu',' injection',' حقنة تحت الجلد ',0,0),
(261,'','Magnetrex ','Tab','حبة يوميا قبل النوم',0,0),
(262,'','CLINDEX® ','VAGINAL CREAM','كريم مهبلي  يوميا',0,0),
(263,'','borix 600','vaginal ovule','تحاميل مهبلية يوميا',0,0),
(264,'','GUNA-FLAM','drops','20 نقطة مرتين يوميا',0,0),
(265,'','ibumole 200','Tab','حبة ثلاث مرات يوميا عند اللزوم',0,0),
(266,'male Fertility','Movex(Bromhexine)','Tab','حبة ثلاث مرات باليوم',0,0),
(267,'','axivo ','nasal Spray','بخاخ للانÙ مرتين يوميا ',0,0),
(268,'','MEGACARE FORTE ','Capsule','1X4 ',0,0),
(269,'','vitafolin','Tab','حبة يوميا',0,0),
(270,'','lidomax ','spray','',0,0),
(271,'','Talista 5 mg ','Tab','',0,0),
(272,'infertility','Ovidrel 250 mg ','injection','حقنة تحت الجلد  ',0,0),
(273,'','glycerin ','Rectal suppositories','تحاميل  شرجية يوميا',0,0),
(274,'','Iron Soft ','Tab','حبة يوميا',0,0),
(275,'','Canesten V','vaginal tab','تحاميل مهبلية  يوميا',0,0),
(276,'','DECORT 0.5MG','Tab','حبة يوميا',0,0),
(277,'','bio-3D','Tab','حبة يوميا',0,0),
(278,'','fortuss ','SYRUP','10 cc كل ثماني ساعات',0,0),
(279,'','rennie ','Tab','قرص قبل الوجبة',0,0),
(280,'','lichensed tosse','surp','5 سم كل ثماني ساعات ',0,0),
(281,'','conceive plus','vaginal gel','جل مهبلي قبل الجماع',0,0),
(282,'','revilax 5 mg ','Tab','حبة يوميا',0,0),
(283,'','PROGEST','Tab','حبة مرتين يوميا',0,0),
(284,'','gel arnica montana * 50','gel','دهون موضعي مرتين باليوم',0,0),
(285,'','zinex 500 mg','Tab',' حبة مرتين يوميا  لمدة خمس ايام',0,0),
(286,'','Miconazole 150 mg ','Tab','حبة مرة واحدة',0,0),
(287,'antifungal','monozole 150 mg ','Tab','حبة مرة واحدة',0,0),
(288,'infertility','goline 0.5 mg','Tab','نص حبة كل ثلاث ايام ',0,0),
(289,'','mucocare','Tab','حبة مرتين يوميا',0,0),
(290,'','BIORELA Prenantal ','bar','حبة يوميا',0,0),
(291,'','vitis','gel','دهون مرتين يوميا',0,0),
(292,'','candidax','vaginal Cream ','كريم مهبلي مرتين يوميا',0,0),
(293,'','candidax','vaginal wash ','غسول مهبلي للاستخدام اليومي',0,0),
(294,'','Veno-Kashtan ','cream','دهون موضعي مرتين باليوم',0,0),
(295,'','mass Vita First ','Tab','حبة يوميا',0,0),
(296,'','desteron 50 mg ','Tab','حبة يوميا',0,0),
(297,'','palmers stretch marks','cream','دهون للجلد مرتين يوميا',0,0),
(298,'','balgesic ','Tab','حبة صباحا وحبة مساء',0,0),
(299,'','vitamix ellevita ','tablet','حبة يوميا',0,0),
(300,'','vitamix ellevita ','tablet','حبة يوميا',0,0),
(301,'','ASPIRIN CARDIO 100 mg','Tab','حبة يوميا',0,0),
(302,'','ASPIRIN CARDIO 100 mg','Tab','حبة يوميا',0,0),
(303,'','montelukast 10 mg','Tab','حبة يوميا',0,0),
(304,'','Ovitrelle 250',' injection','ابره تحت الجلد',0,0),
(305,'','DOXAL 100 mg ','Tab','حبة مرتين يوميا',0,0),
(306,'','femsol','Tab','حبة مرتين يوميا',0,0),
(307,'','MinaVit','Capsule','حبة يوميا',0,0),
(308,'','MinaVit','Capsule','حبة يوميا',0,0),
(309,'','GUNA-DERMO','drops','عشرين نقطة بكاس ماء صباحا ومساء',0,0),
(310,'','guna melatonin','drops','40 نقطة قبل النوم ',0,0),
(311,'','chocolate calcium chews ','chew','حبة يوميا',0,0),
(312,'','PASCOE VITAMIN B12 Depot Inj. 1500 µg','Ampoules','حقنة بالعضل',0,0),
(313,'','demosom','Capsule','حبة يوميا',0,0),
(314,'','betmiga 50 mg ','Tab','حبة يوميا',0,0),
(315,'','karma super mag','Capsule','حبة يوميا',0,0),
(316,'','karma apple cider vinegar ','tablet','حبة يوميا',0,0),
(317,'','Decovagin','vaginal ovule',' تحاميل مهبلية يوميا لمدة 5 ايام ',0,0),
(318,'','BeeDerma 800+','gel','دهون ثلاث مرات يوميا',0,0),
(319,'OCPS','MICROGYNON ','tab','حبة يوميا',0,0),
(320,'','Agisten® V ','vaginal Tablet ','تحاميل مهبلية يوميا لمدة 3 ايام',0,0),
(321,'','Cimidona ','Tab','حبة يوميا',0,0),
(322,'','VitaFarm Iron','Capsule','حبة مرتين يوميا',0,0),
(332,'','vitafarm prenatal','tab','حبة يوميا ',0,0),
(339,'','trufen exta ','Tab','حبة مرتين يوميا',0,0),
(340,'','lynae beegin ','Tab','حبة مرتين يوميا',0,0),
(341,'','nociceptol','gel','دهون موضعي مرتين باليوم',0,0),
(342,'','Isomar Nose Decongestant ','spray','بخاخ للانÙ عند اللزوم',0,0),
(344,'','carboflor ','Capsule','كبسوليتين مع بعض مرتين يوميا ',0,0),
(345,'vit D ','calciGreen','tab','حبتين يوميا ',0,0),
(346,'vit B ','B- Card ','tab ','حبة يوميا',0,0),
(347,'','propolAC','spray','بخاخ للحلق ثلاث مرات يوميا',0,0),
(348,'','FUSYLIN-H','cream','دهون مرتين يوميا',0,0),
(349,'','spironolactone 100 mg ','Tab','حبة يوميا',0,0),
(350,'','fexodin 180 mg','Tab','حبة يوميا',0,0),
(351,'','cofspan','surp','10 cc كل ثماني ساعات',0,0),
(352,'','extra - B ','soft capsules ','حبة يوميا',0,0),
(353,'','anigon','vaginal Tablet','تحاميل مهبلية مرتين يوميا',0,0),
(354,'','denacine','vaginal ovule','تحاميل مهبلية يوميا ',0,0),
(355,'','lorax 10mg','Tab','حبة يوميا',0,0),
(356,'','marial 10','Capsule','حبة يوميا',0,0),
(357,'','zydex-B','cream','كريم   مرتين يوميا',0,0),
(358,'Early pregnancy','Utrogestan 100 mg ','Tab','حبة صباحا وحبة مساء',0,0),
(359,'','guna mood','drops','20 نقطة مرتين يوميا',0,0),
(360,'','ZALDIAR','Tab','حبة مرتين يوميا',0,0),
(361,'','Valupak Evening Primrose Oil 500mg  ','Tab','حبة يوميا',0,0),
(362,'','Flatex 250 extra','soft capsules','حبة مرتين يوميا',0,0),
(363,'','DIANE-35','Tab','حبة يوميا',0,0),
(364,'','Bepanthene','ointment','كريم ',0,0),
(365,'','Mama','Tab','حبة يوميا',0,0),
(366,'','SPIRI-SOFT','Tab','حبة مرتين يوميا',0,0),
(367,'','SpiritFemaVit ','Tab',' حبة يوميا بعد الغداء ',0,0),
(368,'','CANDISTAN ORAL DROPS','drops','',0,0),
(369,'','mater vitalis Magnesium','chewable tablet','قرص واحد يوميا للمضغ',0,0),
(370,'','proctanol ','Rectal suppositories','تحاميل شرجية مرة  يوميا',0,0),
(371,'','Viton plus ','Capsule','حبة يوميا',0,0),
(372,'male Fertility','rheunac 200 mg ','Effervescent Tab','قرصين  Ùوار 3 مرات  يوميا',0,0),
(373,'','ezomax 40 mg ','Capsule','حبة يوميا',0,0),
(374,'','PURLEX 10 mg','Tab','حبة يوميا',0,0),
(375,'ameer skin ','cicadiane ','cream','دهون موضعي مرتين باليوم',0,0),
(376,'','solgar NHS  ','Tab','حبة يوميا',0,0),
(377,'','Mamas Intimate Wash Gel',' ','غسول مهبلي للاستخدام اليومي',0,0),
(378,'','muscol ','Tab','حبة يوميا قبل النوم',0,0),
(379,'','TORICOX 120MG','Tab','حبة يوميا',0,0),
(380,'','candidep ','vaginal ovule','تحاميل مهبلية يوميا',0,0),
(381,'','panthophil gold ','hair spray ','',0,0),
(382,'','neurovit ','tab','حبة يوميا',0,0),
(383,'','trufen relax','Tab','حبة مرتين يوميا',0,0),
(384,'','mass vita calcium plus ','Effervescent Tab','قرص Ùوار مرة واحدة يوميا',0,0),
(385,'','ACTIVE PRO ','tablet','حبة ثلاث مرات باليوم',0,0),
(386,'','ost-cal','chewable tablet','قرص واحد يوميا للمضغ',0,0),
(387,'','balen Vit C and zinc','Effervescent Tab','قرص Ùوار مره يوميا',0,0),
(388,'','calmex','ointment','كريم   مرتين يوميا',0,0),
(389,'','Menopur 75 Iu','injection','حقنة تحت الجلد',0,0);

--
